{"id":33,"date":"2020-01-09T12:42:06","date_gmt":"2020-01-09T11:42:06","guid":{"rendered":"http:\/\/blogsaverroes.juntadeandalucia.es\/pre\/nuevoceip2v2\/?page_id=33"},"modified":"2024-02-23T09:27:56","modified_gmt":"2024-02-23T08:27:56","slug":"aula-matinal","status":"publish","type":"page","link":"https:\/\/blogsaverroes.juntadeandalucia.es\/blog-el-prior\/aula-matinal\/","title":{"rendered":"Aula matinal"},"content":{"rendered":"<p style=\"text-align: center\">Desde el centro se ofrece a todo el alumnado este servicio con el objetivo de ayudar a las familias cuyo horario laboral coincide con el de su hijo\/a, quedando bajo la supervisi\u00f3n de monitores y monitoras especializadas que complementan la labor educativa antes de la jornada escolar.<\/p>\n<p style=\"text-align: center\">La solicitud del servicio se puede hacer durante todo el curso escolar aunque se deben de cumplir los requisitos para optar a \u00e9l. El formulario est\u00e1 en la pesta\u00f1a de impresos de este blog.<\/p>\n<p style=\"text-align: center\">Desde hace poco tiempo la empresa adjudicataria de prestar el servicio de Aula Matinal es EULEN y ha creado una APP para gestionar el servicio, toda la informaci\u00f3n respecto a ella est\u00e1 en el siguiente enlace <a href=\"https:\/\/drive.google.com\/file\/d\/1cS_IVZK5yN1Z6_P-ueBejIEWaakVH_zJ\/view?usp=sharing\">(aqu\u00ed)<\/a><\/p>\n<p>&nbsp;<\/p>\n","protected":false},"excerpt":{"rendered":"<p>Desde el centro se ofrece a todo el alumnado este servicio con el objetivo de ayudar a las familias cuyo horario laboral coincide con el de su hijo\/a, quedando bajo la supervisi\u00f3n de monitores y monitoras especializadas que complementan la labor educativa antes de la jornada escolar. La solicitud del servicio se puede hacer durante [&hellip;]<\/p>\n","protected":false},"author":13617,"featured_media":0,"parent":0,"menu_order":0,"comment_status":"closed","ping_status":"closed","template":"","meta":{"_et_pb_use_builder":"off","_et_pb_old_content":"","_et_gb_content_width":"","footnotes":""},"aioseo_notices":[],"_links":{"self":[{"href":"https:\/\/blogsaverroes.juntadeandalucia.es\/blog-el-prior\/wp-json\/wp\/v2\/pages\/33"}],"collection":[{"href":"https:\/\/blogsaverroes.juntadeandalucia.es\/blog-el-prior\/wp-json\/wp\/v2\/pages"}],"about":[{"href":"https:\/\/blogsaverroes.juntadeandalucia.es\/blog-el-prior\/wp-json\/wp\/v2\/types\/page"}],"author":[{"embeddable":true,"href":"https:\/\/blogsaverroes.juntadeandalucia.es\/blog-el-prior\/wp-json\/wp\/v2\/users\/13617"}],"replies":[{"embeddable":true,"href":"https:\/\/blogsaverroes.juntadeandalucia.es\/blog-el-prior\/wp-json\/wp\/v2\/comments?post=33"}],"version-history":[{"count":6,"href":"https:\/\/blogsaverroes.juntadeandalucia.es\/blog-el-prior\/wp-json\/wp\/v2\/pages\/33\/revisions"}],"predecessor-version":[{"id":4699,"href":"https:\/\/blogsaverroes.juntadeandalucia.es\/blog-el-prior\/wp-json\/wp\/v2\/pages\/33\/revisions\/4699"}],"wp:attachment":[{"href":"https:\/\/blogsaverroes.juntadeandalucia.es\/blog-el-prior\/wp-json\/wp\/v2\/media?parent=33"}],"curies":[{"name":"wp","href":"https:\/\/api.w.org\/{rel}","templated":true}]}}

<p style="text-align: center">Desde el centro se ofrece a todo el alumnado este servicio con el objetivo de ayudar a las familias cuyo horario laboral coincide con el de su hijo/a, quedando bajo la supervisión de monitores y monitoras especializadas que complementan la labor educativa antes de la jornada escolar.</p>
<p style="text-align: center">La solicitud del servicio se puede hacer durante todo el curso escolar aunque se deben de cumplir los requisitos para optar a él. El formulario está en la pestaña de impresos de este blog.</p>
<p style="text-align: center">Desde hace poco tiempo la empresa adjudicataria de prestar el servicio de Aula Matinal es EULEN y ha creado una APP para gestionar el servicio, toda la información respecto a ella está en el siguiente enlace <a href="https://drive.google.com/file/d/1cS_IVZK5yN1Z6_P-ueBejIEWaakVH_zJ/view?usp=sharing">(aquí)</a></p>
<p>&nbsp;</p>

<p>Desde el centro se ofrece a todo el alumnado este servicio con el objetivo de ayudar a las familias cuyo horario laboral coincide con el de su hijo/a, quedando bajo la supervisión de monitores y monitoras especializadas que complementan la labor educativa antes de la jornada escolar. La solicitud del servicio se puede hacer durante [&hellip;]</p>
