{"id":41,"date":"2020-01-09T12:45:03","date_gmt":"2020-01-09T11:45:03","guid":{"rendered":"http:\/\/blogsaverroes.juntadeandalucia.es\/pre\/nuevoceip2v2\/?page_id=41"},"modified":"2022-10-02T12:15:06","modified_gmt":"2022-10-02T11:15:06","slug":"el-centro","status":"publish","type":"page","link":"https:\/\/blogsaverroes.juntadeandalucia.es\/blog-el-prior\/el-centro\/","title":{"rendered":"El centro"},"content":{"rendered":"<p style=\"text-align: center\">Nuestro C.E.I.P. se llama Isabel Rodr\u00edguez Navarro, pero es m\u00e1s conocido en la localidad como \u201cel Prior\u201d, debido a una hacienda con el mismo nombre donde ahora se ubica el centro.<\/p>\n<p style=\"text-align: center\">Nuestro centro se encuentra en una zona de importante expansi\u00f3n demogr\u00e1fica y est\u00e1 rodeado de casas unifamiliares de reciente construcci\u00f3n que est\u00e1n comenzando a habitarse. Se trata de un barrio dormitorio conocido como \u201cHacienda El Prior\u201d; situado en las afueras del pueblo y pr\u00f3ximo a la nueva circunvalaci\u00f3n que une esta localidad con las urbanizaciones colindantes como son Torrepalma, Santa Genoveva y San Rafael en la carretera de Torreblanca; y La Azucena, San Blas, El Torre\u00f3n y las Encinas en la N-398. Pr\u00f3ximas al centro est\u00e1n las urbanizaciones de San Fernando y Nuestra Se\u00f1ora de la Salud que nos unen al pueblo as\u00ed como el nuevo barrio conocido como el Territorio.<\/p>\n<p style=\"text-align: center\">El centro est\u00e1 en funcionamiento desde el curso 2011-2012; durante el cual&nbsp; las 4 unidades que lo formaban, estaban repartidas en dos centros p\u00fablicos diferentes (3 en CEIP Juan Caraballo Manfredi y 1 unidad en CEIP San Bartolom\u00e9).&nbsp; Y&nbsp; fue al comienzo del curso escolar 2012-2013 cuando nos establecimos en lo que es hoy nuestro centro.<\/p>\n<p style=\"text-align: center\">Desde el curso escolar 2012\/13, se ha ocupado el edificio de infantil, y a medida que el centro iba creciendo, se han tenido que ir habilitando dependencias del mismo para ubicar a las nuevas clases de alumnos\/as, ya que s\u00f3lo hab\u00eda 6 aulas de infantil. Se fue ocupando la sala de profesores y se han ido colocando hasta 3 m\u00f3dulos de aulas prefabricadas con dos aulas cada una en zonas del patio para ubicar a nuestro alumnado hasta el curso 2016\/17.<\/p>\n<p style=\"text-align: center\">Es a principio de este curso 2017\/18, exactamente el 10 de septiembre cuando se hace una ocupaci\u00f3n parcial del edificio, para poder recibir al alumnado de este centro.&nbsp; Desde entonces el centro est\u00e1 completo y existen dos edificios anexos entre s\u00ed. Uno para Educaci\u00f3n Infantil, que era el que hab\u00eda en un principio, y otro para Educaci\u00f3n Primaria.<\/p>\n","protected":false},"excerpt":{"rendered":"<p>Nuestro C.E.I.P. se llama Isabel Rodr\u00edguez Navarro, pero es m\u00e1s conocido en la localidad como \u201cel Prior\u201d, debido a una hacienda con el mismo nombre donde ahora se ubica el centro. Nuestro centro se encuentra en una zona de importante expansi\u00f3n demogr\u00e1fica y est\u00e1 rodeado de casas unifamiliares de reciente construcci\u00f3n que est\u00e1n comenzando a [&hellip;]<\/p>\n","protected":false},"author":13617,"featured_media":0,"parent":0,"menu_order":0,"comment_status":"closed","ping_status":"closed","template":"","meta":{"_et_pb_use_builder":"off","_et_pb_old_content":"","_et_gb_content_width":"","footnotes":""},"aioseo_notices":[],"_links":{"self":[{"href":"https:\/\/blogsaverroes.juntadeandalucia.es\/blog-el-prior\/wp-json\/wp\/v2\/pages\/41"}],"collection":[{"href":"https:\/\/blogsaverroes.juntadeandalucia.es\/blog-el-prior\/wp-json\/wp\/v2\/pages"}],"about":[{"href":"https:\/\/blogsaverroes.juntadeandalucia.es\/blog-el-prior\/wp-json\/wp\/v2\/types\/page"}],"author":[{"embeddable":true,"href":"https:\/\/blogsaverroes.juntadeandalucia.es\/blog-el-prior\/wp-json\/wp\/v2\/users\/13617"}],"replies":[{"embeddable":true,"href":"https:\/\/blogsaverroes.juntadeandalucia.es\/blog-el-prior\/wp-json\/wp\/v2\/comments?post=41"}],"version-history":[{"count":10,"href":"https:\/\/blogsaverroes.juntadeandalucia.es\/blog-el-prior\/wp-json\/wp\/v2\/pages\/41\/revisions"}],"predecessor-version":[{"id":682,"href":"https:\/\/blogsaverroes.juntadeandalucia.es\/blog-el-prior\/wp-json\/wp\/v2\/pages\/41\/revisions\/682"}],"wp:attachment":[{"href":"https:\/\/blogsaverroes.juntadeandalucia.es\/blog-el-prior\/wp-json\/wp\/v2\/media?parent=41"}],"curies":[{"name":"wp","href":"https:\/\/api.w.org\/{rel}","templated":true}]}}

<p style="text-align: center">Nuestro C.E.I.P. se llama Isabel Rodríguez Navarro, pero es más conocido en la localidad como “el Prior”, debido a una hacienda con el mismo nombre donde ahora se ubica el centro.</p>
<p style="text-align: center">Nuestro centro se encuentra en una zona de importante expansión demográfica y está rodeado de casas unifamiliares de reciente construcción que están comenzando a habitarse. Se trata de un barrio dormitorio conocido como “Hacienda El Prior”; situado en las afueras del pueblo y próximo a la nueva circunvalación que une esta localidad con las urbanizaciones colindantes como son Torrepalma, Santa Genoveva y San Rafael en la carretera de Torreblanca; y La Azucena, San Blas, El Torreón y las Encinas en la N-398. Próximas al centro están las urbanizaciones de San Fernando y Nuestra Señora de la Salud que nos unen al pueblo así como el nuevo barrio conocido como el Territorio.</p>
<p style="text-align: center">El centro está en funcionamiento desde el curso 2011-2012; durante el cual&nbsp; las 4 unidades que lo formaban, estaban repartidas en dos centros públicos diferentes (3 en CEIP Juan Caraballo Manfredi y 1 unidad en CEIP San Bartolomé).&nbsp; Y&nbsp; fue al comienzo del curso escolar 2012-2013 cuando nos establecimos en lo que es hoy nuestro centro.</p>
<p style="text-align: center">Desde el curso escolar 2012/13, se ha ocupado el edificio de infantil, y a medida que el centro iba creciendo, se han tenido que ir habilitando dependencias del mismo para ubicar a las nuevas clases de alumnos/as, ya que sólo había 6 aulas de infantil. Se fue ocupando la sala de profesores y se han ido colocando hasta 3 módulos de aulas prefabricadas con dos aulas cada una en zonas del patio para ubicar a nuestro alumnado hasta el curso 2016/17.</p>
<p style="text-align: center">Es a principio de este curso 2017/18, exactamente el 10 de septiembre cuando se hace una ocupación parcial del edificio, para poder recibir al alumnado de este centro.&nbsp; Desde entonces el centro está completo y existen dos edificios anexos entre sí. Uno para Educación Infantil, que era el que había en un principio, y otro para Educación Primaria.</p>

<p>Nuestro C.E.I.P. se llama Isabel Rodríguez Navarro, pero es más conocido en la localidad como “el Prior”, debido a una hacienda con el mismo nombre donde ahora se ubica el centro. Nuestro centro se encuentra en una zona de importante expansión demográfica y está rodeado de casas unifamiliares de reciente construcción que están comenzando a [&hellip;]</p>
