{"id":1368,"date":"2025-04-29T19:09:21","date_gmt":"2025-04-29T17:09:21","guid":{"rendered":"https:\/\/blogsaverroes.juntadeandalucia.es\/blogceipsanfernandohuelva\/?page_id=1368"},"modified":"2025-04-29T19:09:21","modified_gmt":"2025-04-29T17:09:21","slug":"programacion-didactica-del-aula-especifica","status":"publish","type":"page","link":"https:\/\/blogsaverroes.juntadeandalucia.es\/blogceipsanfernandohuelva\/programacion-didactica-del-aula-especifica\/","title":{"rendered":"Programaci\u00f3n did\u00e1ctica del Aula Espec\u00edfica."},"content":{"rendered":"<p><a href=\"https:\/\/blogsaverroes.juntadeandalucia.es\/blogceipsanfernandohuelva\/files\/2025\/04\/PROG.-AULA-ESP.-SAN-FERNANDO-CURSO-2024-2025.pdf\">PROG. AULA ESP. SAN FERNANDO CURSO 2024-2025<\/a><\/p>\n","protected":false},"excerpt":{"rendered":"<p>PROG. AULA ESP. SAN FERNANDO CURSO 2024-2025<\/p>\n","protected":false},"author":13085,"featured_media":0,"parent":0,"menu_order":0,"comment_status":"closed","ping_status":"closed","template":"","meta":{"footnotes":""},"aioseo_notices":[],"_links":{"self":[{"href":"https:\/\/blogsaverroes.juntadeandalucia.es\/blogceipsanfernandohuelva\/wp-json\/wp\/v2\/pages\/1368"}],"collection":[{"href":"https:\/\/blogsaverroes.juntadeandalucia.es\/blogceipsanfernandohuelva\/wp-json\/wp\/v2\/pages"}],"about":[{"href":"https:\/\/blogsaverroes.juntadeandalucia.es\/blogceipsanfernandohuelva\/wp-json\/wp\/v2\/types\/page"}],"author":[{"embeddable":true,"href":"https:\/\/blogsaverroes.juntadeandalucia.es\/blogceipsanfernandohuelva\/wp-json\/wp\/v2\/users\/13085"}],"replies":[{"embeddable":true,"href":"https:\/\/blogsaverroes.juntadeandalucia.es\/blogceipsanfernandohuelva\/wp-json\/wp\/v2\/comments?post=1368"}],"version-history":[{"count":1,"href":"https:\/\/blogsaverroes.juntadeandalucia.es\/blogceipsanfernandohuelva\/wp-json\/wp\/v2\/pages\/1368\/revisions"}],"predecessor-version":[{"id":1370,"href":"https:\/\/blogsaverroes.juntadeandalucia.es\/blogceipsanfernandohuelva\/wp-json\/wp\/v2\/pages\/1368\/revisions\/1370"}],"wp:attachment":[{"href":"https:\/\/blogsaverroes.juntadeandalucia.es\/blogceipsanfernandohuelva\/wp-json\/wp\/v2\/media?parent=1368"}],"curies":[{"name":"wp","href":"https:\/\/api.w.org\/{rel}","templated":true}]}}