{"id":41,"date":"2020-01-09T12:45:03","date_gmt":"2020-01-09T11:45:03","guid":{"rendered":"http:\/\/blogsaverroes.juntadeandalucia.es\/pre\/nuevoceip2v2\/?page_id=41"},"modified":"2024-11-06T11:58:07","modified_gmt":"2024-11-06T10:58:07","slug":"el-centro","status":"publish","type":"page","link":"https:\/\/blogsaverroes.juntadeandalucia.es\/blogceipsanfernandohuelva\/el-centro\/","title":{"rendered":"El centro"},"content":{"rendered":"<p class=\"_04xlpA direction-ltr align-center para-style-heading2\"><span class=\"JsGRdQ\" style=\"font-size: 14pt\">&nbsp; &nbsp; &nbsp; La historia del Colegio \u00abSan Fernando\u00bb supone una trayectoria de m\u00e1s de sesenta a\u00f1os sembrando futuro en Huelva, ofreciendo una ense\u00f1anza de calidad desde el curso 1957\/1958.<\/span><\/p>\n<p class=\"_04xlpA direction-ltr align-center para-style-heading2\"><span style=\"font-size: 14pt\"><span class=\"JsGRdQ\">&nbsp; &nbsp; &nbsp; <\/span><span class=\"JsGRdQ\">En la actualidad, con la mirada puesta siempre en la evoluci\u00f3n constante y la mejora de nuestra ense\u00f1anza, contamos con una amplia variedad de programas y servicios que pretenden responder a las demandas de la Comunidad Educativa.<\/span><\/span><\/p>\n<p><img loading=\"lazy\" decoding=\"async\" class=\" wp-image-662 aligncenter\" src=\"https:\/\/blogsaverroes.juntadeandalucia.es\/blogceipsanfernandohuelva\/files\/2024\/11\/Primer-claustro-colegio-curso_203090053_109134276_1200x675-300x169.jpg\" alt=\"\" width=\"512\" height=\"288\" srcset=\"https:\/\/blogsaverroes.juntadeandalucia.es\/blogceipsanfernandohuelva\/files\/2024\/11\/Primer-claustro-colegio-curso_203090053_109134276_1200x675-300x169.jpg 300w, https:\/\/blogsaverroes.juntadeandalucia.es\/blogceipsanfernandohuelva\/files\/2024\/11\/Primer-claustro-colegio-curso_203090053_109134276_1200x675-1024x576.jpg 1024w, https:\/\/blogsaverroes.juntadeandalucia.es\/blogceipsanfernandohuelva\/files\/2024\/11\/Primer-claustro-colegio-curso_203090053_109134276_1200x675-768x432.jpg 768w, https:\/\/blogsaverroes.juntadeandalucia.es\/blogceipsanfernandohuelva\/files\/2024\/11\/Primer-claustro-colegio-curso_203090053_109134276_1200x675.jpg 1200w\" sizes=\"(max-width: 512px) 100vw, 512px\" \/><\/p>\n<p style=\"text-align: center\">Imagen del primer Claustro de nuestro centro, en el curso 1957\/1958.<\/p>\n","protected":false},"excerpt":{"rendered":"<p>&nbsp; &nbsp; &nbsp; La historia del Colegio \u00abSan Fernando\u00bb supone una trayectoria de m\u00e1s de sesenta a\u00f1os sembrando futuro en Huelva, ofreciendo una ense\u00f1anza de calidad desde el curso 1957\/1958. &nbsp; &nbsp; &nbsp; En&#46;&#46;&#46;<\/p>\n","protected":false},"author":7051,"featured_media":0,"parent":0,"menu_order":0,"comment_status":"closed","ping_status":"closed","template":"","meta":{"footnotes":""},"aioseo_notices":[],"_links":{"self":[{"href":"https:\/\/blogsaverroes.juntadeandalucia.es\/blogceipsanfernandohuelva\/wp-json\/wp\/v2\/pages\/41"}],"collection":[{"href":"https:\/\/blogsaverroes.juntadeandalucia.es\/blogceipsanfernandohuelva\/wp-json\/wp\/v2\/pages"}],"about":[{"href":"https:\/\/blogsaverroes.juntadeandalucia.es\/blogceipsanfernandohuelva\/wp-json\/wp\/v2\/types\/page"}],"author":[{"embeddable":true,"href":"https:\/\/blogsaverroes.juntadeandalucia.es\/blogceipsanfernandohuelva\/wp-json\/wp\/v2\/users\/7051"}],"replies":[{"embeddable":true,"href":"https:\/\/blogsaverroes.juntadeandalucia.es\/blogceipsanfernandohuelva\/wp-json\/wp\/v2\/comments?post=41"}],"version-history":[{"count":7,"href":"https:\/\/blogsaverroes.juntadeandalucia.es\/blogceipsanfernandohuelva\/wp-json\/wp\/v2\/pages\/41\/revisions"}],"predecessor-version":[{"id":666,"href":"https:\/\/blogsaverroes.juntadeandalucia.es\/blogceipsanfernandohuelva\/wp-json\/wp\/v2\/pages\/41\/revisions\/666"}],"wp:attachment":[{"href":"https:\/\/blogsaverroes.juntadeandalucia.es\/blogceipsanfernandohuelva\/wp-json\/wp\/v2\/media?parent=41"}],"curies":[{"name":"wp","href":"https:\/\/api.w.org\/{rel}","templated":true}]}}