{"id":24,"date":"2020-12-08T15:41:31","date_gmt":"2020-12-08T15:41:31","guid":{"rendered":"https:\/\/blogsaverroes.juntadeandalucia.es\/blogeducalba\/?page_id=24"},"modified":"2023-11-02T18:19:36","modified_gmt":"2023-11-02T18:19:36","slug":"coeducacion%f0%9f%9a%bb","status":"publish","type":"page","link":"https:\/\/blogsaverroes.juntadeandalucia.es\/blogeducalba\/coeducacion%f0%9f%9a%bb\/","title":{"rendered":"Coeducaci\u00f3n\ud83d\udebb"},"content":{"rendered":"<p>Como cada curso escolar, conmemoramos el D\u00eda contra la Violencia de G\u00e9nero.<br \/>\nEste a\u00f1o, queremos que nuestro alumnado haga visible esta lacra social desde un punto de vista diferente. Para ello, hemos creado un <strong>Circuito Vital<\/strong> con se\u00f1ales de tr\u00e1fico repartidas por el centro educativo y elaboradas por el alumnado.<br \/>\nAdem\u00e1s, han participado en un <em>Concurso de Carteles<\/em> de slogan e imagen contra la violencia de g\u00e9nero y han elaborado unos creativos carteles que est\u00e1n expuestos en <strong>nuestro Espacio Violeta<\/strong><\/p>\n<p>El alumnado de secundaria ha utilizado distintas herramientas TIC<\/p>\n<p>Os dejamos algunas im\u00e1genes<br \/>\n<img loading=\"lazy\" decoding=\"async\" class=\"alignnone size-medium wp-image-93\" src=\"https:\/\/blogsaverroes.juntadeandalucia.es\/blogeducalba\/files\/2020\/12\/IMG_20201227_205119-224x300.jpg\" alt=\"\" width=\"224\" height=\"300\" srcset=\"https:\/\/blogsaverroes.juntadeandalucia.es\/blogeducalba\/files\/2020\/12\/IMG_20201227_205119-224x300.jpg 224w, https:\/\/blogsaverroes.juntadeandalucia.es\/blogeducalba\/files\/2020\/12\/IMG_20201227_205119-764x1024.jpg 764w, https:\/\/blogsaverroes.juntadeandalucia.es\/blogeducalba\/files\/2020\/12\/IMG_20201227_205119-768x1029.jpg 768w, https:\/\/blogsaverroes.juntadeandalucia.es\/blogeducalba\/files\/2020\/12\/IMG_20201227_205119-1146x1536.jpg 1146w, https:\/\/blogsaverroes.juntadeandalucia.es\/blogeducalba\/files\/2020\/12\/IMG_20201227_205119-1528x2048.jpg 1528w, https:\/\/blogsaverroes.juntadeandalucia.es\/blogeducalba\/files\/2020\/12\/IMG_20201227_205119-18x24.jpg 18w, https:\/\/blogsaverroes.juntadeandalucia.es\/blogeducalba\/files\/2020\/12\/IMG_20201227_205119-27x36.jpg 27w, https:\/\/blogsaverroes.juntadeandalucia.es\/blogeducalba\/files\/2020\/12\/IMG_20201227_205119-36x48.jpg 36w, https:\/\/blogsaverroes.juntadeandalucia.es\/blogeducalba\/files\/2020\/12\/IMG_20201227_205119-scaled.jpg 1911w\" sizes=\"(max-width: 224px) 100vw, 224px\" \/><\/p>\n<p><img loading=\"lazy\" decoding=\"async\" class=\"alignnone size-medium wp-image-94\" src=\"https:\/\/blogsaverroes.juntadeandalucia.es\/blogeducalba\/files\/2020\/12\/IMG_20201124_144014-300x296.jpg\" alt=\"\" width=\"300\" height=\"296\" srcset=\"https:\/\/blogsaverroes.juntadeandalucia.es\/blogeducalba\/files\/2020\/12\/IMG_20201124_144014-300x296.jpg 300w, https:\/\/blogsaverroes.juntadeandalucia.es\/blogeducalba\/files\/2020\/12\/IMG_20201124_144014-1024x1011.jpg 1024w, https:\/\/blogsaverroes.juntadeandalucia.es\/blogeducalba\/files\/2020\/12\/IMG_20201124_144014-768x758.jpg 768w, https:\/\/blogsaverroes.juntadeandalucia.es\/blogeducalba\/files\/2020\/12\/IMG_20201124_144014-100x100.jpg 100w, https:\/\/blogsaverroes.juntadeandalucia.es\/blogeducalba\/files\/2020\/12\/IMG_20201124_144014-1536x1517.jpg 1536w, https:\/\/blogsaverroes.juntadeandalucia.es\/blogeducalba\/files\/2020\/12\/IMG_20201124_144014-2048x2022.jpg 2048w, https:\/\/blogsaverroes.juntadeandalucia.es\/blogeducalba\/files\/2020\/12\/IMG_20201124_144014-24x24.jpg 24w, https:\/\/blogsaverroes.juntadeandalucia.es\/blogeducalba\/files\/2020\/12\/IMG_20201124_144014-36x36.jpg 36w, https:\/\/blogsaverroes.juntadeandalucia.es\/blogeducalba\/files\/2020\/12\/IMG_20201124_144014-48x48.jpg 48w\" sizes=\"(max-width: 300px) 100vw, 300px\" \/><\/p>\n","protected":false},"excerpt":{"rendered":"<p>Como cada curso escolar, conmemoramos el D\u00eda contra la Violencia de G\u00e9nero. Este a\u00f1o, queremos que nuestro alumnado haga visible esta lacra social desde un punto de vista diferente. Para ello, hemos creado un&#46;&#46;&#46;<\/p>\n","protected":false},"author":11425,"featured_media":0,"parent":0,"menu_order":3,"comment_status":"closed","ping_status":"closed","template":"","meta":{"ngg_post_thumbnail":0,"footnotes":""},"aioseo_notices":[],"_links":{"self":[{"href":"https:\/\/blogsaverroes.juntadeandalucia.es\/blogeducalba\/wp-json\/wp\/v2\/pages\/24"}],"collection":[{"href":"https:\/\/blogsaverroes.juntadeandalucia.es\/blogeducalba\/wp-json\/wp\/v2\/pages"}],"about":[{"href":"https:\/\/blogsaverroes.juntadeandalucia.es\/blogeducalba\/wp-json\/wp\/v2\/types\/page"}],"author":[{"embeddable":true,"href":"https:\/\/blogsaverroes.juntadeandalucia.es\/blogeducalba\/wp-json\/wp\/v2\/users\/11425"}],"replies":[{"embeddable":true,"href":"https:\/\/blogsaverroes.juntadeandalucia.es\/blogeducalba\/wp-json\/wp\/v2\/comments?post=24"}],"version-history":[{"count":4,"href":"https:\/\/blogsaverroes.juntadeandalucia.es\/blogeducalba\/wp-json\/wp\/v2\/pages\/24\/revisions"}],"predecessor-version":[{"id":111,"href":"https:\/\/blogsaverroes.juntadeandalucia.es\/blogeducalba\/wp-json\/wp\/v2\/pages\/24\/revisions\/111"}],"wp:attachment":[{"href":"https:\/\/blogsaverroes.juntadeandalucia.es\/blogeducalba\/wp-json\/wp\/v2\/media?parent=24"}],"curies":[{"name":"wp","href":"https:\/\/api.w.org\/{rel}","templated":true}]}}

Coeducación🚻

<p>Como cada curso escolar, conmemoramos el Día contra la Violencia de Género.<br />
Este año, queremos que nuestro alumnado haga visible esta lacra social desde un punto de vista diferente. Para ello, hemos creado un <strong>Circuito Vital</strong> con señales de tráfico repartidas por el centro educativo y elaboradas por el alumnado.<br />
Además, han participado en un <em>Concurso de Carteles</em> de slogan e imagen contra la violencia de género y han elaborado unos creativos carteles que están expuestos en <strong>nuestro Espacio Violeta</strong></p>
<p>El alumnado de secundaria ha utilizado distintas herramientas TIC</p>
<p>Os dejamos algunas imágenes<br />
<img loading="lazy" decoding="async" class="alignnone size-medium wp-image-93" src="https://blogsaverroes.juntadeandalucia.es/blogeducalba/files/2020/12/IMG_20201227_205119-224x300.jpg" alt="" width="224" height="300" srcset="https://blogsaverroes.juntadeandalucia.es/blogeducalba/files/2020/12/IMG_20201227_205119-224x300.jpg 224w, https://blogsaverroes.juntadeandalucia.es/blogeducalba/files/2020/12/IMG_20201227_205119-764x1024.jpg 764w, https://blogsaverroes.juntadeandalucia.es/blogeducalba/files/2020/12/IMG_20201227_205119-768x1029.jpg 768w, https://blogsaverroes.juntadeandalucia.es/blogeducalba/files/2020/12/IMG_20201227_205119-1146x1536.jpg 1146w, https://blogsaverroes.juntadeandalucia.es/blogeducalba/files/2020/12/IMG_20201227_205119-1528x2048.jpg 1528w, https://blogsaverroes.juntadeandalucia.es/blogeducalba/files/2020/12/IMG_20201227_205119-18x24.jpg 18w, https://blogsaverroes.juntadeandalucia.es/blogeducalba/files/2020/12/IMG_20201227_205119-27x36.jpg 27w, https://blogsaverroes.juntadeandalucia.es/blogeducalba/files/2020/12/IMG_20201227_205119-36x48.jpg 36w, https://blogsaverroes.juntadeandalucia.es/blogeducalba/files/2020/12/IMG_20201227_205119-scaled.jpg 1911w" sizes="(max-width: 224px) 100vw, 224px" /></p>
<p><img loading="lazy" decoding="async" class="alignnone size-medium wp-image-94" src="https://blogsaverroes.juntadeandalucia.es/blogeducalba/files/2020/12/IMG_20201124_144014-300x296.jpg" alt="" width="300" height="296" srcset="https://blogsaverroes.juntadeandalucia.es/blogeducalba/files/2020/12/IMG_20201124_144014-300x296.jpg 300w, https://blogsaverroes.juntadeandalucia.es/blogeducalba/files/2020/12/IMG_20201124_144014-1024x1011.jpg 1024w, https://blogsaverroes.juntadeandalucia.es/blogeducalba/files/2020/12/IMG_20201124_144014-768x758.jpg 768w, https://blogsaverroes.juntadeandalucia.es/blogeducalba/files/2020/12/IMG_20201124_144014-100x100.jpg 100w, https://blogsaverroes.juntadeandalucia.es/blogeducalba/files/2020/12/IMG_20201124_144014-1536x1517.jpg 1536w, https://blogsaverroes.juntadeandalucia.es/blogeducalba/files/2020/12/IMG_20201124_144014-2048x2022.jpg 2048w, https://blogsaverroes.juntadeandalucia.es/blogeducalba/files/2020/12/IMG_20201124_144014-24x24.jpg 24w, https://blogsaverroes.juntadeandalucia.es/blogeducalba/files/2020/12/IMG_20201124_144014-36x36.jpg 36w, https://blogsaverroes.juntadeandalucia.es/blogeducalba/files/2020/12/IMG_20201124_144014-48x48.jpg 48w" sizes="(max-width: 300px) 100vw, 300px" /></p>

<p>Como cada curso escolar, conmemoramos el Día contra la Violencia de Género. Este año, queremos que nuestro alumnado haga visible esta lacra social desde un punto de vista diferente. Para ello, hemos creado un&#46;&#46;&#46;</p>
