{"id":2853,"date":"2022-02-11T00:02:49","date_gmt":"2022-02-11T00:02:49","guid":{"rendered":"https:\/\/blogsaverroes.juntadeandalucia.es\/bpmoya\/?page_id=2853"},"modified":"2024-10-09T21:52:40","modified_gmt":"2024-10-09T21:52:40","slug":"profesorado","status":"publish","type":"page","link":"https:\/\/blogsaverroes.juntadeandalucia.es\/bpmoya\/profesorado\/","title":{"rendered":"Profesorado"},"content":{"rendered":"\t\t<div data-elementor-type=\"wp-page\" data-elementor-id=\"2853\" class=\"elementor elementor-2853\">\n\t\t\t\t\t\t<section class=\"elementor-section elementor-top-section elementor-element elementor-element-007bc09 elementor-section-full_width elementor-section-stretched elementor-section-height-default elementor-section-height-default\" data-id=\"007bc09\" data-element_type=\"section\" data-settings=\"{&quot;stretch_section&quot;:&quot;section-stretched&quot;}\">\n\t\t\t\t\t\t<div class=\"elementor-container elementor-column-gap-default\">\n\t\t\t\t\t<div class=\"elementor-column elementor-col-100 elementor-top-column elementor-element elementor-element-3af0f43\" data-id=\"3af0f43\" data-element_type=\"column\">\n\t\t\t<div class=\"elementor-widget-wrap elementor-element-populated\">\n\t\t\t\t\t\t<section class=\"elementor-section elementor-inner-section elementor-element elementor-element-384bef9 elementor-section-boxed elementor-section-height-default elementor-section-height-default\" data-id=\"384bef9\" data-element_type=\"section\">\n\t\t\t\t\t\t<div class=\"elementor-container elementor-column-gap-default\">\n\t\t\t\t\t<div class=\"elementor-column elementor-col-50 elementor-inner-column elementor-element elementor-element-e5a2dd8\" data-id=\"e5a2dd8\" data-element_type=\"column\">\n\t\t\t<div class=\"elementor-widget-wrap elementor-element-populated\">\n\t\t\t\t\t\t<div class=\"elementor-element elementor-element-854e3b6 elementor-widget elementor-widget-text-editor\" data-id=\"854e3b6\" data-element_type=\"widget\" data-widget_type=\"text-editor.default\">\n\t\t\t\t<div class=\"elementor-widget-container\">\n\t\t\t\t\t\t\t\t\t<table style=\"height: 2517px;width: 779px;border-style: solid;border-color: #275214\" border=\"1\" width=\"800\" cellspacing=\"0\" cellpadding=\"5\"><colgroup> <col width=\"25\" \/> <col width=\"240\" \/> <col width=\"109\" \/> <col width=\"64\" \/> <col width=\"37\" \/> <col width=\"31\" \/> <\/colgroup><tbody><tr><td style=\"width: 408px;height: 23px;vertical-align: middle\" colspan=\"2\" bgcolor=\"#ffe599\" height=\"23\"><p align=\"center\"><span style=\"color: #333333\"><strong><span style=\"font-family: Verdana, serif\">MAESTRO\/A<\/span><\/strong><\/span><\/p><\/td><td style=\"vertical-align: middle;width: 166px\" bgcolor=\"#ffe599\"><p align=\"center\"><span style=\"color: #333333\"><strong><span style=\"font-family: Verdana, serif\">CURSO<\/span><\/strong><\/span><\/p><\/td><td style=\"vertical-align: middle;width: 205px\" colspan=\"3\" bgcolor=\"#ffe599\"><p align=\"center\"><span style=\"color: #333333\"><strong><span style=\"font-family: Verdana, serif\">N\u00ba ALUMNOS<\/span><\/strong><\/span><\/p><\/td><\/tr><tr><td style=\"width: 105px;vertical-align: middle\" rowspan=\"7\" bgcolor=\"#bf8f00\" height=\"12\"><p align=\"center\"><span style=\"color: #333333\"><strong><span style=\"font-family: Verdana, serif\"><span style=\"font-size: small\">INFANTIL<\/span><\/span><\/strong><\/span><\/p><\/td><td style=\"width: 303px;background-color: #c6d9f1;text-align: left;vertical-align: middle\" width=\"255\"><p><strong>\u00a0Antonia<\/strong> Rivera S\u00e1nchez<\/p><\/td><td style=\"width: 166px;text-align: center;vertical-align: middle\" width=\"123\"><p>3 A\u00d1OS A<\/p><\/td><td style=\"width: 87px;text-align: center;vertical-align: middle\" width=\"78\"><p>17<\/p><\/td><td style=\"width: 61px;text-align: center;vertical-align: middle\" rowspan=\"2\" width=\"51\"><p>33<\/p><\/td><td style=\"width: 57px;text-align: center;vertical-align: middle\" rowspan=\"6\" width=\"46\"><p>104<\/p><\/td><\/tr><tr><td style=\"width: 303px;text-align: left;vertical-align: middle\" width=\"255\"><p><strong>\u00a0Rosal\u00eda<\/strong> Soria D\u00edaz<\/p><\/td><td style=\"width: 166px;text-align: center;vertical-align: middle\" width=\"123\"><p>3 A\u00d1OS B<\/p><\/td><td style=\"width: 87px;text-align: center;vertical-align: middle\" width=\"78\"><p>16<\/p><\/td><\/tr><tr><td style=\"width: 303px;text-align: left;vertical-align: middle\" width=\"255\"><p><strong>\u00a0Carmen M\u00aa<\/strong> Moreno Pulido<\/p><\/td><td style=\"width: 166px;text-align: center;vertical-align: middle\" width=\"123\"><p>4 A\u00d1OS A<\/p><\/td><td style=\"width: 87px;text-align: center;vertical-align: middle\" width=\"78\"><p>16<\/p><\/td><td style=\"width: 61px;text-align: center;vertical-align: middle\" rowspan=\"2\" width=\"51\"><p>32<\/p><\/td><\/tr><tr><td style=\"width: 303px;text-align: left;vertical-align: middle\" width=\"255\"><p><strong>\u00a0M\u00aa Carmen<\/strong> Madrid G\u00f3mez<\/p><\/td><td style=\"width: 166px;text-align: center;vertical-align: middle\" width=\"123\"><p>4 A\u00d1OS B<\/p><\/td><td style=\"width: 87px;text-align: center;vertical-align: middle\" width=\"78\"><p>16<\/p><\/td><\/tr><tr><td style=\"width: 303px;text-align: left;vertical-align: middle\" width=\"255\"><p><strong>\u00a0Francisco Javier<\/strong> Moreno L\u00f3pez<\/p><\/td><td style=\"width: 166px;text-align: center;vertical-align: middle\" width=\"123\"><p>5 A\u00d1OS A<\/p><\/td><td style=\"width: 87px;text-align: center;vertical-align: middle\" width=\"78\"><p>20<\/p><\/td><td style=\"width: 61px;text-align: center;vertical-align: middle\" rowspan=\"2\" width=\"51\"><p>39<\/p><\/td><\/tr><tr><td style=\"width: 303px;text-align: left;vertical-align: middle\" width=\"255\"><p><strong>\u00a0M\u00aa Carmen<\/strong> Garrido Salcedo<\/p><\/td><td style=\"width: 166px;text-align: center;vertical-align: middle\" width=\"123\"><p>5 A\u00d1OS B<\/p><\/td><td style=\"width: 87px;text-align: center;vertical-align: middle\" width=\"78\"><p>19<\/p><\/td><\/tr><tr><td style=\"width: 303px;text-align: left;vertical-align: middle\" width=\"255\"><p><strong>\u00a0F\u00e1tima<\/strong> Cabiedas Mart\u00edn-Rubio<\/p><\/td><td style=\"width: 166px;text-align: center;vertical-align: middle\" width=\"123\"><p>APOYO<\/p><\/td><td style=\"width: 205px;text-align: center;vertical-align: middle\" colspan=\"3\" width=\"175\">\u00a0<\/td><\/tr><tr><td style=\"width: 105px;vertical-align: middle\" rowspan=\"21\" bgcolor=\"#a8d08d\" height=\"12\"><p align=\"center\"><span style=\"font-family: Verdana, serif;color: #333333\"><span style=\"font-size: small\"><b>PRIMARIA<\/b><\/span><\/span><\/p><\/td><td style=\"width: 303px;text-align: left;vertical-align: middle\" width=\"255\"><p><strong>\u00a0Sandra<\/strong> Ollero Medina<\/p><\/td><td style=\"width: 166px;text-align: center;vertical-align: middle\" width=\"123\"><p>1\u00ba A<\/p><\/td><td style=\"width: 87px;text-align: center;vertical-align: middle\" width=\"78\"><p>18<\/p><\/td><td style=\"width: 61px;text-align: center;vertical-align: middle\" rowspan=\"2\" width=\"51\"><p>36<\/p><\/td><td style=\"width: 57px;text-align: center;vertical-align: middle\" rowspan=\"12\" width=\"46\"><p>242<\/p><\/td><\/tr><tr><td style=\"width: 303px;background-color: #c6d9f1;text-align: left;vertical-align: middle\" width=\"255\"><p><strong>\u00a0Mar\u00eda Teresa<\/strong> Garc\u00eda Sequera<\/p><\/td><td style=\"width: 166px;text-align: center;vertical-align: middle\" width=\"123\"><p>1\u00ba B<\/p><\/td><td style=\"width: 87px;text-align: center;vertical-align: middle\" width=\"78\"><p>18<\/p><\/td><\/tr><tr><td style=\"width: 303px;text-align: left;vertical-align: middle\" width=\"255\"><p><strong>\u00a0Alejandro<\/strong> Izquierdo Garc\u00eda<\/p><\/td><td style=\"width: 166px;text-align: center;vertical-align: middle\" width=\"123\"><p>2\u00ba A<\/p><\/td><td style=\"width: 87px;text-align: center;vertical-align: middle\" width=\"78\"><p>24<\/p><\/td><td style=\"width: 61px;text-align: center;vertical-align: middle\" rowspan=\"2\" width=\"51\"><p>48<\/p><\/td><\/tr><tr><td style=\"width: 303px;text-align: left;vertical-align: middle\" width=\"255\"><p><strong>\u00a0Jos\u00e9 Antonio<\/strong> Lombardo Mu\u00f1oz<\/p><\/td><td style=\"width: 166px;text-align: center;vertical-align: middle\" width=\"123\"><p>2\u00ba B<\/p><\/td><td style=\"width: 87px;text-align: center;vertical-align: middle\" width=\"78\"><p>24<\/p><\/td><\/tr><tr><td style=\"width: 303px;text-align: left;vertical-align: middle\" width=\"255\"><p><strong>\u00a0Mar\u00eda Teodora<\/strong> Boluda Pacheco<\/p><\/td><td style=\"width: 166px;text-align: center;vertical-align: middle\" width=\"123\"><p>3\u00ba A<\/p><\/td><td style=\"width: 87px;text-align: center;vertical-align: middle\" width=\"78\"><p>17<\/p><\/td><td style=\"width: 61px;text-align: center;vertical-align: middle\" rowspan=\"2\" width=\"51\"><p>33<\/p><\/td><\/tr><tr><td style=\"width: 303px;background-color: #c6d9f1;text-align: left;vertical-align: middle\" width=\"255\"><p><strong>\u00a0Joaquina<\/strong> Del Moral Mart\u00ednez<\/p><\/td><td style=\"width: 166px;text-align: center;vertical-align: middle\" width=\"123\"><p>3\u00ba B<\/p><\/td><td style=\"width: 87px;text-align: center;vertical-align: middle\" width=\"78\"><p>16<\/p><\/td><\/tr><tr><td style=\"width: 303px;text-align: left;vertical-align: middle\" width=\"255\"><p><strong>\u00a0Lourdes<\/strong> Rus Garc\u00eda<\/p><\/td><td style=\"width: 166px;text-align: center;vertical-align: middle\" width=\"123\"><p>4\u00ba A<\/p><\/td><td style=\"width: 87px;text-align: center;vertical-align: middle\" width=\"78\"><p>23<\/p><\/td><td style=\"width: 61px;text-align: center;vertical-align: middle\" rowspan=\"2\" width=\"51\"><p>47<\/p><\/td><\/tr><tr><td style=\"width: 303px;text-align: left;vertical-align: middle\" width=\"255\"><p><strong>\u00a0M\u00aa Pilar<\/strong> G\u00f3mez Mart\u00ednez<\/p><\/td><td style=\"width: 166px;text-align: center;vertical-align: middle\" width=\"123\"><p>4\u00ba B<\/p><\/td><td style=\"width: 87px;text-align: center;vertical-align: middle\" width=\"78\"><p>24<\/p><\/td><\/tr><tr><td style=\"width: 303px;background-color: #c6d9f1;text-align: left;vertical-align: middle\" width=\"255\"><p><strong>\u00a0Juan<\/strong> Hern\u00e1ndez Mart\u00ednez<\/p><\/td><td style=\"width: 166px;text-align: center;vertical-align: middle\" width=\"123\"><p>5\u00ba A<\/p><\/td><td style=\"width: 87px;text-align: center;vertical-align: middle\" width=\"78\"><p>18<\/p><\/td><td style=\"width: 61px;text-align: center;vertical-align: middle\" rowspan=\"2\" width=\"51\"><p>39<\/p><\/td><\/tr><tr><td style=\"width: 303px;text-align: left;vertical-align: middle\" width=\"255\"><p><strong>\u00a0Pascual<\/strong> Parrilla Requena<\/p><\/td><td style=\"width: 166px;text-align: center;vertical-align: middle\" width=\"123\"><p>5\u00ba B<\/p><\/td><td style=\"width: 87px;text-align: center;vertical-align: middle\" width=\"78\"><p>21<\/p><\/td><\/tr><tr><td style=\"width: 303px;text-align: left;vertical-align: middle\" width=\"255\"><p><strong>\u00a0Myriam<\/strong> Corral Velasco<\/p><\/td><td style=\"width: 166px;text-align: center;vertical-align: middle\" width=\"123\"><p>6\u00ba A<\/p><\/td><td style=\"width: 87px;text-align: center;vertical-align: middle\" width=\"78\"><p>19<\/p><\/td><td style=\"width: 61px;text-align: center;vertical-align: middle\" rowspan=\"2\" width=\"51\"><p>38<\/p><\/td><\/tr><tr><td style=\"width: 303px;text-align: left;vertical-align: middle\" width=\"255\"><p><strong>\u00a0Beatriz<\/strong> Sevilla Su\u00e1rez<\/p><\/td><td style=\"width: 166px;text-align: center;vertical-align: middle\" width=\"123\"><p>6\u00ba B<\/p><\/td><td style=\"width: 87px;text-align: center;vertical-align: middle\" width=\"78\"><p>19<\/p><\/td><\/tr><tr><td style=\"width: 303px;text-align: left;vertical-align: middle\" width=\"255\"><p><strong>\u00a0Pilar<\/strong> Perea Fern\u00e1ndez<\/p><\/td><td style=\"width: 166px;text-align: center;vertical-align: middle\" width=\"123\"><p>RELIGI\u00d3N<\/p><\/td><td style=\"width: 148px;text-align: center;vertical-align: middle\" colspan=\"2\" width=\"129\">\u00a0<\/td><td style=\"width: 57px;text-align: center;vertical-align: middle\" width=\"46\">\u00a0<\/td><\/tr><tr><td style=\"width: 303px;text-align: left;vertical-align: middle\" width=\"255\"><p><strong>\u00a0Mar\u00eda<\/strong> Marchal Mart\u00ednez<\/p><\/td><td style=\"width: 166px;text-align: center;vertical-align: middle\" width=\"123\"><p>INGL\u00c9S<\/p><\/td><td style=\"width: 148px;text-align: center;vertical-align: middle\" colspan=\"2\" width=\"129\">\u00a0<\/td><td style=\"width: 57px;text-align: center;vertical-align: middle\" width=\"46\">\u00a0<\/td><\/tr><tr><td style=\"width: 303px;text-align: left;vertical-align: middle\" width=\"255\"><p><strong>\u00a0Melchora<\/strong> Ruiz Paredes<\/p><\/td><td style=\"width: 166px;text-align: center;vertical-align: middle\" width=\"123\"><p>PT Aula TEA<\/p><\/td><td style=\"width: 148px;text-align: center;vertical-align: middle\" colspan=\"2\" width=\"129\">\u00a0<\/td><td style=\"width: 57px;text-align: center;vertical-align: middle\" width=\"46\">\u00a0<\/td><\/tr><tr><td style=\"width: 303px;text-align: left;vertical-align: middle\" width=\"255\"><p><strong>\u00a0In\u00e9s M\u00aa<\/strong> Garc\u00eda Gal\u00e1n<\/p><\/td><td style=\"width: 166px;text-align: center;vertical-align: middle\" width=\"123\"><p>PT Aula Apoyo<\/p><\/td><td style=\"width: 148px;text-align: center;vertical-align: middle\" colspan=\"2\" width=\"129\">\u00a0<\/td><td style=\"width: 57px;text-align: center;vertical-align: middle\" width=\"46\">\u00a0<\/td><\/tr><tr><td style=\"width: 303px;text-align: left;vertical-align: middle\" width=\"255\"><p><strong>\u00a0Francisco Javier<\/strong> Garrido Mart\u00ednez<\/p><\/td><td style=\"width: 166px;text-align: center;vertical-align: middle\" width=\"123\"><p>APOYO (Z. Transf. Social)<\/p><\/td><td style=\"width: 148px;text-align: center;vertical-align: middle\" colspan=\"2\" width=\"129\">\u00a0<\/td><td style=\"width: 57px;text-align: center;vertical-align: middle\" width=\"46\">\u00a0<\/td><\/tr><tr><td style=\"width: 303px;text-align: left;vertical-align: middle\" width=\"255\"><p><strong>\u00a0Diego<\/strong> Paredes Collado<\/p><\/td><td style=\"width: 166px;text-align: center;vertical-align: middle\" width=\"123\"><p>M\u00daSICA<\/p><\/td><td style=\"width: 148px;text-align: center;vertical-align: middle\" colspan=\"2\" width=\"129\">\u00a0<\/td><td style=\"width: 57px;text-align: center;vertical-align: middle\" width=\"46\">\u00a0<\/td><\/tr><tr><td style=\"width: 303px;text-align: left;vertical-align: middle\" width=\"255\"><p><strong>\u00a0Bernardi<\/strong> Berzosa Guill\u00e9n<\/p><\/td><td style=\"width: 166px;text-align: center;vertical-align: middle\" width=\"123\"><p>ART\u00edSTICA<\/p><\/td><td style=\"width: 148px;text-align: center;vertical-align: middle\" colspan=\"2\" width=\"129\">\u00a0<\/td><td style=\"width: 57px;text-align: center;vertical-align: middle\" width=\"46\">\u00a0<\/td><\/tr><tr><td style=\"width: 303px;text-align: left;vertical-align: middle\" width=\"255\"><p><strong>\u00a0Alberto<\/strong> T\u00e9bar D\u00edaz<\/p><\/td><td style=\"width: 166px;text-align: center;vertical-align: middle\" width=\"123\"><p>Educaci\u00f3n F\u00edsica<\/p><\/td><td style=\"width: 148px;text-align: center;vertical-align: middle\" colspan=\"2\" width=\"129\">\u00a0<\/td><td style=\"width: 57px;text-align: center;vertical-align: middle\" width=\"46\">\u00a0<\/td><\/tr><tr><td style=\"width: 303px;background-color: #c6d9f1;text-align: left;vertical-align: middle\" width=\"255\"><p><strong>\u00a0Emperatriz M\u00aa<\/strong> Cabrera L\u00f3pez<\/p><\/td><td style=\"width: 166px;text-align: center;vertical-align: middle\" width=\"123\"><p>A.L.<\/p><\/td><td style=\"width: 148px;text-align: center;vertical-align: middle\" colspan=\"2\" width=\"129\">\u00a0<\/td><td style=\"width: 57px;text-align: center;vertical-align: middle\" width=\"46\">\u00a0<\/td><\/tr><tr><td style=\"width: 574px;vertical-align: middle\" colspan=\"3\" bgcolor=\"#ffffff\" height=\"19\"><p align=\"center\"><span style=\"font-family: Verdana, serif\"><span style=\"font-size: small\"><br \/><a href=\"https:\/\/blogsaverroes.juntadeandalucia.es\/bpmoya\/files\/2024\/01\/cuadro-azul.png\"><img decoding=\"async\" class=\"alignnone size-full wp-image-4005\" src=\"https:\/\/blogsaverroes.juntadeandalucia.es\/bpmoya\/files\/2024\/01\/cuadro-azul.png\" alt=\"\" width=\"20\" height=\"20\" \/><\/a> \u00a0 COORDINADORES\/AS DE CICLO<\/span><\/span><\/p><\/td><td style=\"width: 148px;vertical-align: middle\" colspan=\"2\"><p align=\"center\"><span style=\"font-family: Verdana, serif\"><span style=\"font-size: small\"><b>TOTAL<\/b><\/span><\/span><\/p><\/td><td style=\"width: 57px;vertical-align: middle\"><p align=\"center\"><span style=\"font-family: Verdana, serif\"><span style=\"font-size: small\"><b>345<\/b><\/span><\/span><\/p><\/td><\/tr><\/tbody><\/table>\t\t\t\t\t\t\t\t<\/div>\n\t\t\t\t<\/div>\n\t\t\t\t\t<\/div>\n\t\t<\/div>\n\t\t\t\t<div class=\"elementor-column elementor-col-50 elementor-inner-column elementor-element elementor-element-fa62273\" data-id=\"fa62273\" data-element_type=\"column\">\n\t\t\t<div class=\"elementor-widget-wrap elementor-element-populated\">\n\t\t\t\t\t\t\t<\/div>\n\t\t<\/div>\n\t\t\t\t\t<\/div>\n\t\t<\/section>\n\t\t\t\t\t<\/div>\n\t\t<\/div>\n\t\t\t\t\t<\/div>\n\t\t<\/section>\n\t\t\t\t<\/div>\n\t\t","protected":false},"excerpt":{"rendered":"<p>MAESTRO\/A CURSO N\u00ba ALUMNOS INFANTIL \u00a0Antonia Rivera S\u00e1nchez 3 A\u00d1OS A 17 33 104 \u00a0Rosal\u00eda Soria D\u00edaz 3 A\u00d1OS B 16 \u00a0Carmen M\u00aa Moreno Pulido&hellip;<\/p>\n","protected":false},"author":10692,"featured_media":0,"parent":0,"menu_order":0,"comment_status":"closed","ping_status":"closed","template":"elementor_header_footer","meta":{"ngg_post_thumbnail":0,"footnotes":"","_mc_calendar":[]},"aioseo_notices":[],"_links":{"self":[{"href":"https:\/\/blogsaverroes.juntadeandalucia.es\/bpmoya\/wp-json\/wp\/v2\/pages\/2853"}],"collection":[{"href":"https:\/\/blogsaverroes.juntadeandalucia.es\/bpmoya\/wp-json\/wp\/v2\/pages"}],"about":[{"href":"https:\/\/blogsaverroes.juntadeandalucia.es\/bpmoya\/wp-json\/wp\/v2\/types\/page"}],"author":[{"embeddable":true,"href":"https:\/\/blogsaverroes.juntadeandalucia.es\/bpmoya\/wp-json\/wp\/v2\/users\/10692"}],"replies":[{"embeddable":true,"href":"https:\/\/blogsaverroes.juntadeandalucia.es\/bpmoya\/wp-json\/wp\/v2\/comments?post=2853"}],"version-history":[{"count":68,"href":"https:\/\/blogsaverroes.juntadeandalucia.es\/bpmoya\/wp-json\/wp\/v2\/pages\/2853\/revisions"}],"predecessor-version":[{"id":4591,"href":"https:\/\/blogsaverroes.juntadeandalucia.es\/bpmoya\/wp-json\/wp\/v2\/pages\/2853\/revisions\/4591"}],"wp:attachment":[{"href":"https:\/\/blogsaverroes.juntadeandalucia.es\/bpmoya\/wp-json\/wp\/v2\/media?parent=2853"}],"curies":[{"name":"wp","href":"https:\/\/api.w.org\/{rel}","templated":true}]}}