{"id":43,"date":"2015-03-09T18:51:41","date_gmt":"2015-03-09T17:51:41","guid":{"rendered":"http:\/\/blogsaverroes.juntadeandalucia.es\/calidad\/?page_id=43"},"modified":"2015-04-20T13:01:51","modified_gmt":"2015-04-20T11:01:51","slug":"equipo-de-trabajo","status":"publish","type":"page","link":"https:\/\/blogsaverroes.juntadeandalucia.es\/calidad\/?page_id=43","title":{"rendered":"Equipo de trabajo"},"content":{"rendered":"<p>El equipo de trabajo de este curso 2014\/15.<\/p>\n<p><a href=\"http:\/\/blogsaverroes.juntadeandalucia.es\/calidad\/files\/2015\/03\/1DS2.jpg\"><img loading=\"lazy\" decoding=\"async\" class=\"aligncenter wp-image-119 size-medium\" src=\"http:\/\/blogsaverroes.juntadeandalucia.es\/calidad\/files\/2015\/03\/1DS2-300x168.jpg\" alt=\"Grupo de alumnos del Ciclo Formativo Direcci\u00f3n de Servicios de Restauraci\u00f3n del curso 2014\/15.\" width=\"300\" height=\"168\" srcset=\"https:\/\/blogsaverroes.juntadeandalucia.es\/calidad\/files\/2015\/03\/1DS2-300x168.jpg 300w, https:\/\/blogsaverroes.juntadeandalucia.es\/calidad\/files\/2015\/03\/1DS2-1024x576.jpg 1024w, https:\/\/blogsaverroes.juntadeandalucia.es\/calidad\/files\/2015\/03\/1DS2.jpg 1280w\" sizes=\"(max-width: 300px) 100vw, 300px\" \/><\/a>Detr\u00e1s de izquierda a derecha:<\/p>\n<ul>\n<li>Alvaro Troncoso Correa<\/li>\n<li>Antonio S\u00e1nchez Villodres<\/li>\n<li>Pedro D\u00edaz Cort\u00e9s<\/li>\n<li>Esteban\u00a0Villegas Torres (Delegado)<\/li>\n<\/ul>\n<p>En medio de izquierda a derecha:<\/p>\n<ul>\n<li>Antonio Claros Berja<\/li>\n<li>Adela Garc\u00eda Valenciano (profesora)<\/li>\n<li>Jaime Espadas Le\u00f3n<\/li>\n<li>Macarena Luna Guerrero<\/li>\n<\/ul>\n<p>Delante de izquierda a derecha:<\/p>\n<ul>\n<li>Marcela Cuero Mellizo<\/li>\n<li>Cristina Gallego Atienza<\/li>\n<li>Ricardo Oca\u00f1a Soler<\/li>\n<li>Amanda Pastor Rubio<\/li>\n<li>Adri\u00e1n Enr\u00edquez Rodriguez<\/li>\n<\/ul>\n<p style=\"text-align: justify\"><a href=\"http:\/\/blogsaverroes.juntadeandalucia.es\/calidad\/files\/2015\/03\/IMG_20150325_180828.jpg\"><img loading=\"lazy\" decoding=\"async\" class=\"aligncenter wp-image-151 size-medium\" src=\"http:\/\/blogsaverroes.juntadeandalucia.es\/calidad\/files\/2015\/03\/IMG_20150325_180828-300x225.jpg\" alt=\"IMG_20150325_180828\" width=\"300\" height=\"225\" srcset=\"https:\/\/blogsaverroes.juntadeandalucia.es\/calidad\/files\/2015\/03\/IMG_20150325_180828-300x225.jpg 300w, https:\/\/blogsaverroes.juntadeandalucia.es\/calidad\/files\/2015\/03\/IMG_20150325_180828-1024x768.jpg 1024w, https:\/\/blogsaverroes.juntadeandalucia.es\/calidad\/files\/2015\/03\/IMG_20150325_180828.jpg 1280w\" sizes=\"(max-width: 300px) 100vw, 300px\" \/><\/a><\/p>\n","protected":false},"excerpt":{"rendered":"<p>El equipo de trabajo de este curso 2014\/15. Detr\u00e1s de izquierda a derecha: Alvaro Troncoso Correa Antonio S\u00e1nchez Villodres Pedro D\u00edaz Cort\u00e9s Esteban\u00a0Villegas Torres (Delegado) En medio de izquierda a derecha: Antonio Claros Berja Adela Garc\u00eda Valenciano (profesora) Jaime Espadas Le\u00f3n Macarena Luna Guerrero Delante de izquierda a derecha: Marcela Cuero Mellizo Cristina Gallego Atienza &hellip; <a href=\"https:\/\/blogsaverroes.juntadeandalucia.es\/calidad\/?page_id=43\" class=\"more-link\">Seguir leyendo <span class=\"screen-reader-text\">Equipo de trabajo<\/span> <span class=\"meta-nav\">&rarr;<\/span><\/a><\/p>\n","protected":false},"author":1541,"featured_media":0,"parent":40,"menu_order":0,"comment_status":"open","ping_status":"open","template":"","meta":{"ngg_post_thumbnail":0,"footnotes":""},"aioseo_notices":[],"_links":{"self":[{"href":"https:\/\/blogsaverroes.juntadeandalucia.es\/calidad\/index.php?rest_route=\/wp\/v2\/pages\/43"}],"collection":[{"href":"https:\/\/blogsaverroes.juntadeandalucia.es\/calidad\/index.php?rest_route=\/wp\/v2\/pages"}],"about":[{"href":"https:\/\/blogsaverroes.juntadeandalucia.es\/calidad\/index.php?rest_route=\/wp\/v2\/types\/page"}],"author":[{"embeddable":true,"href":"https:\/\/blogsaverroes.juntadeandalucia.es\/calidad\/index.php?rest_route=\/wp\/v2\/users\/1541"}],"replies":[{"embeddable":true,"href":"https:\/\/blogsaverroes.juntadeandalucia.es\/calidad\/index.php?rest_route=%2Fwp%2Fv2%2Fcomments&post=43"}],"version-history":[{"count":11,"href":"https:\/\/blogsaverroes.juntadeandalucia.es\/calidad\/index.php?rest_route=\/wp\/v2\/pages\/43\/revisions"}],"predecessor-version":[{"id":152,"href":"https:\/\/blogsaverroes.juntadeandalucia.es\/calidad\/index.php?rest_route=\/wp\/v2\/pages\/43\/revisions\/152"}],"up":[{"embeddable":true,"href":"https:\/\/blogsaverroes.juntadeandalucia.es\/calidad\/index.php?rest_route=\/wp\/v2\/pages\/40"}],"wp:attachment":[{"href":"https:\/\/blogsaverroes.juntadeandalucia.es\/calidad\/index.php?rest_route=%2Fwp%2Fv2%2Fmedia&parent=43"}],"curies":[{"name":"wp","href":"https:\/\/api.w.org\/{rel}","templated":true}]}}