{"id":295,"date":"2022-10-22T11:42:26","date_gmt":"2022-10-22T09:42:26","guid":{"rendered":"http:\/\/blogsaverroes.juntadeandalucia.es\/pre\/nuevoiesv2\/?page_id=295"},"modified":"2025-09-11T18:15:55","modified_gmt":"2025-09-11T16:15:55","slug":"nuestra-historia","status":"publish","type":"page","link":"https:\/\/blogsaverroes.juntadeandalucia.es\/castillodealhabar\/nuestra-historia\/","title":{"rendered":"Nuestra Historia"},"content":{"rendered":"<p>[et_pb_section fb_built=&#8221;1&#8243; _builder_version=&#8221;4.16&#8243; custom_padding=&#8221;0px||0px|&#8221; z_index_tablet=&#8221;500&#8243; box_shadow_horizontal_tablet=&#8221;0px&#8221; box_shadow_vertical_tablet=&#8221;0px&#8221; box_shadow_blur_tablet=&#8221;40px&#8221; box_shadow_spread_tablet=&#8221;0px&#8221; global_colors_info=&#8221;{}&#8221;][et_pb_row _builder_version=&#8221;4.16&#8243; custom_margin=&#8221;-10px|||&#8221; z_index_tablet=&#8221;500&#8243; box_shadow_horizontal_tablet=&#8221;0px&#8221; box_shadow_vertical_tablet=&#8221;0px&#8221; box_shadow_blur_tablet=&#8221;40px&#8221; box_shadow_spread_tablet=&#8221;0px&#8221; global_colors_info=&#8221;{}&#8221;][et_pb_column type=&#8221;4_4&#8243; _builder_version=&#8221;4.16&#8243; custom_padding=&#8221;|||&#8221; global_colors_info=&#8221;{}&#8221; custom_padding__hover=&#8221;|||&#8221;][et_pb_image title_text=&#8221;Captura de pantalla 2022-08-13 a las 9.26.38&#8243; admin_label=&#8221;Imagen de la portada&#8221; _builder_version=&#8221;4.16&#8243; background_color=&#8221;#7CDA24&#8243; background_image=&#8221;https:\/\/blogsaverroes.juntadeandalucia.es\/castillodealhabar\/files\/2020\/02\/elcentro.png&#8221; background_size=&#8221;contain&#8221; vertical_offset_tablet=&#8221;0&#8243; horizontal_offset_tablet=&#8221;0&#8243; z_index_tablet=&#8221;500&#8243; box_shadow_horizontal_tablet=&#8221;0px&#8221; box_shadow_vertical_tablet=&#8221;0px&#8221; box_shadow_blur_tablet=&#8221;40px&#8221; box_shadow_spread_tablet=&#8221;0px&#8221; global_colors_info=&#8221;{}&#8221;][\/et_pb_image][et_pb_text admin_label=&#8221;Texto descriptivo&#8221; _builder_version=&#8221;4.16&#8243; z_index_tablet=&#8221;500&#8243; text_text_shadow_horizontal_length_tablet=&#8221;0px&#8221; text_text_shadow_vertical_length_tablet=&#8221;0px&#8221; text_text_shadow_blur_strength_tablet=&#8221;1px&#8221; link_text_shadow_horizontal_length_tablet=&#8221;0px&#8221; link_text_shadow_vertical_length_tablet=&#8221;0px&#8221; link_text_shadow_blur_strength_tablet=&#8221;1px&#8221; ul_text_shadow_horizontal_length_tablet=&#8221;0px&#8221; ul_text_shadow_vertical_length_tablet=&#8221;0px&#8221; ul_text_shadow_blur_strength_tablet=&#8221;1px&#8221; ol_text_shadow_horizontal_length_tablet=&#8221;0px&#8221; ol_text_shadow_vertical_length_tablet=&#8221;0px&#8221; ol_text_shadow_blur_strength_tablet=&#8221;1px&#8221; quote_text_shadow_horizontal_length_tablet=&#8221;0px&#8221; quote_text_shadow_vertical_length_tablet=&#8221;0px&#8221; quote_text_shadow_blur_strength_tablet=&#8221;1px&#8221; header_text_shadow_horizontal_length_tablet=&#8221;0px&#8221; header_text_shadow_vertical_length_tablet=&#8221;0px&#8221; header_text_shadow_blur_strength_tablet=&#8221;1px&#8221; header_2_text_shadow_horizontal_length_tablet=&#8221;0px&#8221; header_2_text_shadow_vertical_length_tablet=&#8221;0px&#8221; header_2_text_shadow_blur_strength_tablet=&#8221;1px&#8221; header_3_text_shadow_horizontal_length_tablet=&#8221;0px&#8221; header_3_text_shadow_vertical_length_tablet=&#8221;0px&#8221; header_3_text_shadow_blur_strength_tablet=&#8221;1px&#8221; header_4_text_shadow_horizontal_length_tablet=&#8221;0px&#8221; header_4_text_shadow_vertical_length_tablet=&#8221;0px&#8221; header_4_text_shadow_blur_strength_tablet=&#8221;1px&#8221; header_5_text_shadow_horizontal_length_tablet=&#8221;0px&#8221; header_5_text_shadow_vertical_length_tablet=&#8221;0px&#8221; header_5_text_shadow_blur_strength_tablet=&#8221;1px&#8221; header_6_text_shadow_horizontal_length_tablet=&#8221;0px&#8221; header_6_text_shadow_vertical_length_tablet=&#8221;0px&#8221; header_6_text_shadow_blur_strength_tablet=&#8221;1px&#8221; box_shadow_horizontal_tablet=&#8221;0px&#8221; box_shadow_vertical_tablet=&#8221;0px&#8221; box_shadow_blur_tablet=&#8221;40px&#8221; box_shadow_spread_tablet=&#8221;0px&#8221; global_colors_info=&#8221;{}&#8221;]<\/p>\n<h2>Nuestra Historia<\/h2>\n<p>El Colegio P\u00fablico &#8220;Castillo de Alhabar&#8221; se encuentra situado en la localidad de Cambil (Ja\u00e9n), en el Parque Natural de Sierra M\u00e1gina. Los seis edificios que componen el centro, est\u00e1n atravesados por dos r\u00edos, a la falda de las ruinas del castillo del que procede su nombre. El Centro est\u00e1 formado por 3 unidades de Infantil, 6 unidades de Primaria, 2 unidades de 1er Ciclo de ESO y 1 aula Pedagog\u00eda Terap\u00e9utica.<\/p>\n<p>[\/et_pb_text][\/et_pb_column][\/et_pb_row][et_pb_row _builder_version=&#8221;4.16&#8243; _module_preset=&#8221;default&#8221; global_colors_info=&#8221;{}&#8221;][et_pb_column type=&#8221;4_4&#8243; _builder_version=&#8221;4.16&#8243; _module_preset=&#8221;default&#8221; global_colors_info=&#8221;{}&#8221;][et_pb_gallery gallery_ids=&#8221;658,659,657,656,655&#8243; gallery_orderby=&#8221;rand&#8221; show_title_and_caption=&#8221;off&#8221; show_pagination=&#8221;off&#8221; _builder_version=&#8221;4.16&#8243; _module_preset=&#8221;default&#8221; global_colors_info=&#8221;{}&#8221;][\/et_pb_gallery][\/et_pb_column][\/et_pb_row][et_pb_row _builder_version=&#8221;4.16&#8243; _module_preset=&#8221;default&#8221; global_colors_info=&#8221;{}&#8221;][et_pb_column type=&#8221;4_4&#8243; _builder_version=&#8221;4.16&#8243; _module_preset=&#8221;default&#8221; global_colors_info=&#8221;{}&#8221;][et_pb_accordion _builder_version=&#8221;4.16&#8243; _module_preset=&#8221;default&#8221; locked=&#8221;off&#8221; global_colors_info=&#8221;{}&#8221;][et_pb_accordion_item title=&#8221;CLAUSTRO 2025\/2026&#8243; open=&#8221;on&#8221; _builder_version=&#8221;4.16&#8243; _module_preset=&#8221;default&#8221; global_colors_info=&#8221;{}&#8221;]<\/p>\n<p dir=\"ltr\">4<\/p>\n<p dir=\"ltr\">EQUIPO DIRECTIVO<\/p>\n<p dir=\"ltr\">Director:\u00a0 Pedro Jos\u00e9 Sutil Martos<\/p>\n<p dir=\"ltr\">Jefe de Estudios: Beatriz Osma D\u00edaz<\/p>\n<p dir=\"ltr\">Secretaria: Ana M\u00aa Fern\u00e1ndez Guzm\u00e1n\u00a0<\/p>\n<p>&nbsp;<\/p>\n<p dir=\"ltr\">EDUCACI\u00d3N INFANTIL<\/p>\n<p dir=\"ltr\">M\u00aa Carmen Escuin Molina (3 a\u00f1os)<\/p>\n<p dir=\"ltr\">Encarnaci\u00f3n Santoyo Mart\u00ednez (4 a\u00f1os)<\/p>\n<p dir=\"ltr\">M\u00aa Carmen Carrascosa Mart\u00edn (5 a\u00f1os) Coordinadora<\/p>\n<p dir=\"ltr\">\n<p dir=\"ltr\">\n<p>&nbsp;<\/p>\n<p dir=\"ltr\">EDUCACI\u00d3N PRIMARIA<\/p>\n<p><span>Carvajal Sutil, Raquel\u00a0 ZTS<\/span><\/p>\n<p><span>Garc\u00eda Lechuga, Nicolasa. REFUERZO<\/span><\/p>\n<p><span>Prieto Rodr\u00edguez, V\u00edctor Emilio INGL\u00c9S (Coordinador biling\u00fc\u00edsmo)<\/span><\/p>\n<p><span>Casas L\u00f3pez, Juana. PT aula espec\u00edfica<\/span><\/p>\n<p><span>Solana Almaz\u00e1n, Rosario. RELIGI\u00d3N<\/span><\/p>\n<p><span><\/span><\/p>\n<p>1\u00ba DE PRIMARIA:<span>\u00a0<\/span><span>Osma D\u00edaz, Beatriz (Jefatura de Estudios)<\/span>\u00a0<span><\/span><\/p>\n<p>2\u00ba DE PRIMARIA:<span>\u00a0<\/span><span>L\u00e1zaro L\u00f3pez, Silvia<\/span><span><\/span><\/p>\n<p>3\u00ba DE PRIMARIA:<span>\u00a0<\/span><span>Cruz Mart\u00ednez, Mar\u00eda \u00c1ngeles ( Coordinadora Erasmus)<\/span><span><\/span><\/p>\n<p>4\u00ba DE PRIMARIA:<span>\u00a0<\/span><span>Fern\u00e1ndez Guzm\u00e1n, Ana Mar\u00eda (Secretaria)<\/span><span><\/span><\/p>\n<p>5\u00ba DE PRIMARIA:<span>\u00a0<\/span><span>C\u00e1rdenas Labella, Mar\u00eda Dolores (EF)<\/span><span><\/span><\/p>\n<p><span>6\u00ba DE PRIMARIA: Castillo G\u00f3mez, Mar\u00eda Jos\u00e9. (FRANC\u00c9S)<\/span><\/p>\n<p><span><\/span><\/p>\n<p>SECUNDARIA<span><\/span><\/p>\n<p>&nbsp;<\/p>\n<p>&nbsp;<\/p>\n<p>1\u00ba ESO:\u00a0<span>\u00a0<\/span><span>Barrionuevo de la Torre, Mar\u00eda \u00c1ngeles (MATEM\u00c1TICAS, FYQ Y BIOLOG\u00cdA)<\/span><span><\/span><\/p>\n<p>2\u00ba ESO:<span>\u00a0<\/span><span>Ruz Mu\u00f1oz, Pedro (INGL\u00c9S Y LENGUA)<\/span><span><\/span><\/p>\n<p><span>Sutil Martos, Pedro Jose (GYH, DIRECCI\u00d3N)<\/span><\/p>\n<p><span>Navarro Escribano, Ana Mar\u00eda (RELIGI\u00d3N SECUNDARIA)<\/span><span><\/span><\/p>\n<p><span>Jim\u00e9nez Jim\u00e9nez, Isabel Mar\u00eda (ART\u00cdSTICA PRIMARIA Y SECUNDARIA)<\/span><span><\/span><span><\/span><\/p>\n<p><span>Guirado Torres, Ver\u00f3nica (EF SECUNDARIA Y TECNOLOG\u00cdA)<\/span><\/p>\n<p>&nbsp;<\/p>\n<p dir=\"ltr\">\n<p>&nbsp;<\/p>\n<p>[\/et_pb_accordion_item][\/et_pb_accordion][\/et_pb_column][\/et_pb_row][\/et_pb_section]<\/p>\n","protected":false},"excerpt":{"rendered":"<p>Nuestra Historia El Colegio P\u00fablico &#8220;Castillo de Alhabar&#8221; se encuentra situado en la localidad de Cambil (Ja\u00e9n), en el Parque Natural de Sierra M\u00e1gina. Los seis edificios que componen el centro, est\u00e1n atravesados por dos r\u00edos, a la falda de las ruinas del castillo del que procede su nombre. El Centro est\u00e1 formado por 3 [&hellip;]<\/p>\n","protected":false},"author":7051,"featured_media":0,"parent":0,"menu_order":0,"comment_status":"closed","ping_status":"closed","template":"","meta":{"_et_pb_use_builder":"on","_et_pb_old_content":"","_et_gb_content_width":"","ngg_post_thumbnail":0,"footnotes":""},"aioseo_notices":[],"_links":{"self":[{"href":"https:\/\/blogsaverroes.juntadeandalucia.es\/castillodealhabar\/wp-json\/wp\/v2\/pages\/295"}],"collection":[{"href":"https:\/\/blogsaverroes.juntadeandalucia.es\/castillodealhabar\/wp-json\/wp\/v2\/pages"}],"about":[{"href":"https:\/\/blogsaverroes.juntadeandalucia.es\/castillodealhabar\/wp-json\/wp\/v2\/types\/page"}],"author":[{"embeddable":true,"href":"https:\/\/blogsaverroes.juntadeandalucia.es\/castillodealhabar\/wp-json\/wp\/v2\/users\/7051"}],"replies":[{"embeddable":true,"href":"https:\/\/blogsaverroes.juntadeandalucia.es\/castillodealhabar\/wp-json\/wp\/v2\/comments?post=295"}],"version-history":[{"count":14,"href":"https:\/\/blogsaverroes.juntadeandalucia.es\/castillodealhabar\/wp-json\/wp\/v2\/pages\/295\/revisions"}],"predecessor-version":[{"id":923,"href":"https:\/\/blogsaverroes.juntadeandalucia.es\/castillodealhabar\/wp-json\/wp\/v2\/pages\/295\/revisions\/923"}],"wp:attachment":[{"href":"https:\/\/blogsaverroes.juntadeandalucia.es\/castillodealhabar\/wp-json\/wp\/v2\/media?parent=295"}],"curies":[{"name":"wp","href":"https:\/\/api.w.org\/{rel}","templated":true}]}}

<p>[et_pb_section fb_built=&#8221;1&#8243; _builder_version=&#8221;4.16&#8243; custom_padding=&#8221;0px||0px|&#8221; z_index_tablet=&#8221;500&#8243; box_shadow_horizontal_tablet=&#8221;0px&#8221; box_shadow_vertical_tablet=&#8221;0px&#8221; box_shadow_blur_tablet=&#8221;40px&#8221; box_shadow_spread_tablet=&#8221;0px&#8221; global_colors_info=&#8221;{}&#8221;][et_pb_row _builder_version=&#8221;4.16&#8243; custom_margin=&#8221;-10px|||&#8221; z_index_tablet=&#8221;500&#8243; box_shadow_horizontal_tablet=&#8221;0px&#8221; box_shadow_vertical_tablet=&#8221;0px&#8221; box_shadow_blur_tablet=&#8221;40px&#8221; box_shadow_spread_tablet=&#8221;0px&#8221; global_colors_info=&#8221;{}&#8221;][et_pb_column type=&#8221;4_4&#8243; _builder_version=&#8221;4.16&#8243; custom_padding=&#8221;|||&#8221; global_colors_info=&#8221;{}&#8221; custom_padding__hover=&#8221;|||&#8221;][et_pb_image title_text=&#8221;Captura de pantalla 2022-08-13 a las 9.26.38&#8243; admin_label=&#8221;Imagen de la portada&#8221; _builder_version=&#8221;4.16&#8243; background_color=&#8221;#7CDA24&#8243; background_image=&#8221;https://blogsaverroes.juntadeandalucia.es/castillodealhabar/files/2020/02/elcentro.png&#8221; background_size=&#8221;contain&#8221; vertical_offset_tablet=&#8221;0&#8243; horizontal_offset_tablet=&#8221;0&#8243; z_index_tablet=&#8221;500&#8243; box_shadow_horizontal_tablet=&#8221;0px&#8221; box_shadow_vertical_tablet=&#8221;0px&#8221; box_shadow_blur_tablet=&#8221;40px&#8221; box_shadow_spread_tablet=&#8221;0px&#8221; global_colors_info=&#8221;{}&#8221;][/et_pb_image][et_pb_text admin_label=&#8221;Texto descriptivo&#8221; _builder_version=&#8221;4.16&#8243; z_index_tablet=&#8221;500&#8243; text_text_shadow_horizontal_length_tablet=&#8221;0px&#8221; text_text_shadow_vertical_length_tablet=&#8221;0px&#8221; text_text_shadow_blur_strength_tablet=&#8221;1px&#8221; link_text_shadow_horizontal_length_tablet=&#8221;0px&#8221; link_text_shadow_vertical_length_tablet=&#8221;0px&#8221; link_text_shadow_blur_strength_tablet=&#8221;1px&#8221; ul_text_shadow_horizontal_length_tablet=&#8221;0px&#8221; ul_text_shadow_vertical_length_tablet=&#8221;0px&#8221; ul_text_shadow_blur_strength_tablet=&#8221;1px&#8221; ol_text_shadow_horizontal_length_tablet=&#8221;0px&#8221; ol_text_shadow_vertical_length_tablet=&#8221;0px&#8221; ol_text_shadow_blur_strength_tablet=&#8221;1px&#8221; quote_text_shadow_horizontal_length_tablet=&#8221;0px&#8221; quote_text_shadow_vertical_length_tablet=&#8221;0px&#8221; quote_text_shadow_blur_strength_tablet=&#8221;1px&#8221; header_text_shadow_horizontal_length_tablet=&#8221;0px&#8221; header_text_shadow_vertical_length_tablet=&#8221;0px&#8221; header_text_shadow_blur_strength_tablet=&#8221;1px&#8221; header_2_text_shadow_horizontal_length_tablet=&#8221;0px&#8221; header_2_text_shadow_vertical_length_tablet=&#8221;0px&#8221; header_2_text_shadow_blur_strength_tablet=&#8221;1px&#8221; header_3_text_shadow_horizontal_length_tablet=&#8221;0px&#8221; header_3_text_shadow_vertical_length_tablet=&#8221;0px&#8221; header_3_text_shadow_blur_strength_tablet=&#8221;1px&#8221; header_4_text_shadow_horizontal_length_tablet=&#8221;0px&#8221; header_4_text_shadow_vertical_length_tablet=&#8221;0px&#8221; header_4_text_shadow_blur_strength_tablet=&#8221;1px&#8221; header_5_text_shadow_horizontal_length_tablet=&#8221;0px&#8221; header_5_text_shadow_vertical_length_tablet=&#8221;0px&#8221; header_5_text_shadow_blur_strength_tablet=&#8221;1px&#8221; header_6_text_shadow_horizontal_length_tablet=&#8221;0px&#8221; header_6_text_shadow_vertical_length_tablet=&#8221;0px&#8221; header_6_text_shadow_blur_strength_tablet=&#8221;1px&#8221; box_shadow_horizontal_tablet=&#8221;0px&#8221; box_shadow_vertical_tablet=&#8221;0px&#8221; box_shadow_blur_tablet=&#8221;40px&#8221; box_shadow_spread_tablet=&#8221;0px&#8221; global_colors_info=&#8221;{}&#8221;]</p>
<h2>Nuestra Historia</h2>
<p>El Colegio Público &#8220;Castillo de Alhabar&#8221; se encuentra situado en la localidad de Cambil (Jaén), en el Parque Natural de Sierra Mágina. Los seis edificios que componen el centro, están atravesados por dos ríos, a la falda de las ruinas del castillo del que procede su nombre. El Centro está formado por 3 unidades de Infantil, 6 unidades de Primaria, 2 unidades de 1er Ciclo de ESO y 1 aula Pedagogía Terapéutica.</p>
<p>[/et_pb_text][/et_pb_column][/et_pb_row][et_pb_row _builder_version=&#8221;4.16&#8243; _module_preset=&#8221;default&#8221; global_colors_info=&#8221;{}&#8221;][et_pb_column type=&#8221;4_4&#8243; _builder_version=&#8221;4.16&#8243; _module_preset=&#8221;default&#8221; global_colors_info=&#8221;{}&#8221;][et_pb_gallery gallery_ids=&#8221;658,659,657,656,655&#8243; gallery_orderby=&#8221;rand&#8221; show_title_and_caption=&#8221;off&#8221; show_pagination=&#8221;off&#8221; _builder_version=&#8221;4.16&#8243; _module_preset=&#8221;default&#8221; global_colors_info=&#8221;{}&#8221;][/et_pb_gallery][/et_pb_column][/et_pb_row][et_pb_row _builder_version=&#8221;4.16&#8243; _module_preset=&#8221;default&#8221; global_colors_info=&#8221;{}&#8221;][et_pb_column type=&#8221;4_4&#8243; _builder_version=&#8221;4.16&#8243; _module_preset=&#8221;default&#8221; global_colors_info=&#8221;{}&#8221;][et_pb_accordion _builder_version=&#8221;4.16&#8243; _module_preset=&#8221;default&#8221; locked=&#8221;off&#8221; global_colors_info=&#8221;{}&#8221;][et_pb_accordion_item title=&#8221;CLAUSTRO 2025/2026&#8243; open=&#8221;on&#8221; _builder_version=&#8221;4.16&#8243; _module_preset=&#8221;default&#8221; global_colors_info=&#8221;{}&#8221;]</p>
<p dir="ltr">4</p>
<p dir="ltr">EQUIPO DIRECTIVO</p>
<p dir="ltr">Director:  Pedro José Sutil Martos</p>
<p dir="ltr">Jefe de Estudios: Beatriz Osma Díaz</p>
<p dir="ltr">Secretaria: Ana Mª Fernández Guzmán </p>
<p>&nbsp;</p>
<p dir="ltr">EDUCACIÓN INFANTIL</p>
<p dir="ltr">Mª Carmen Escuin Molina (3 años)</p>
<p dir="ltr">Encarnación Santoyo Martínez (4 años)</p>
<p dir="ltr">Mª Carmen Carrascosa Martín (5 años) Coordinadora</p>
<p dir="ltr">
<p dir="ltr">
<p>&nbsp;</p>
<p dir="ltr">EDUCACIÓN PRIMARIA</p>
<p><span>Carvajal Sutil, Raquel  ZTS</span></p>
<p><span>García Lechuga, Nicolasa. REFUERZO</span></p>
<p><span>Prieto Rodríguez, Víctor Emilio INGLÉS (Coordinador bilingüísmo)</span></p>
<p><span>Casas López, Juana. PT aula específica</span></p>
<p><span>Solana Almazán, Rosario. RELIGIÓN</span></p>
<p><span></span></p>
<p>1º DE PRIMARIA:<span> </span><span>Osma Díaz, Beatriz (Jefatura de Estudios)</span> <span></span></p>
<p>2º DE PRIMARIA:<span> </span><span>Lázaro López, Silvia</span><span></span></p>
<p>3º DE PRIMARIA:<span> </span><span>Cruz Martínez, María Ángeles ( Coordinadora Erasmus)</span><span></span></p>
<p>4º DE PRIMARIA:<span> </span><span>Fernández Guzmán, Ana María (Secretaria)</span><span></span></p>
<p>5º DE PRIMARIA:<span> </span><span>Cárdenas Labella, María Dolores (EF)</span><span></span></p>
<p><span>6º DE PRIMARIA: Castillo Gómez, María José. (FRANCÉS)</span></p>
<p><span></span></p>
<p>SECUNDARIA<span></span></p>
<p>&nbsp;</p>
<p>&nbsp;</p>
<p>1º ESO: <span> </span><span>Barrionuevo de la Torre, María Ángeles (MATEMÁTICAS, FYQ Y BIOLOGÍA)</span><span></span></p>
<p>2º ESO:<span> </span><span>Ruz Muñoz, Pedro (INGLÉS Y LENGUA)</span><span></span></p>
<p><span>Sutil Martos, Pedro Jose (GYH, DIRECCIÓN)</span></p>
<p><span>Navarro Escribano, Ana María (RELIGIÓN SECUNDARIA)</span><span></span></p>
<p><span>Jiménez Jiménez, Isabel María (ARTÍSTICA PRIMARIA Y SECUNDARIA)</span><span></span><span></span></p>
<p><span>Guirado Torres, Verónica (EF SECUNDARIA Y TECNOLOGÍA)</span></p>
<p>&nbsp;</p>
<p dir="ltr">
<p>&nbsp;</p>
<p>[/et_pb_accordion_item][/et_pb_accordion][/et_pb_column][/et_pb_row][/et_pb_section]</p>

<p>Nuestra Historia El Colegio Público &#8220;Castillo de Alhabar&#8221; se encuentra situado en la localidad de Cambil (Jaén), en el Parque Natural de Sierra Mágina. Los seis edificios que componen el centro, están atravesados por dos ríos, a la falda de las ruinas del castillo del que procede su nombre. El Centro está formado por 3 [&hellip;]</p>
