{"id":22,"date":"2020-09-20T19:09:25","date_gmt":"2020-09-20T19:09:25","guid":{"rendered":"https:\/\/blogsaverroes.juntadeandalucia.es\/2bachccss\/?page_id=22"},"modified":"2021-06-04T09:25:09","modified_gmt":"2021-06-04T09:25:09","slug":"0-estadistica-de-1o-de-bachillerato","status":"publish","type":"page","link":"https:\/\/blogsaverroes.juntadeandalucia.es\/ccss2\/0-estadistica-de-1o-de-bachillerato\/","title":{"rendered":"0. Estad\u00edstica de 1\u00ba de bachillerato"},"content":{"rendered":"<p><strong><span style=\"font-size: 18pt\">APUNTES DE LA UNIDAD<\/span><\/strong><\/p>\n<p style=\"text-align: center\"><a href=\"https:\/\/blogsaverroes.juntadeandalucia.es\/ccss2\/files\/2020\/09\/estadisticalatex.pdf\"><img loading=\"lazy\" decoding=\"async\" class=\"alignnone wp-image-40 \" src=\"https:\/\/blogsaverroes.juntadeandalucia.es\/ccss2\/files\/2020\/09\/768px-Adobe_Acrobat_PDF_158878.svg_-150x150.png\" alt=\"\" width=\"75\" height=\"75\" srcset=\"https:\/\/blogsaverroes.juntadeandalucia.es\/ccss2\/files\/2020\/09\/768px-Adobe_Acrobat_PDF_158878.svg_-150x150.png 150w, https:\/\/blogsaverroes.juntadeandalucia.es\/ccss2\/files\/2020\/09\/768px-Adobe_Acrobat_PDF_158878.svg_-80x80.png 80w, https:\/\/blogsaverroes.juntadeandalucia.es\/ccss2\/files\/2020\/09\/768px-Adobe_Acrobat_PDF_158878.svg_-320x320.png 320w\" sizes=\"(max-width: 75px) 100vw, 75px\" \/><\/a><\/p>\n<p><strong><span style=\"font-size: 18pt\">RELACI\u00d3N DE EJERCICIOS<\/span><\/strong><\/p>\n<p style=\"text-align: center\"><a href=\"https:\/\/blogsaverroes.juntadeandalucia.es\/2bachccss\/files\/2020\/09\/relaci%C3%B3nejerciciosestad%C3%ADstica.pdf\"><img loading=\"lazy\" decoding=\"async\" class=\"alignnone wp-image-40 \" src=\"https:\/\/blogsaverroes.juntadeandalucia.es\/ccss2\/files\/2020\/09\/768px-Adobe_Acrobat_PDF_158878.svg_-150x150.png\" alt=\"\" width=\"75\" height=\"75\" srcset=\"https:\/\/blogsaverroes.juntadeandalucia.es\/ccss2\/files\/2020\/09\/768px-Adobe_Acrobat_PDF_158878.svg_-150x150.png 150w, https:\/\/blogsaverroes.juntadeandalucia.es\/ccss2\/files\/2020\/09\/768px-Adobe_Acrobat_PDF_158878.svg_-80x80.png 80w, https:\/\/blogsaverroes.juntadeandalucia.es\/ccss2\/files\/2020\/09\/768px-Adobe_Acrobat_PDF_158878.svg_-320x320.png 320w\" sizes=\"(max-width: 75px) 100vw, 75px\" \/><\/a><\/p>\n<h2>DESARROLLO DE LA UNIDAD<\/h2>\n<table style=\"width: 100%;border-collapse: collapse;height: 281px\" border=\"1\" cellpadding=\"1\">\n<tbody>\n<tr style=\"height: 23px\">\n<td style=\"width: 18.6401%;text-align: center;height: 23px\"><strong>Secci\u00f3n<\/strong><\/td>\n<td style=\"width: 43.5385%;text-align: center;height: 23px\"><strong>Teor\u00eda<\/strong><\/td>\n<td style=\"width: 19.046%;text-align: center;height: 23px\"><strong>Actividades<\/strong><\/td>\n<td style=\"width: 18.7754%;text-align: center;height: 23px\"><strong>Soluciones<\/strong><\/td>\n<\/tr>\n<tr style=\"height: 23px\">\n<td style=\"width: 18.6401%;text-align: center;height: 23px;border-color: #d9d9d9;background-color: #d9d9d9\"><strong>0.4. Par\u00e1metros estad\u00edsticos<\/strong><\/p>\n<p><strong>a) Par\u00e1metros de centralizaci\u00f3n<\/strong><\/td>\n<td style=\"width: 43.5385%;height: 23px;text-align: left;border-color: #d9d9d9;background-color: #d9d9d9\">Los par\u00e1metros de centralizaci\u00f3n nos indican en torno a qu\u00e9 valor (centro) se distribuyen los datos.<\/p>\n<p>a) <strong>Media<\/strong>: es el centro de gravedad de la distribuci\u00f3n.<img loading=\"lazy\" decoding=\"async\" class=\"alignnone size-full wp-image-30 aligncenter\" src=\"https:\/\/blogsaverroes.juntadeandalucia.es\/ccss2\/files\/2020\/09\/Captura.png\" alt=\"\" width=\"164\" height=\"72\"><\/p>\n<p>b)<strong> Mediana:<\/strong> es aquel valor que, al ordenar las observaciones de menor a mayor, ocupa el lugar central. Para hallarla, buscamos en las frecuencias absolutas acumuladas aquella que supera N\/2.<\/p>\n<p>c) <strong>Moda:<\/strong> es aquel valor que tiene mayor frecuencia.<\/p>\n<p><a href=\"https:\/\/youtu.be\/IOyzn2Du540\"><img loading=\"lazy\" decoding=\"async\" class=\"aligncenter wp-image-31\" src=\"https:\/\/blogsaverroes.juntadeandalucia.es\/ccss2\/files\/2020\/09\/YouTube_icon_block-300x300.png\" alt=\"\" width=\"60\" height=\"60\" srcset=\"https:\/\/blogsaverroes.juntadeandalucia.es\/ccss2\/files\/2020\/09\/YouTube_icon_block-300x300.png 300w, https:\/\/blogsaverroes.juntadeandalucia.es\/ccss2\/files\/2020\/09\/YouTube_icon_block-150x150.png 150w, https:\/\/blogsaverroes.juntadeandalucia.es\/ccss2\/files\/2020\/09\/YouTube_icon_block-768x769.png 768w, https:\/\/blogsaverroes.juntadeandalucia.es\/ccss2\/files\/2020\/09\/YouTube_icon_block-80x80.png 80w, https:\/\/blogsaverroes.juntadeandalucia.es\/ccss2\/files\/2020\/09\/YouTube_icon_block-320x320.png 320w, https:\/\/blogsaverroes.juntadeandalucia.es\/ccss2\/files\/2020\/09\/YouTube_icon_block.png 886w\" sizes=\"(max-width: 60px) 100vw, 60px\" \/><\/a><\/td>\n<td style=\"width: 19.046%;text-align: center;height: 23px;border-color: #d9d9d9;background-color: #d9d9d9\">Ejercicios 1 y 2 la relaci\u00f3n de ejercicios<\/td>\n<td style=\"width: 18.7754%;text-align: center;height: 23px;border-color: #d9d9d9;background-color: #d9d9d9\">\n<table style=\"border-collapse: collapse;width: 100%\">\n<tbody>\n<tr>\n<td style=\"width: 50%;border-color: #d9d9d9;background-color: #d9d9d9\"><a href=\"https:\/\/youtu.be\/5VoWYqClSzU\"><img loading=\"lazy\" decoding=\"async\" class=\"alignnone wp-image-32\" src=\"https:\/\/blogsaverroes.juntadeandalucia.es\/ccss2\/files\/2020\/09\/Captura-1.png\" alt=\"\" width=\"50\" height=\"53\"><\/a><\/td>\n<td style=\"width: 50%;border-color: #d9d9d9;background-color: #d9d9d9\"><strong>Ejercicio 1<\/strong><\/td>\n<\/tr>\n<tr>\n<td style=\"width: 50%;border-color: #d9d9d9;background-color: #d9d9d9\"><a href=\"https:\/\/youtu.be\/AMs-nR0EzWg\"><img loading=\"lazy\" decoding=\"async\" class=\"alignnone wp-image-32\" src=\"https:\/\/blogsaverroes.juntadeandalucia.es\/ccss2\/files\/2020\/09\/Captura-1.png\" alt=\"\" width=\"50\" height=\"53\"><\/a><\/td>\n<td style=\"width: 50%;border-color: #d9d9d9;background-color: #d9d9d9\"><strong>Ejercicio 2<\/strong><\/td>\n<\/tr>\n<\/tbody>\n<\/table>\n<\/td>\n<\/tr>\n<tr style=\"height: 23px\">\n<td style=\"width: 18.6401%;text-align: center;height: 23px;border-color: #fafafa;background-color: #fafafa\"><strong>0.4. Par\u00e1metros estad\u00edsticos<\/strong><\/p>\n<p><strong>b) Par\u00e1metros de dispersi\u00f3n<\/strong><\/td>\n<td style=\"width: 43.5385%;text-align: center;height: 23px;border-color: #fafafa;background-color: #fafafa\">\n<p style=\"text-align: left\">Los par\u00e1metros de dispersi\u00f3n informan sobre cu\u00e1nto se alejan del centro los valores de la distribuci\u00f3n.&nbsp;<\/p>\n<p style=\"text-align: left\">a) <strong>Rango o recorrido<\/strong>: es la diferencia entre el dato mayor y el dato menor.<\/p>\n<p style=\"text-align: left\">b)<strong> Varianza:<\/strong><\/p>\n<p><img loading=\"lazy\" decoding=\"async\" class=\"alignnone size-medium wp-image-36\" src=\"https:\/\/blogsaverroes.juntadeandalucia.es\/ccss2\/files\/2020\/09\/Captura-2-300x50.png\" alt=\"\" width=\"300\" height=\"50\" srcset=\"https:\/\/blogsaverroes.juntadeandalucia.es\/ccss2\/files\/2020\/09\/Captura-2-300x50.png 300w, https:\/\/blogsaverroes.juntadeandalucia.es\/ccss2\/files\/2020\/09\/Captura-2.png 390w\" sizes=\"(max-width: 300px) 100vw, 300px\" \/><\/p>\n<p style=\"text-align: left\">c) <strong>Desviaci\u00f3n t\u00edpica:<\/strong><\/p>\n<p><img loading=\"lazy\" decoding=\"async\" class=\"alignnone size-full wp-image-37\" src=\"https:\/\/blogsaverroes.juntadeandalucia.es\/ccss2\/files\/2020\/09\/Captura-3.png\" alt=\"\" width=\"98\" height=\"54\"><\/p>\n<p><a href=\"https:\/\/youtu.be\/Hqum-IKNC_g\"><img loading=\"lazy\" decoding=\"async\" class=\"aligncenter wp-image-31\" src=\"https:\/\/blogsaverroes.juntadeandalucia.es\/ccss2\/files\/2020\/09\/YouTube_icon_block-300x300.png\" alt=\"\" width=\"60\" height=\"60\" srcset=\"https:\/\/blogsaverroes.juntadeandalucia.es\/ccss2\/files\/2020\/09\/YouTube_icon_block-300x300.png 300w, https:\/\/blogsaverroes.juntadeandalucia.es\/ccss2\/files\/2020\/09\/YouTube_icon_block-150x150.png 150w, https:\/\/blogsaverroes.juntadeandalucia.es\/ccss2\/files\/2020\/09\/YouTube_icon_block-768x769.png 768w, https:\/\/blogsaverroes.juntadeandalucia.es\/ccss2\/files\/2020\/09\/YouTube_icon_block-80x80.png 80w, https:\/\/blogsaverroes.juntadeandalucia.es\/ccss2\/files\/2020\/09\/YouTube_icon_block-320x320.png 320w, https:\/\/blogsaverroes.juntadeandalucia.es\/ccss2\/files\/2020\/09\/YouTube_icon_block.png 886w\" sizes=\"(max-width: 60px) 100vw, 60px\" \/><\/a><\/td>\n<td style=\"width: 19.046%;text-align: center;height: 23px;border-color: #fafafa;background-color: #fafafa\">Ejercicios 3, 4 y 5 de la relaci\u00f3n de ejercicios<\/td>\n<td style=\"width: 18.7754%;text-align: center;height: 23px;border-color: #fafafa;background-color: #fafafa\">\n<table style=\"border-collapse: collapse;width: 100%\">\n<tbody>\n<tr>\n<td style=\"width: 50%;border-color: #fafafa;background-color: #fafafa\"><a href=\"https:\/\/youtu.be\/z4ITT_xFFjo\"><img loading=\"lazy\" decoding=\"async\" class=\"alignnone wp-image-32\" src=\"https:\/\/blogsaverroes.juntadeandalucia.es\/ccss2\/files\/2020\/09\/Captura-1.png\" alt=\"\" width=\"50\" height=\"53\"><\/a><\/td>\n<td style=\"width: 50%;border-color: #fafafa;background-color: #fafafa\"><strong>Ejercicio 3<\/strong><\/td>\n<\/tr>\n<tr>\n<td style=\"width: 50%;border-color: #fafafa;background-color: #fafafa\"><a href=\"https:\/\/youtu.be\/QSxFqAnh44A\"><img loading=\"lazy\" decoding=\"async\" class=\"alignnone wp-image-32\" src=\"https:\/\/blogsaverroes.juntadeandalucia.es\/ccss2\/files\/2020\/09\/Captura-1.png\" alt=\"\" width=\"50\" height=\"53\"><\/a><\/td>\n<td style=\"width: 50%;border-color: #fafafa;background-color: #fafafa\"><strong>Ejercicio 4<\/strong><\/td>\n<\/tr>\n<tr>\n<td style=\"width: 50%;border-color: #fafafa;background-color: #fafafa\"><a href=\"https:\/\/youtu.be\/ucIAhoA-cuQ\"><img loading=\"lazy\" decoding=\"async\" class=\"alignnone wp-image-32\" src=\"https:\/\/blogsaverroes.juntadeandalucia.es\/ccss2\/files\/2020\/09\/Captura-1.png\" alt=\"\" width=\"50\" height=\"53\"><\/a><\/td>\n<td style=\"width: 50%;border-color: #fafafa;background-color: #fafafa\"><strong>Ejercicio 5<\/strong><\/td>\n<\/tr>\n<\/tbody>\n<\/table>\n<\/td>\n<\/tr>\n<\/tbody>\n<\/table>\n<p style=\"text-align: center\"><a href=\"https:\/\/blogsaverroes.juntadeandalucia.es\/ccss2\/\"><span style=\"color: #333399\">VOLVER A LA P\u00c1GINA PRINCIPAL<\/span><\/a><\/p>\n","protected":false},"excerpt":{"rendered":"<p>APUNTES DE LA UNIDAD RELACI\u00d3N DE EJERCICIOS DESARROLLO DE LA UNIDAD Secci\u00f3n Teor\u00eda Actividades Soluciones 0.4. Par\u00e1metros estad\u00edsticos a) Par\u00e1metros de centralizaci\u00f3n Los par\u00e1metros de centralizaci\u00f3n nos indican en torno a qu\u00e9 valor (centro)&#46;&#46;&#46;<\/p>\n","protected":false},"author":10606,"featured_media":0,"parent":0,"menu_order":0,"comment_status":"closed","ping_status":"closed","template":"","meta":{"ngg_post_thumbnail":0,"footnotes":""},"aioseo_notices":[],"_links":{"self":[{"href":"https:\/\/blogsaverroes.juntadeandalucia.es\/ccss2\/wp-json\/wp\/v2\/pages\/22"}],"collection":[{"href":"https:\/\/blogsaverroes.juntadeandalucia.es\/ccss2\/wp-json\/wp\/v2\/pages"}],"about":[{"href":"https:\/\/blogsaverroes.juntadeandalucia.es\/ccss2\/wp-json\/wp\/v2\/types\/page"}],"author":[{"embeddable":true,"href":"https:\/\/blogsaverroes.juntadeandalucia.es\/ccss2\/wp-json\/wp\/v2\/users\/10606"}],"replies":[{"embeddable":true,"href":"https:\/\/blogsaverroes.juntadeandalucia.es\/ccss2\/wp-json\/wp\/v2\/comments?post=22"}],"version-history":[{"count":1,"href":"https:\/\/blogsaverroes.juntadeandalucia.es\/ccss2\/wp-json\/wp\/v2\/pages\/22\/revisions"}],"predecessor-version":[{"id":400,"href":"https:\/\/blogsaverroes.juntadeandalucia.es\/ccss2\/wp-json\/wp\/v2\/pages\/22\/revisions\/400"}],"wp:attachment":[{"href":"https:\/\/blogsaverroes.juntadeandalucia.es\/ccss2\/wp-json\/wp\/v2\/media?parent=22"}],"curies":[{"name":"wp","href":"https:\/\/api.w.org\/{rel}","templated":true}]}}