{"id":141,"date":"2023-05-23T12:09:25","date_gmt":"2023-05-23T12:09:25","guid":{"rendered":"https:\/\/blogsaverroes.juntadeandalucia.es\/cdagranada\/?page_id=141"},"modified":"2023-05-23T12:09:25","modified_gmt":"2023-05-23T12:09:25","slug":"ies-sulayr","status":"publish","type":"page","link":"https:\/\/blogsaverroes.juntadeandalucia.es\/cdagranada\/ies-sulayr\/","title":{"rendered":"IES SULAYR"},"content":{"rendered":"<p align=\"justify\"><span style=\"font-family: Source Sans Pro, sans-serif\">Las aportaciones del IES Sulayr, se centraron en exponer el Plan de Mejora y el Plan de Formaci\u00f3n del Centro relacionado con CdA. Se facilita un resumen de estos puntos:<\/span><\/p>\n<p align=\"justify\"><span style=\"font-family: Source Sans Pro, sans-serif\"><b>1. Sistematizaci\u00f3n de las pr\u00e1cticas de \u00e9xito educativo de CdA Actuaciones:<\/b><\/span><\/p>\n<p align=\"justify\">\u2022 <span style=\"font-family: Source Sans Pro, sans-serif\">Cada materia debe contribuir con una actuaci\u00f3n de \u00e9xito por grupo y evaluaci\u00f3n.<\/span><\/p>\n<p align=\"justify\">\u2022 <span style=\"font-family: Source Sans Pro, sans-serif\">Habilitar un calendario trimestral en el que se plasman las actuaciones para organizar el desarrollo de las mismas<\/span><\/p>\n<p align=\"justify\"><span style=\"font-family: Source Sans Pro, sans-serif\"><b>2. Integraci\u00f3n en el programa de CdA al profesorado de nueva incorporaci\u00f3n Actuaciones:<\/b><\/span><\/p>\n<p align=\"justify\"><span style=\"font-family: Source Sans Pro, sans-serif\">-Solicitar al CEP la inscripci\u00f3n en el curso de sensibilizaci\u00f3n en CdA para el profesorado novel<\/span><\/p>\n<p align=\"justify\"><span style=\"font-family: Source Sans Pro, sans-serif\"><b>3. Adquisici\u00f3n de herramientas y recursos para el desarrollo de Aprendizaje Servicio.<\/b><\/span><\/p>\n<p align=\"justify\"><span style=\"font-family: Source Sans Pro, sans-serif\">El producto final es organizar una feria de ecoturismo que implique a varios municipios de nuestra zona de referencia, as\u00ed como asociaciones, empresas y agentes locales<\/span><\/p>\n<p align=\"justify\"><span style=\"font-family: Source Sans Pro, sans-serif\">Actuaciones:<\/span><\/p>\n<p align=\"justify\"><span style=\"font-family: Source Sans Pro, sans-serif\">Inscripci\u00f3n y participaci\u00f3n en el curso de formaci\u00f3n de la Consejer\u00eda de Educaci\u00f3n, dise\u00f1ado para los Centros que han sido seleccionados con un proyecto en Aprendizaje Servicio.<\/span><\/p>\n<p align=\"justify\"><span style=\"font-family: Source Sans Pro, sans-serif\"><b>4. Vincular las actuaciones de las comisiones mixtas con el proyecto de Aprendizaje Servicio<\/b><\/span><\/p>\n<p align=\"justify\"><span style=\"font-family: Source Sans Pro, sans-serif\">Actuaciones:<\/span><\/p>\n<p align=\"justify\"><span style=\"font-family: Source Sans Pro, sans-serif\">&#8211; Reuni\u00f3n con todas las comisiones para dar a conocer el proyecto, intercambio de ideas para decidir y asignar actuaciones.<\/span><\/p>\n<p align=\"justify\"><span style=\"font-family: Source Sans Pro, sans-serif\">&#8211; Seguimiento por parte de las comisiones de sus actuaciones. Participaci\u00f3n de las comisiones en la \u2018Feria de Ecoturismo\u2019.<\/span><\/p>\n<p align=\"justify\"><span style=\"font-family: Source Sans Pro, sans-serif\"><b>5. Revisi\u00f3n en ETCP y Reuniones de Departamento del Plan de Centro, desde la horizontalidad y el modelo dial\u00f3gico, propios de CdA, para adaptarlo a la nueva normativa<\/b><\/span><\/p>\n<p align=\"justify\"><span style=\"font-family: Source Sans Pro, sans-serif\">Actuaciones:<\/span><\/p>\n<p align=\"justify\">\u2022 <span style=\"font-family: Source Sans Pro, sans-serif\">La Direcci\u00f3n da a conocer las l\u00edneas en las que se debe trabajar, compartiendo la informaci\u00f3n y la normativa a los Departamentos.<\/span><\/p>\n<p align=\"justify\">\u2022 <span style=\"font-family: Source Sans Pro, sans-serif\">Los Departamentos llevan a las reuniones de ETCP las propuestas para la revisi\u00f3n de los diferentes apartados del Plan de Centro.<\/span><\/p>\n<p align=\"justify\">&nbsp;<\/p>\n<p align=\"justify\"><img loading=\"lazy\" decoding=\"async\" class=\"aligncenter size-large wp-image-145\" src=\"https:\/\/blogsaverroes.juntadeandalucia.es\/cdagranada\/files\/2023\/05\/SULAYr-1024x637.png\" alt=\"\" width=\"1024\" height=\"637\" srcset=\"https:\/\/blogsaverroes.juntadeandalucia.es\/cdagranada\/files\/2023\/05\/SULAYr-1024x637.png 1024w, https:\/\/blogsaverroes.juntadeandalucia.es\/cdagranada\/files\/2023\/05\/SULAYr-300x186.png 300w, https:\/\/blogsaverroes.juntadeandalucia.es\/cdagranada\/files\/2023\/05\/SULAYr-768x477.png 768w, https:\/\/blogsaverroes.juntadeandalucia.es\/cdagranada\/files\/2023\/05\/SULAYr.png 1274w\" sizes=\"(max-width: 1024px) 100vw, 1024px\" \/><\/p>\n<p align=\"justify\"><span style=\"font-family: Source Sans Pro, sans-serif\"><i><b>Talleres de manejo de dron e impresi\u00f3n 3D<\/b><\/i><\/span><\/p>\n<p align=\"justify\"><img loading=\"lazy\" decoding=\"async\" class=\"aligncenter size-large wp-image-144\" src=\"https:\/\/blogsaverroes.juntadeandalucia.es\/cdagranada\/files\/2023\/05\/sulayr2-1024x249.jpg\" alt=\"\" width=\"1024\" height=\"249\" srcset=\"https:\/\/blogsaverroes.juntadeandalucia.es\/cdagranada\/files\/2023\/05\/sulayr2-1024x249.jpg 1024w, https:\/\/blogsaverroes.juntadeandalucia.es\/cdagranada\/files\/2023\/05\/sulayr2-300x73.jpg 300w, https:\/\/blogsaverroes.juntadeandalucia.es\/cdagranada\/files\/2023\/05\/sulayr2-768x186.jpg 768w, https:\/\/blogsaverroes.juntadeandalucia.es\/cdagranada\/files\/2023\/05\/sulayr2.jpg 1462w\" sizes=\"(max-width: 1024px) 100vw, 1024px\" \/><\/p>\n<p align=\"justify\"><strong><em>M\u00fasicas del mundo en el IES Sulayr<\/em><\/strong><\/p>\n<p align=\"justify\"><img loading=\"lazy\" decoding=\"async\" class=\"aligncenter size-large wp-image-143\" src=\"https:\/\/blogsaverroes.juntadeandalucia.es\/cdagranada\/files\/2023\/05\/sulayr3-1024x513.png\" alt=\"\" width=\"1024\" height=\"513\" srcset=\"https:\/\/blogsaverroes.juntadeandalucia.es\/cdagranada\/files\/2023\/05\/sulayr3-1024x513.png 1024w, https:\/\/blogsaverroes.juntadeandalucia.es\/cdagranada\/files\/2023\/05\/sulayr3-300x150.png 300w, https:\/\/blogsaverroes.juntadeandalucia.es\/cdagranada\/files\/2023\/05\/sulayr3-768x385.png 768w, https:\/\/blogsaverroes.juntadeandalucia.es\/cdagranada\/files\/2023\/05\/sulayr3.png 1277w\" sizes=\"(max-width: 1024px) 100vw, 1024px\" \/><\/p>\n<p align=\"justify\"><img loading=\"lazy\" decoding=\"async\" class=\"aligncenter size-large wp-image-142\" src=\"https:\/\/blogsaverroes.juntadeandalucia.es\/cdagranada\/files\/2023\/05\/Sulayr4-1024x446.png\" alt=\"\" width=\"1024\" height=\"446\" srcset=\"https:\/\/blogsaverroes.juntadeandalucia.es\/cdagranada\/files\/2023\/05\/Sulayr4-1024x446.png 1024w, https:\/\/blogsaverroes.juntadeandalucia.es\/cdagranada\/files\/2023\/05\/Sulayr4-300x131.png 300w, https:\/\/blogsaverroes.juntadeandalucia.es\/cdagranada\/files\/2023\/05\/Sulayr4-768x335.png 768w, https:\/\/blogsaverroes.juntadeandalucia.es\/cdagranada\/files\/2023\/05\/Sulayr4.png 1422w\" sizes=\"(max-width: 1024px) 100vw, 1024px\" \/><\/p>\n<p align=\"justify\"><em><strong>Actividades para jornadas culturales, dinamizadas por voluntariado y talleres facilitados por artesanos y asociaciones locales<\/strong><\/em><\/p>\n","protected":false},"excerpt":{"rendered":"<p>Las aportaciones del IES Sulayr, se centraron en exponer el Plan de Mejora y el Plan de Formaci\u00f3n del Centro relacionado con CdA. Se facilita un resumen de estos puntos: 1. Sistematizaci\u00f3n de las&#46;&#46;&#46;<\/p>\n","protected":false},"author":3720,"featured_media":0,"parent":0,"menu_order":0,"comment_status":"closed","ping_status":"closed","template":"","meta":{"ngg_post_thumbnail":0,"footnotes":""},"aioseo_notices":[],"_links":{"self":[{"href":"https:\/\/blogsaverroes.juntadeandalucia.es\/cdagranada\/wp-json\/wp\/v2\/pages\/141"}],"collection":[{"href":"https:\/\/blogsaverroes.juntadeandalucia.es\/cdagranada\/wp-json\/wp\/v2\/pages"}],"about":[{"href":"https:\/\/blogsaverroes.juntadeandalucia.es\/cdagranada\/wp-json\/wp\/v2\/types\/page"}],"author":[{"embeddable":true,"href":"https:\/\/blogsaverroes.juntadeandalucia.es\/cdagranada\/wp-json\/wp\/v2\/users\/3720"}],"replies":[{"embeddable":true,"href":"https:\/\/blogsaverroes.juntadeandalucia.es\/cdagranada\/wp-json\/wp\/v2\/comments?post=141"}],"version-history":[{"count":1,"href":"https:\/\/blogsaverroes.juntadeandalucia.es\/cdagranada\/wp-json\/wp\/v2\/pages\/141\/revisions"}],"predecessor-version":[{"id":146,"href":"https:\/\/blogsaverroes.juntadeandalucia.es\/cdagranada\/wp-json\/wp\/v2\/pages\/141\/revisions\/146"}],"wp:attachment":[{"href":"https:\/\/blogsaverroes.juntadeandalucia.es\/cdagranada\/wp-json\/wp\/v2\/media?parent=141"}],"curies":[{"name":"wp","href":"https:\/\/api.w.org\/{rel}","templated":true}]}}