{"id":84,"date":"2022-05-23T09:21:48","date_gmt":"2022-05-23T09:21:48","guid":{"rendered":"https:\/\/blogsaverroes.juntadeandalucia.es\/cdagranada\/?page_id=84"},"modified":"2023-05-23T12:20:27","modified_gmt":"2023-05-23T12:20:27","slug":"materiales","status":"publish","type":"page","link":"https:\/\/blogsaverroes.juntadeandalucia.es\/cdagranada\/materiales\/","title":{"rendered":"MATERIALES"},"content":{"rendered":"<p>Espacio creado para exposici\u00f3n de materiales relevantes de las principales <strong>\u00ab<\/strong><span style=\"font-family: 'arial black', sans-serif\"><strong>ACTUACIONES EDUCATIVAS DE \u00c9XITO DE LOS CENTROS\u00bb:<\/strong><\/span><\/p>\n<ul>\n<li>GRUPOS INTERACTIVOS<\/li>\n<li><a href=\"https:\/\/blogsaverroes.juntadeandalucia.es\/cdagranada\/files\/2023\/05\/PARTICIPACI\u00d3N-DE-FAMILIARES-2.pdf\">PARTICIPACI\u00d3N DE VOLUNTARIADO Y FAMILIARES<\/a><\/li>\n<li>TERTULIAS DIAL\u00d3GICAS<\/li>\n<li>FORMACI\u00d3N DIAL\u00d3GICA DEL PROFESORADO<\/li>\n<li>MODELO DIAL\u00d3GICO DE PREVENCI\u00d3N Y RESOLUCI\u00d3N DE CONFLICTOS<\/li>\n<li>COMISIONES MIXTAS<\/li>\n<\/ul>\n<p>&nbsp;<\/p>\n<p>&nbsp;<\/p>\n","protected":false},"excerpt":{"rendered":"<p>Espacio creado para exposici\u00f3n de materiales relevantes de las principales \u00abACTUACIONES EDUCATIVAS DE \u00c9XITO DE LOS CENTROS\u00bb: GRUPOS INTERACTIVOS PARTICIPACI\u00d3N DE VOLUNTARIADO Y FAMILIARES TERTULIAS DIAL\u00d3GICAS FORMACI\u00d3N DIAL\u00d3GICA DEL PROFESORADO MODELO DIAL\u00d3GICO DE PREVENCI\u00d3N&#46;&#46;&#46;<\/p>\n","protected":false},"author":3720,"featured_media":0,"parent":0,"menu_order":0,"comment_status":"closed","ping_status":"closed","template":"","meta":{"ngg_post_thumbnail":0,"footnotes":""},"aioseo_notices":[],"_links":{"self":[{"href":"https:\/\/blogsaverroes.juntadeandalucia.es\/cdagranada\/wp-json\/wp\/v2\/pages\/84"}],"collection":[{"href":"https:\/\/blogsaverroes.juntadeandalucia.es\/cdagranada\/wp-json\/wp\/v2\/pages"}],"about":[{"href":"https:\/\/blogsaverroes.juntadeandalucia.es\/cdagranada\/wp-json\/wp\/v2\/types\/page"}],"author":[{"embeddable":true,"href":"https:\/\/blogsaverroes.juntadeandalucia.es\/cdagranada\/wp-json\/wp\/v2\/users\/3720"}],"replies":[{"embeddable":true,"href":"https:\/\/blogsaverroes.juntadeandalucia.es\/cdagranada\/wp-json\/wp\/v2\/comments?post=84"}],"version-history":[{"count":5,"href":"https:\/\/blogsaverroes.juntadeandalucia.es\/cdagranada\/wp-json\/wp\/v2\/pages\/84\/revisions"}],"predecessor-version":[{"id":154,"href":"https:\/\/blogsaverroes.juntadeandalucia.es\/cdagranada\/wp-json\/wp\/v2\/pages\/84\/revisions\/154"}],"wp:attachment":[{"href":"https:\/\/blogsaverroes.juntadeandalucia.es\/cdagranada\/wp-json\/wp\/v2\/media?parent=84"}],"curies":[{"name":"wp","href":"https:\/\/api.w.org\/{rel}","templated":true}]}}