{"id":2394,"date":"2020-12-15T09:35:42","date_gmt":"2020-12-15T09:35:42","guid":{"rendered":"https:\/\/blogsaverroes.juntadeandalucia.es\/cdpeemarujadequinta\/?page_id=2394"},"modified":"2022-06-06T12:49:32","modified_gmt":"2022-06-06T12:49:32","slug":"aula-plurideficientes-i","status":"publish","type":"page","link":"https:\/\/blogsaverroes.juntadeandalucia.es\/cdpeemarujadequinta\/aula-plurideficientes-i\/","title":{"rendered":"Aula Plurideficientes II"},"content":{"rendered":"<p>Los objetivos generales del aula de Pluri II son b\u00e1sicamente proporcionar al alumnado una formaci\u00f3n que le permitan realizar aprendizajes acordes con sus capacidades y conseguir as\u00ed su m\u00e1ximo desarrollo a nivel personal, afectivo y social; desarrollar mayores niveles de autonom\u00eda en actividades de la vida diaria (desplazamiento, aseo e higiene personal); disminuir conductas disruptivas del alumnado y una vez que estas se producen resolverlas de manera adecuada; mejorar las capacidades cognitivas b\u00e1sicas de atenci\u00f3n. Se toma como referente el curr\u00edculum de infantil, algunos alumnos\/as tienen algunos objetivos del primer<br \/>\nciclo de primaria.<\/p>\n<p><strong>ORGANIZACI\u00d3N DEL AULA\/ACTIVIDADES<\/strong><\/p>\n<p>Al llegar al aula nos quitamos mochilas, abrigos y lo colgamos en su sitio. A continuaci\u00f3n, procedemos al lavado de manos. Realizamos la asamblea y una vez terminada \u00e9sta, repasamos junto con el alumnado su \u201cagenda diaria\u201d realizada por la tutora con<br \/>\npictogramas o fotos reales.<\/p>\n<p>El recreo es de 11:30 a 12:00, donde el juego es libre. Una vez que volvemos de \u00e9ste, cada alumno \/a se toma su desayuno y volvemos a realizar las tareas curriculares.<\/p>\n<p>En el aula se trabaja tanto de forma individual, para potenciar la autonom\u00eda del alumno\/a y trabajar los objetivos de sus Acis como de manera grupal, para trabajar la colaboraci\u00f3n entre ellos. Cada d\u00eda hay una actividad grupal (m\u00fasica, juegos ordenador, juegos<br \/>\nde mesa, pl\u00e1stica y pel\u00edcula). Tambi\u00e9n se trabaja de uno a uno donde el profesor le presenta al alumno una actividad nueva.<\/p>\n<p>El alumnado acude a sesiones de fisioterapia y logopedia, para lo cual hay una coordinaci\u00f3n entre el especialista de cada materia y la tutora del aula.<\/p>\n<p><strong>ORGANIZACI\u00d3N DE LA METODOLOG\u00cdA<\/strong><\/p>\n<ul style=\"list-style-type: circle\">\n<li>Cualquier objetivo que nos planteamos debe ser adecuado a su edad cronol\u00f3gica, realista y funcional evitando planteamientos abstractos que no puedan asumir o perdernos en el curr\u00edculo acad\u00e9mico ordinario. El car\u00e1cter funcional de los objetivos es nuestra principal premisa.<\/li>\n<li>Realizar el proceso de ense\u00f1anza-aprendizaje de forma motivadora, bas\u00e1ndonos en los gustos e intereses personales del ni\u00f1o, intercalando actividades agradables con las m\u00e1s costosas.<\/li>\n<li>Moldeamiento de la conducta.<\/li>\n<li>Refuerzo positivo (verbal y f\u00edsico) y negativo, siempre que sea necesario.<\/li>\n<li>Uso de un lenguaje verbal conciso, con frases cortas y claras.<\/li>\n<li>Evitar est\u00edmulos innecesarios (visuales, verbales, etc.)<\/li>\n<li>Ofrecerle al alumno\/a solo y exclusivamente la ayuda m\u00ednima necesaria para que sea capaz de resolver cualquiera situaci\u00f3n en la que se encuentre.<\/li>\n<\/ul>\n<p>Resaltar que utilizamos como sistema aumentativo de comunicaci\u00f3n una agenda de tareas visual con pictogramas o fotos reales donde se secuencia el trabajo a realizar en ese d\u00eda y cuyo fin principal es anticipar el trabajo al alumnado. Cada d\u00eda hay una tarea principal asoci\u00e1ndolo as\u00ed al d\u00eda de la semana en el que nos encontramos.<\/p>\n<p>Los objetivos se intentar\u00e1n alcanzar mediante fichas y material manipulable adaptado a las necesidades de cada alumno\/a. Muchas tareas se realizan trabajando el alumno junto con el tutor (trabajo 1 a 1). Entre una actividad y otra se le da al alumnado un descanso, dependiendo del alumno\/a, de la actividad que ha realizado y el tiempo empleado.<\/p>\n<p><strong>ORGANIZACI\u00d3N DEL MATERIAL<\/strong><\/p>\n<p>El material est\u00e1 adaptado a las caracter\u00edsticas del alumno y a los objetivos que queramos conseguir. Algunos materiales est\u00e1n realizados por la tutora del aula adapt\u00e1ndolos a las capacidades necesidades del alumnado. La mayor\u00eda del alumnado trabaja con materiales manipulativos y otros adem\u00e1s, con fichas. Todo el material est\u00e1 organizado en dos muebles de estanter\u00edas dentro de la sala de relajaci\u00f3n.<\/p>\n<p><strong>ORGANIZACI\u00d3N ESPACIAL DEL AULA<\/strong><\/p>\n<p>1. Rinc\u00f3n de trabajo individual: hay 5 mesas de trabajo, una para cada alumno\/a. Una alumna dispone tambi\u00e9n de otra mesa adaptada con un panel imantado.<br \/>\n2. Rinc\u00f3n del material para trabajar: en la parte trasera de la clase se encuentran situado dos muebles con el material del aula.<br \/>\n3. Rinc\u00f3n del ordenador: encontramos un pc que utilizamos bien en grupo o de forma<br \/>\nindividual.<br \/>\n4. Rinc\u00f3n del descanso: el aula cuenta con una habitaci\u00f3n con cristalera por lo que desde ella podemos ver perfectamente al alumno\/a cuando se encuentra descansando en la colchoneta.<br \/>\n5. Patio: contamos con un peque\u00f1o patio, el cual se comunica con otra aula.<br \/>\n6. Aseo: este se compone de dos ba\u00f1os (uno para los alumnos de esta aula y otro para los del aula de al lado) y una encimera con un lavabo<br \/>\n7. Mesa del profesor: zona de trabajo de la tutora.<br \/>\n8. Rinc\u00f3n del trabajo 1 a 1: en la habitaci\u00f3n trasera hay una mesa con dos sillas.<\/p>\n<p>&nbsp;<\/p>\n<p><a href=\"https:\/\/blogsaverroes.juntadeandalucia.es\/cdpeemarujadequinta\/files\/2022\/06\/image_50379009-scaled.jpg\"><img loading=\"lazy\" decoding=\"async\" class=\"wp-image-2801 aligncenter\" src=\"https:\/\/blogsaverroes.juntadeandalucia.es\/cdpeemarujadequinta\/files\/2022\/06\/image_50379009-scaled.jpg\" alt=\"\" width=\"425\" height=\"319\" srcset=\"https:\/\/blogsaverroes.juntadeandalucia.es\/cdpeemarujadequinta\/files\/2022\/06\/image_50379009-scaled.jpg 1600w, https:\/\/blogsaverroes.juntadeandalucia.es\/cdpeemarujadequinta\/files\/2022\/06\/image_50379009-300x225.jpg 300w, https:\/\/blogsaverroes.juntadeandalucia.es\/cdpeemarujadequinta\/files\/2022\/06\/image_50379009-1024x768.jpg 1024w, https:\/\/blogsaverroes.juntadeandalucia.es\/cdpeemarujadequinta\/files\/2022\/06\/image_50379009-768x576.jpg 768w, https:\/\/blogsaverroes.juntadeandalucia.es\/cdpeemarujadequinta\/files\/2022\/06\/image_50379009-1536x1152.jpg 1536w, https:\/\/blogsaverroes.juntadeandalucia.es\/cdpeemarujadequinta\/files\/2022\/06\/image_50379009-2048x1536.jpg 2048w\" sizes=\"(max-width: 425px) 100vw, 425px\" \/><\/a><\/p>\n","protected":false},"excerpt":{"rendered":"<p>Los objetivos generales del aula de Pluri II son b\u00e1sicamente proporcionar al alumnado una formaci\u00f3n que le permitan realizar aprendizajes acordes con sus capacidades y conseguir as\u00ed su m\u00e1ximo desarrollo a nivel personal, afectivo&#46;&#46;&#46;<\/p>\n","protected":false},"author":11784,"featured_media":0,"parent":0,"menu_order":0,"comment_status":"closed","ping_status":"closed","template":"","meta":{"ngg_post_thumbnail":0,"footnotes":"","_mc_calendar":[]},"aioseo_notices":[],"_links":{"self":[{"href":"https:\/\/blogsaverroes.juntadeandalucia.es\/cdpeemarujadequinta\/wp-json\/wp\/v2\/pages\/2394"}],"collection":[{"href":"https:\/\/blogsaverroes.juntadeandalucia.es\/cdpeemarujadequinta\/wp-json\/wp\/v2\/pages"}],"about":[{"href":"https:\/\/blogsaverroes.juntadeandalucia.es\/cdpeemarujadequinta\/wp-json\/wp\/v2\/types\/page"}],"author":[{"embeddable":true,"href":"https:\/\/blogsaverroes.juntadeandalucia.es\/cdpeemarujadequinta\/wp-json\/wp\/v2\/users\/11784"}],"replies":[{"embeddable":true,"href":"https:\/\/blogsaverroes.juntadeandalucia.es\/cdpeemarujadequinta\/wp-json\/wp\/v2\/comments?post=2394"}],"version-history":[{"count":8,"href":"https:\/\/blogsaverroes.juntadeandalucia.es\/cdpeemarujadequinta\/wp-json\/wp\/v2\/pages\/2394\/revisions"}],"predecessor-version":[{"id":2805,"href":"https:\/\/blogsaverroes.juntadeandalucia.es\/cdpeemarujadequinta\/wp-json\/wp\/v2\/pages\/2394\/revisions\/2805"}],"wp:attachment":[{"href":"https:\/\/blogsaverroes.juntadeandalucia.es\/cdpeemarujadequinta\/wp-json\/wp\/v2\/media?parent=2394"}],"curies":[{"name":"wp","href":"https:\/\/api.w.org\/{rel}","templated":true}]}}