{"id":2426,"date":"2020-12-15T09:42:00","date_gmt":"2020-12-15T09:42:00","guid":{"rendered":"https:\/\/blogsaverroes.juntadeandalucia.es\/cdpeemarujadequinta\/?page_id=2426"},"modified":"2023-02-23T12:31:30","modified_gmt":"2023-02-23T12:31:30","slug":"servicio-de-transporte","status":"publish","type":"page","link":"https:\/\/blogsaverroes.juntadeandalucia.es\/cdpeemarujadequinta\/servicio-de-transporte\/","title":{"rendered":"Servicio de Transporte escolar"},"content":{"rendered":"<p><a href=\"https:\/\/blogsaverroes.juntadeandalucia.es\/cdpeemarujadequinta\/files\/2022\/06\/CAMPA\u00d1A-CONTROL-AUTOBUSES.jpg\"><img loading=\"lazy\" decoding=\"async\" class=\"wp-image-2832 alignleft\" src=\"https:\/\/blogsaverroes.juntadeandalucia.es\/cdpeemarujadequinta\/files\/2022\/06\/CAMPA\u00d1A-CONTROL-AUTOBUSES.jpg\" alt=\"\" width=\"143\" height=\"95\" srcset=\"https:\/\/blogsaverroes.juntadeandalucia.es\/cdpeemarujadequinta\/files\/2022\/06\/CAMPA\u00d1A-CONTROL-AUTOBUSES.jpg 780w, https:\/\/blogsaverroes.juntadeandalucia.es\/cdpeemarujadequinta\/files\/2022\/06\/CAMPA\u00d1A-CONTROL-AUTOBUSES-300x200.jpg 300w, https:\/\/blogsaverroes.juntadeandalucia.es\/cdpeemarujadequinta\/files\/2022\/06\/CAMPA\u00d1A-CONTROL-AUTOBUSES-768x512.jpg 768w\" sizes=\"(max-width: 143px) 100vw, 143px\" \/><\/a> El Centro cuenta con transporte escolar de la Junta de Andaluc\u00eda. Este, al ser de car\u00e1cter comarcal y asistir a \u00e9l alumnado de diversos municipios, consta de cuatro l\u00edneas de autobuses. En todas estas rutas, adem\u00e1s del chofer correspondiente, el alumnado siempre viene junto a un monitor\/a, el cual es el encargado de las necesidades que se puedan plantear durante el viaje y quienes recogen &#8211; entregan a los alumnos\/as de sus familias, as\u00ed como acompa\u00f1an a estos mismos junto a nuestras auxiliares educativas para su entrada al Centro.&nbsp;<\/p>\n<p>Actualmente las cuatro l\u00edneas existentes de autobuses son:<\/p>\n<p>&nbsp; &nbsp; &nbsp; &nbsp; &nbsp; &nbsp; &nbsp; &nbsp; &nbsp; &nbsp; &nbsp; &nbsp; &nbsp; &nbsp; &nbsp; &nbsp; &nbsp; &nbsp; &nbsp; &nbsp; &nbsp; &nbsp;1- Utrera&nbsp;<\/p>\n<p>&nbsp; &nbsp; &nbsp; &nbsp; &nbsp; &nbsp; &nbsp; &nbsp; &nbsp; &nbsp; &nbsp; &nbsp; &nbsp; &nbsp; &nbsp; &nbsp; &nbsp; &nbsp; &nbsp; &nbsp; &nbsp; &nbsp;2- Los Palacios y Villafranca<\/p>\n<p>&nbsp; &nbsp; &nbsp; &nbsp; &nbsp; &nbsp; &nbsp; &nbsp; &nbsp; &nbsp; &nbsp; &nbsp; &nbsp; &nbsp; &nbsp; &nbsp; &nbsp; &nbsp; &nbsp; &nbsp; &nbsp; &nbsp;3- Montellano<\/p>\n<p>&nbsp; &nbsp; &nbsp; &nbsp; &nbsp; &nbsp; &nbsp; &nbsp; &nbsp; &nbsp; &nbsp; &nbsp; &nbsp; &nbsp; &nbsp; &nbsp; &nbsp; &nbsp; &nbsp; &nbsp; &nbsp; &nbsp;4- Lebrija&nbsp;<\/p>\n<p>Todas ellas tienen diferentes paradas a lo largo de su recorrido con el fin de recoger a todos los alumnos de cada zona correspondiente. El horario es de Lunes a Viernes, siendo la llegada al mismo a&nbsp; las 09:00 horas y la salida de este a las 14:00 horas.<\/p>\n","protected":false},"excerpt":{"rendered":"<p>El Centro cuenta con transporte escolar de la Junta de Andaluc\u00eda. Este, al ser de car\u00e1cter comarcal y asistir a \u00e9l alumnado de diversos municipios, consta de cuatro l\u00edneas de autobuses. En todas estas&#46;&#46;&#46;<\/p>\n","protected":false},"author":11784,"featured_media":0,"parent":0,"menu_order":0,"comment_status":"closed","ping_status":"closed","template":"","meta":{"ngg_post_thumbnail":0,"footnotes":"","_mc_calendar":[]},"aioseo_notices":[],"_links":{"self":[{"href":"https:\/\/blogsaverroes.juntadeandalucia.es\/cdpeemarujadequinta\/wp-json\/wp\/v2\/pages\/2426"}],"collection":[{"href":"https:\/\/blogsaverroes.juntadeandalucia.es\/cdpeemarujadequinta\/wp-json\/wp\/v2\/pages"}],"about":[{"href":"https:\/\/blogsaverroes.juntadeandalucia.es\/cdpeemarujadequinta\/wp-json\/wp\/v2\/types\/page"}],"author":[{"embeddable":true,"href":"https:\/\/blogsaverroes.juntadeandalucia.es\/cdpeemarujadequinta\/wp-json\/wp\/v2\/users\/11784"}],"replies":[{"embeddable":true,"href":"https:\/\/blogsaverroes.juntadeandalucia.es\/cdpeemarujadequinta\/wp-json\/wp\/v2\/comments?post=2426"}],"version-history":[{"count":9,"href":"https:\/\/blogsaverroes.juntadeandalucia.es\/cdpeemarujadequinta\/wp-json\/wp\/v2\/pages\/2426\/revisions"}],"predecessor-version":[{"id":2881,"href":"https:\/\/blogsaverroes.juntadeandalucia.es\/cdpeemarujadequinta\/wp-json\/wp\/v2\/pages\/2426\/revisions\/2881"}],"wp:attachment":[{"href":"https:\/\/blogsaverroes.juntadeandalucia.es\/cdpeemarujadequinta\/wp-json\/wp\/v2\/media?parent=2426"}],"curies":[{"name":"wp","href":"https:\/\/api.w.org\/{rel}","templated":true}]}}