{"id":14581,"date":"2020-04-20T15:18:08","date_gmt":"2020-04-20T15:18:08","guid":{"rendered":"https:\/\/blogsaverroes.juntadeandalucia.es\/ceeesagradafamilia\/?page_id=14581"},"modified":"2020-04-23T16:32:15","modified_gmt":"2020-04-23T16:32:15","slug":"orientacion-2","status":"publish","type":"page","link":"https:\/\/blogsaverroes.juntadeandalucia.es\/ceeesagradafamilia\/orientacion-2\/","title":{"rendered":"Orientaci\u00f3n"},"content":{"rendered":"<h3><em><strong>23-4-2020<\/strong><\/em><\/h3>\n<h4><img loading=\"lazy\" decoding=\"async\" class=\"alignnone wp-image-2341\" src=\"https:\/\/blogsaverroes.juntadeandalucia.es\/ceeesagradafamilia\/files\/2015\/03\/images.jpg\" alt=\"\" width=\"32\" height=\"32\" srcset=\"https:\/\/blogsaverroes.juntadeandalucia.es\/ceeesagradafamilia\/files\/2015\/03\/images.jpg 225w, https:\/\/blogsaverroes.juntadeandalucia.es\/ceeesagradafamilia\/files\/2015\/03\/images-150x150.jpg 150w, https:\/\/blogsaverroes.juntadeandalucia.es\/ceeesagradafamilia\/files\/2015\/03\/images-100x100.jpg 100w\" sizes=\"(max-width: 32px) 100vw, 32px\" \/><a href=\"https:\/\/blogsaverroes.juntadeandalucia.es\/ceeesagradafamilia\/files\/2020\/04\/Manual-alimentaci\u00f3n-nin@s.pdf\">Manual alimentaci\u00f3n ni\u00f1as y ni\u00f1os<\/a><\/h4>\n<h3><em><strong>21-4-2020<\/strong><\/em><\/h3>\n<h4><img loading=\"lazy\" decoding=\"async\" class=\"alignnone wp-image-2341\" src=\"https:\/\/blogsaverroes.juntadeandalucia.es\/ceeesagradafamilia\/files\/2015\/03\/images.jpg\" alt=\"\" width=\"32\" height=\"32\" srcset=\"https:\/\/blogsaverroes.juntadeandalucia.es\/ceeesagradafamilia\/files\/2015\/03\/images.jpg 225w, https:\/\/blogsaverroes.juntadeandalucia.es\/ceeesagradafamilia\/files\/2015\/03\/images-150x150.jpg 150w, https:\/\/blogsaverroes.juntadeandalucia.es\/ceeesagradafamilia\/files\/2015\/03\/images-100x100.jpg 100w\" sizes=\"(max-width: 32px) 100vw, 32px\" \/> <a href=\"https:\/\/blogsaverroes.juntadeandalucia.es\/ceeesagradafamilia\/files\/2020\/04\/Direcciones-y-tel\u00e9fonos-de-los-centros-sociales-de-Huelva.pdf\">Direcciones y tel\u00e9fonos de los centros sociales de Huelva<\/a><\/h4>\n<h4><img loading=\"lazy\" decoding=\"async\" class=\"alignnone wp-image-2341\" src=\"https:\/\/blogsaverroes.juntadeandalucia.es\/ceeesagradafamilia\/files\/2015\/03\/images.jpg\" alt=\"\" width=\"32\" height=\"32\" srcset=\"https:\/\/blogsaverroes.juntadeandalucia.es\/ceeesagradafamilia\/files\/2015\/03\/images.jpg 225w, https:\/\/blogsaverroes.juntadeandalucia.es\/ceeesagradafamilia\/files\/2015\/03\/images-150x150.jpg 150w, https:\/\/blogsaverroes.juntadeandalucia.es\/ceeesagradafamilia\/files\/2015\/03\/images-100x100.jpg 100w\" sizes=\"(max-width: 32px) 100vw, 32px\" \/><a href=\"https:\/\/blogsaverroes.juntadeandalucia.es\/ceeesagradafamilia\/files\/2020\/04\/Guia-de-alimentacion-autismo.pdf\">Gu\u00eda de alimentaci\u00f3n autismo<\/a><\/h4>\n<h4><img loading=\"lazy\" decoding=\"async\" class=\"alignnone wp-image-2341\" src=\"https:\/\/blogsaverroes.juntadeandalucia.es\/ceeesagradafamilia\/files\/2015\/03\/images.jpg\" alt=\"\" width=\"32\" height=\"32\" srcset=\"https:\/\/blogsaverroes.juntadeandalucia.es\/ceeesagradafamilia\/files\/2015\/03\/images.jpg 225w, https:\/\/blogsaverroes.juntadeandalucia.es\/ceeesagradafamilia\/files\/2015\/03\/images-150x150.jpg 150w, https:\/\/blogsaverroes.juntadeandalucia.es\/ceeesagradafamilia\/files\/2015\/03\/images-100x100.jpg 100w\" sizes=\"(max-width: 32px) 100vw, 32px\" \/><a href=\"https:\/\/blogsaverroes.juntadeandalucia.es\/ceeesagradafamilia\/files\/2020\/04\/Mantente-En-Forma-Alimentacion.pdf\">Mantente En Forma Alimentaci\u00f3n<\/a><\/h4>\n<h4><img loading=\"lazy\" decoding=\"async\" class=\"alignnone wp-image-2341\" src=\"https:\/\/blogsaverroes.juntadeandalucia.es\/ceeesagradafamilia\/files\/2015\/03\/images.jpg\" alt=\"\" width=\"32\" height=\"32\" srcset=\"https:\/\/blogsaverroes.juntadeandalucia.es\/ceeesagradafamilia\/files\/2015\/03\/images.jpg 225w, https:\/\/blogsaverroes.juntadeandalucia.es\/ceeesagradafamilia\/files\/2015\/03\/images-150x150.jpg 150w, https:\/\/blogsaverroes.juntadeandalucia.es\/ceeesagradafamilia\/files\/2015\/03\/images-100x100.jpg 100w\" sizes=\"(max-width: 32px) 100vw, 32px\" \/><a href=\"https:\/\/blogsaverroes.juntadeandalucia.es\/ceeesagradafamilia\/files\/2020\/04\/Men\u00fa-Yo-me-quedo-en-casa.pdf\">Men\u00fa Yo me quedo en casa<\/a><\/h4>\n<h4><img loading=\"lazy\" decoding=\"async\" class=\"alignnone wp-image-2341\" src=\"https:\/\/blogsaverroes.juntadeandalucia.es\/ceeesagradafamilia\/files\/2015\/03\/images.jpg\" alt=\"\" width=\"32\" height=\"32\" srcset=\"https:\/\/blogsaverroes.juntadeandalucia.es\/ceeesagradafamilia\/files\/2015\/03\/images.jpg 225w, https:\/\/blogsaverroes.juntadeandalucia.es\/ceeesagradafamilia\/files\/2015\/03\/images-150x150.jpg 150w, https:\/\/blogsaverroes.juntadeandalucia.es\/ceeesagradafamilia\/files\/2015\/03\/images-100x100.jpg 100w\" sizes=\"(max-width: 32px) 100vw, 32px\" \/><a href=\"https:\/\/blogsaverroes.juntadeandalucia.es\/ceeesagradafamilia\/files\/2020\/04\/Atencion-Temprana-Las-rabietas-Abordaje-desde-la-Cuarentena.pdf\">Atencion Temprana Las rabietas Abordaje desde la Cuarentena<\/a><\/h4>\n<p>&nbsp;<\/p>\n<h3><em><strong>20-4-2020<\/strong><\/em><\/h3>\n<h4><img loading=\"lazy\" decoding=\"async\" class=\"alignnone wp-image-2341\" src=\"https:\/\/blogsaverroes.juntadeandalucia.es\/ceeesagradafamilia\/files\/2015\/03\/images.jpg\" alt=\"\" width=\"32\" height=\"32\" srcset=\"https:\/\/blogsaverroes.juntadeandalucia.es\/ceeesagradafamilia\/files\/2015\/03\/images.jpg 225w, https:\/\/blogsaverroes.juntadeandalucia.es\/ceeesagradafamilia\/files\/2015\/03\/images-150x150.jpg 150w, https:\/\/blogsaverroes.juntadeandalucia.es\/ceeesagradafamilia\/files\/2015\/03\/images-100x100.jpg 100w\" sizes=\"(max-width: 32px) 100vw, 32px\" \/> <a href=\"https:\/\/blogsaverroes.juntadeandalucia.es\/ceeesagradafamilia\/files\/2020\/04\/Orientaciones-del-sue\u00f1o.pdf\">Orientaciones del sue\u00f1o<\/a><\/h4>\n","protected":false},"excerpt":{"rendered":"<p>23-4-2020 Manual alimentaci\u00f3n ni\u00f1as y ni\u00f1os 21-4-2020 Direcciones y tel\u00e9fonos de los centros sociales de Huelva Gu\u00eda de alimentaci\u00f3n autismo Mantente En Forma Alimentaci\u00f3n Men\u00fa Yo me quedo en casa Atencion Temprana Las rabietas&#46;&#46;&#46;<\/p>\n","protected":false},"author":3822,"featured_media":0,"parent":0,"menu_order":0,"comment_status":"closed","ping_status":"closed","template":"","meta":{"ngg_post_thumbnail":0,"footnotes":"","_mc_calendar":[]},"aioseo_notices":[],"_links":{"self":[{"href":"https:\/\/blogsaverroes.juntadeandalucia.es\/ceeesagradafamilia\/wp-json\/wp\/v2\/pages\/14581"}],"collection":[{"href":"https:\/\/blogsaverroes.juntadeandalucia.es\/ceeesagradafamilia\/wp-json\/wp\/v2\/pages"}],"about":[{"href":"https:\/\/blogsaverroes.juntadeandalucia.es\/ceeesagradafamilia\/wp-json\/wp\/v2\/types\/page"}],"author":[{"embeddable":true,"href":"https:\/\/blogsaverroes.juntadeandalucia.es\/ceeesagradafamilia\/wp-json\/wp\/v2\/users\/3822"}],"replies":[{"embeddable":true,"href":"https:\/\/blogsaverroes.juntadeandalucia.es\/ceeesagradafamilia\/wp-json\/wp\/v2\/comments?post=14581"}],"version-history":[{"count":7,"href":"https:\/\/blogsaverroes.juntadeandalucia.es\/ceeesagradafamilia\/wp-json\/wp\/v2\/pages\/14581\/revisions"}],"predecessor-version":[{"id":14643,"href":"https:\/\/blogsaverroes.juntadeandalucia.es\/ceeesagradafamilia\/wp-json\/wp\/v2\/pages\/14581\/revisions\/14643"}],"wp:attachment":[{"href":"https:\/\/blogsaverroes.juntadeandalucia.es\/ceeesagradafamilia\/wp-json\/wp\/v2\/media?parent=14581"}],"curies":[{"name":"wp","href":"https:\/\/api.w.org\/{rel}","templated":true}]}}

Orientación

<h3><em><strong>23-4-2020</strong></em></h3>
<h4><img loading="lazy" decoding="async" class="alignnone wp-image-2341" src="https://blogsaverroes.juntadeandalucia.es/ceeesagradafamilia/files/2015/03/images.jpg" alt="" width="32" height="32" srcset="https://blogsaverroes.juntadeandalucia.es/ceeesagradafamilia/files/2015/03/images.jpg 225w, https://blogsaverroes.juntadeandalucia.es/ceeesagradafamilia/files/2015/03/images-150x150.jpg 150w, https://blogsaverroes.juntadeandalucia.es/ceeesagradafamilia/files/2015/03/images-100x100.jpg 100w" sizes="(max-width: 32px) 100vw, 32px" /><a href="https://blogsaverroes.juntadeandalucia.es/ceeesagradafamilia/files/2020/04/Manual-alimentación-nin@s.pdf">Manual alimentación niñas y niños</a></h4>
<h3><em><strong>21-4-2020</strong></em></h3>
<h4><img loading="lazy" decoding="async" class="alignnone wp-image-2341" src="https://blogsaverroes.juntadeandalucia.es/ceeesagradafamilia/files/2015/03/images.jpg" alt="" width="32" height="32" srcset="https://blogsaverroes.juntadeandalucia.es/ceeesagradafamilia/files/2015/03/images.jpg 225w, https://blogsaverroes.juntadeandalucia.es/ceeesagradafamilia/files/2015/03/images-150x150.jpg 150w, https://blogsaverroes.juntadeandalucia.es/ceeesagradafamilia/files/2015/03/images-100x100.jpg 100w" sizes="(max-width: 32px) 100vw, 32px" /> <a href="https://blogsaverroes.juntadeandalucia.es/ceeesagradafamilia/files/2020/04/Direcciones-y-teléfonos-de-los-centros-sociales-de-Huelva.pdf">Direcciones y teléfonos de los centros sociales de Huelva</a></h4>
<h4><img loading="lazy" decoding="async" class="alignnone wp-image-2341" src="https://blogsaverroes.juntadeandalucia.es/ceeesagradafamilia/files/2015/03/images.jpg" alt="" width="32" height="32" srcset="https://blogsaverroes.juntadeandalucia.es/ceeesagradafamilia/files/2015/03/images.jpg 225w, https://blogsaverroes.juntadeandalucia.es/ceeesagradafamilia/files/2015/03/images-150x150.jpg 150w, https://blogsaverroes.juntadeandalucia.es/ceeesagradafamilia/files/2015/03/images-100x100.jpg 100w" sizes="(max-width: 32px) 100vw, 32px" /><a href="https://blogsaverroes.juntadeandalucia.es/ceeesagradafamilia/files/2020/04/Guia-de-alimentacion-autismo.pdf">Guía de alimentación autismo</a></h4>
<h4><img loading="lazy" decoding="async" class="alignnone wp-image-2341" src="https://blogsaverroes.juntadeandalucia.es/ceeesagradafamilia/files/2015/03/images.jpg" alt="" width="32" height="32" srcset="https://blogsaverroes.juntadeandalucia.es/ceeesagradafamilia/files/2015/03/images.jpg 225w, https://blogsaverroes.juntadeandalucia.es/ceeesagradafamilia/files/2015/03/images-150x150.jpg 150w, https://blogsaverroes.juntadeandalucia.es/ceeesagradafamilia/files/2015/03/images-100x100.jpg 100w" sizes="(max-width: 32px) 100vw, 32px" /><a href="https://blogsaverroes.juntadeandalucia.es/ceeesagradafamilia/files/2020/04/Mantente-En-Forma-Alimentacion.pdf">Mantente En Forma Alimentación</a></h4>
<h4><img loading="lazy" decoding="async" class="alignnone wp-image-2341" src="https://blogsaverroes.juntadeandalucia.es/ceeesagradafamilia/files/2015/03/images.jpg" alt="" width="32" height="32" srcset="https://blogsaverroes.juntadeandalucia.es/ceeesagradafamilia/files/2015/03/images.jpg 225w, https://blogsaverroes.juntadeandalucia.es/ceeesagradafamilia/files/2015/03/images-150x150.jpg 150w, https://blogsaverroes.juntadeandalucia.es/ceeesagradafamilia/files/2015/03/images-100x100.jpg 100w" sizes="(max-width: 32px) 100vw, 32px" /><a href="https://blogsaverroes.juntadeandalucia.es/ceeesagradafamilia/files/2020/04/Menú-Yo-me-quedo-en-casa.pdf">Menú Yo me quedo en casa</a></h4>
<h4><img loading="lazy" decoding="async" class="alignnone wp-image-2341" src="https://blogsaverroes.juntadeandalucia.es/ceeesagradafamilia/files/2015/03/images.jpg" alt="" width="32" height="32" srcset="https://blogsaverroes.juntadeandalucia.es/ceeesagradafamilia/files/2015/03/images.jpg 225w, https://blogsaverroes.juntadeandalucia.es/ceeesagradafamilia/files/2015/03/images-150x150.jpg 150w, https://blogsaverroes.juntadeandalucia.es/ceeesagradafamilia/files/2015/03/images-100x100.jpg 100w" sizes="(max-width: 32px) 100vw, 32px" /><a href="https://blogsaverroes.juntadeandalucia.es/ceeesagradafamilia/files/2020/04/Atencion-Temprana-Las-rabietas-Abordaje-desde-la-Cuarentena.pdf">Atencion Temprana Las rabietas Abordaje desde la Cuarentena</a></h4>
<p>&nbsp;</p>
<h3><em><strong>20-4-2020</strong></em></h3>
<h4><img loading="lazy" decoding="async" class="alignnone wp-image-2341" src="https://blogsaverroes.juntadeandalucia.es/ceeesagradafamilia/files/2015/03/images.jpg" alt="" width="32" height="32" srcset="https://blogsaverroes.juntadeandalucia.es/ceeesagradafamilia/files/2015/03/images.jpg 225w, https://blogsaverroes.juntadeandalucia.es/ceeesagradafamilia/files/2015/03/images-150x150.jpg 150w, https://blogsaverroes.juntadeandalucia.es/ceeesagradafamilia/files/2015/03/images-100x100.jpg 100w" sizes="(max-width: 32px) 100vw, 32px" /> <a href="https://blogsaverroes.juntadeandalucia.es/ceeesagradafamilia/files/2020/04/Orientaciones-del-sueño.pdf">Orientaciones del sueño</a></h4>

<p>23-4-2020 Manual alimentación niñas y niños 21-4-2020 Direcciones y teléfonos de los centros sociales de Huelva Guía de alimentación autismo Mantente En Forma Alimentación Menú Yo me quedo en casa Atencion Temprana Las rabietas&#46;&#46;&#46;</p>
