{"id":2258,"date":"2016-07-18T22:18:33","date_gmt":"2016-07-18T22:18:33","guid":{"rendered":"http:\/\/blogsaverroes.juntadeandalucia.es\/ceeesagradafamilia\/?page_id=2258"},"modified":"2022-02-16T10:34:01","modified_gmt":"2022-02-16T10:34:01","slug":"proyectos","status":"publish","type":"page","link":"https:\/\/blogsaverroes.juntadeandalucia.es\/ceeesagradafamilia\/proyectos\/","title":{"rendered":"Proyecto de Centro"},"content":{"rendered":"<h1 style=\"text-align: center\"><strong>PROYECTO DE CENTRO<\/strong><\/h1>\n<h2 style=\"text-align: center\"><a href=\"http:\/\/blogsaverroes.juntadeandalucia.es\/ceeesagradafamilia\/files\/2015\/03\/libros1.png\"><img loading=\"lazy\" decoding=\"async\" class=\"alignnone wp-image-571\" src=\"http:\/\/blogsaverroes.juntadeandalucia.es\/ceeesagradafamilia\/files\/2015\/03\/libros1-300x246.png\" alt=\"libros1\" width=\"119\" height=\"98\" srcset=\"https:\/\/blogsaverroes.juntadeandalucia.es\/ceeesagradafamilia\/files\/2015\/03\/libros1-300x246.png 300w, https:\/\/blogsaverroes.juntadeandalucia.es\/ceeesagradafamilia\/files\/2015\/03\/libros1-332x272.png 332w, https:\/\/blogsaverroes.juntadeandalucia.es\/ceeesagradafamilia\/files\/2015\/03\/libros1.png 640w\" sizes=\"(max-width: 119px) 100vw, 119px\" \/><\/a><\/h2>\n<h2 style=\"text-align: center\">Curso 2021\/2022<\/h2>\n<h4 style=\"text-align: center\"><a href=\"https:\/\/blogsaverroes.juntadeandalucia.es\/ceeesagradafamilia\/files\/2022\/02\/Proyecto-Educativo-21-22.pdf\">Proyecto Educativo<\/a><\/h4>\n<h4 style=\"text-align: center\"><a href=\"https:\/\/blogsaverroes.juntadeandalucia.es\/ceeesagradafamilia\/files\/2022\/02\/ROF21-22.pdf\" target=\"_blank\" rel=\"noopener noreferrer\">Reglamento de Organizaci\u00f3n y Funcionamiento<\/a><\/h4>\n<h4 style=\"text-align: center\"><a href=\"https:\/\/blogsaverroes.juntadeandalucia.es\/ceeesagradafamilia\/files\/2022\/02\/PROYECTO-GESTION-21-22.pdf\">Proyecto de Gesti\u00f3n<\/a><\/h4>\n<h4 style=\"text-align: center\"><a href=\"https:\/\/blogsaverroes.juntadeandalucia.es\/ceeesagradafamilia\/files\/2022\/02\/Plan-de-Formaci\u00f3n-2021-2022.pdf\">Plan de Formaci\u00f3n<\/a><\/h4>\n<h4 style=\"text-align: center\"><a href=\"https:\/\/blogsaverroes.juntadeandalucia.es\/ceeesagradafamilia\/files\/2022\/02\/PLAN-DE-MEJORA-2021-2022.pdf\">Plan de Mejora<\/a><\/h4>\n<p style=\"text-align: center\">&nbsp;<\/p>\n","protected":false},"excerpt":{"rendered":"<p>PROYECTO DE CENTRO Curso 2021\/2022 Proyecto Educativo Reglamento de Organizaci\u00f3n y Funcionamiento Proyecto de Gesti\u00f3n Plan de Formaci\u00f3n Plan de Mejora &nbsp;<\/p>\n","protected":false},"author":3822,"featured_media":0,"parent":0,"menu_order":0,"comment_status":"open","ping_status":"open","template":"","meta":{"ngg_post_thumbnail":0,"footnotes":"","_mc_calendar":[]},"aioseo_notices":[],"_links":{"self":[{"href":"https:\/\/blogsaverroes.juntadeandalucia.es\/ceeesagradafamilia\/wp-json\/wp\/v2\/pages\/2258"}],"collection":[{"href":"https:\/\/blogsaverroes.juntadeandalucia.es\/ceeesagradafamilia\/wp-json\/wp\/v2\/pages"}],"about":[{"href":"https:\/\/blogsaverroes.juntadeandalucia.es\/ceeesagradafamilia\/wp-json\/wp\/v2\/types\/page"}],"author":[{"embeddable":true,"href":"https:\/\/blogsaverroes.juntadeandalucia.es\/ceeesagradafamilia\/wp-json\/wp\/v2\/users\/3822"}],"replies":[{"embeddable":true,"href":"https:\/\/blogsaverroes.juntadeandalucia.es\/ceeesagradafamilia\/wp-json\/wp\/v2\/comments?post=2258"}],"version-history":[{"count":22,"href":"https:\/\/blogsaverroes.juntadeandalucia.es\/ceeesagradafamilia\/wp-json\/wp\/v2\/pages\/2258\/revisions"}],"predecessor-version":[{"id":17174,"href":"https:\/\/blogsaverroes.juntadeandalucia.es\/ceeesagradafamilia\/wp-json\/wp\/v2\/pages\/2258\/revisions\/17174"}],"wp:attachment":[{"href":"https:\/\/blogsaverroes.juntadeandalucia.es\/ceeesagradafamilia\/wp-json\/wp\/v2\/media?parent=2258"}],"curies":[{"name":"wp","href":"https:\/\/api.w.org\/{rel}","templated":true}]}}

<h1 style="text-align: center"><strong>PROYECTO DE CENTRO</strong></h1>
<h2 style="text-align: center"><a href="http://blogsaverroes.juntadeandalucia.es/ceeesagradafamilia/files/2015/03/libros1.png"><img loading="lazy" decoding="async" class="alignnone wp-image-571" src="http://blogsaverroes.juntadeandalucia.es/ceeesagradafamilia/files/2015/03/libros1-300x246.png" alt="libros1" width="119" height="98" srcset="https://blogsaverroes.juntadeandalucia.es/ceeesagradafamilia/files/2015/03/libros1-300x246.png 300w, https://blogsaverroes.juntadeandalucia.es/ceeesagradafamilia/files/2015/03/libros1-332x272.png 332w, https://blogsaverroes.juntadeandalucia.es/ceeesagradafamilia/files/2015/03/libros1.png 640w" sizes="(max-width: 119px) 100vw, 119px" /></a></h2>
<h2 style="text-align: center">Curso 2021/2022</h2>
<h4 style="text-align: center"><a href="https://blogsaverroes.juntadeandalucia.es/ceeesagradafamilia/files/2022/02/Proyecto-Educativo-21-22.pdf">Proyecto Educativo</a></h4>
<h4 style="text-align: center"><a href="https://blogsaverroes.juntadeandalucia.es/ceeesagradafamilia/files/2022/02/ROF21-22.pdf" target="_blank" rel="noopener noreferrer">Reglamento de Organización y Funcionamiento</a></h4>
<h4 style="text-align: center"><a href="https://blogsaverroes.juntadeandalucia.es/ceeesagradafamilia/files/2022/02/PROYECTO-GESTION-21-22.pdf">Proyecto de Gestión</a></h4>
<h4 style="text-align: center"><a href="https://blogsaverroes.juntadeandalucia.es/ceeesagradafamilia/files/2022/02/Plan-de-Formación-2021-2022.pdf">Plan de Formación</a></h4>
<h4 style="text-align: center"><a href="https://blogsaverroes.juntadeandalucia.es/ceeesagradafamilia/files/2022/02/PLAN-DE-MEJORA-2021-2022.pdf">Plan de Mejora</a></h4>
<p style="text-align: center">&nbsp;</p>

<p>PROYECTO DE CENTRO Curso 2021/2022 Proyecto Educativo Reglamento de Organización y Funcionamiento Proyecto de Gestión Plan de Formación Plan de Mejora &nbsp;</p>
