{"id":2429,"date":"2016-08-11T14:23:22","date_gmt":"2016-08-11T14:23:22","guid":{"rendered":"http:\/\/blogsaverroes.juntadeandalucia.es\/ceeesagradafamilia\/?page_id=2429"},"modified":"2025-10-28T18:31:21","modified_gmt":"2025-10-28T18:31:21","slug":"claustro","status":"publish","type":"page","link":"https:\/\/blogsaverroes.juntadeandalucia.es\/ceeesagradafamilia\/claustro\/","title":{"rendered":"Consejo Escolar"},"content":{"rendered":"<p style=\"text-align: center\"><strong><a href=\"http:\/\/blogsaverroes.juntadeandalucia.es\/ceeesagradafamilia\/files\/2016\/08\/consejoescolar.png\"><img loading=\"lazy\" decoding=\"async\" class=\"alignnone wp-image-2591\" src=\"http:\/\/blogsaverroes.juntadeandalucia.es\/ceeesagradafamilia\/files\/2016\/08\/consejoescolar.png\" alt=\"consejoescolar\" width=\"88\" height=\"89\" srcset=\"https:\/\/blogsaverroes.juntadeandalucia.es\/ceeesagradafamilia\/files\/2016\/08\/consejoescolar.png 223w, https:\/\/blogsaverroes.juntadeandalucia.es\/ceeesagradafamilia\/files\/2016\/08\/consejoescolar-150x150.png 150w, https:\/\/blogsaverroes.juntadeandalucia.es\/ceeesagradafamilia\/files\/2016\/08\/consejoescolar-100x100.png 100w\" sizes=\"(max-width: 88px) 100vw, 88px\" \/><\/a>CONSEJO ESCOLAR<\/strong><\/p>\n<p>&nbsp;<\/p>\n<p style=\"text-align: center\"><strong>MIEMBROS CONSEJO ESCOLAR: CURSO 25-26<\/strong><\/p>\n<table style=\"width: 76.1068%\">\n<thead>\n<tr>\n<td style=\"width: 2.32019%\"><strong>Sector<\/strong><\/td>\n<td style=\"width: 121.378%\"><strong>Miembro<\/strong><\/td>\n<\/tr>\n<\/thead>\n<tbody>\n<tr>\n<td style=\"width: 2.32019%\"><u>Equipo Directivo<\/u><\/td>\n<td style=\"width: 121.378%\">Cordero G\u00e1mez, Mar\u00eda Carmen (DIRECTOR\/A)<\/td>\n<\/tr>\n<tr>\n<td style=\"width: 2.32019%\"><u>Equipo Directivo<\/u><\/td>\n<td style=\"width: 121.378%\">P\u00e9rez&nbsp;Dom\u00ednguez,&nbsp;Beatriz&nbsp;(JEFE\/A&nbsp;DE&nbsp;ESTUDIOS)<\/td>\n<\/tr>\n<tr>\n<td style=\"width: 2.32019%\"><u>Equipo Directivo<\/u><\/td>\n<td style=\"width: 121.378%\">Garc\u00eda&nbsp;L\u00f3pez,&nbsp;Virginia&nbsp;Cinta&nbsp;(SECRETARIO\/A)<\/td>\n<\/tr>\n<tr>\n<td style=\"width: 2.32019%\"><u>Profesorado<\/u><\/td>\n<td style=\"width: 121.378%\">B\u00e1ez V\u00e9lez, Pastora<\/td>\n<\/tr>\n<tr>\n<td style=\"width: 2.32019%\"><u>Profesorado<\/u><\/td>\n<td style=\"width: 121.378%\">Castillo Paniagua, Yolanda<\/td>\n<\/tr>\n<tr>\n<td style=\"width: 2.32019%\"><u>Profesorado<\/u><\/td>\n<td style=\"width: 121.378%\">Pineda Guti\u00e9rrez, Elena<\/td>\n<\/tr>\n<tr>\n<td style=\"width: 2.32019%\"><u>Profesorado<\/u><\/td>\n<td style=\"width: 121.378%\">Vicente \u00c1lvarez, Ana Bel\u00e9n<\/td>\n<\/tr>\n<tr>\n<td style=\"width: 2.32019%\"><u>Madres\/Padres\/Tutores<\/u><\/td>\n<td style=\"width: 121.378%\">Lorca Millares, Mar\u00eda Dolores<\/td>\n<\/tr>\n<tr>\n<td style=\"width: 2.32019%\"><u>Madres\/Padres\/Tutores<\/u><\/td>\n<td style=\"width: 121.378%\">Morano Gonz\u00e1lez, Sara<\/td>\n<\/tr>\n<tr>\n<td style=\"width: 2.32019%\"><u>Madres\/Padres\/Tutores<\/u><\/td>\n<td style=\"width: 121.378%\">S\u00e1nchez Peguero, Roc\u00edo de la Cinta<\/td>\n<\/tr>\n<tr>\n<td style=\"width: 2.32019%\"><u>Madres\/Padres\/Tutores<\/u><\/td>\n<td style=\"width: 121.378%\">Mu\u00f1oz&nbsp;S\u00e1nchez,&nbsp;Mario&nbsp;(REPRESENTANTE&nbsp;DE&nbsp;LA<br \/>\nA.M.P.A.&nbsp;MAYORITARIA)<\/td>\n<\/tr>\n<tr>\n<td style=\"width: 2.32019%\"><u>Personal Adm\u00f3n. y <\/u><\/p>\n<p><u>Servicios<\/u><\/td>\n<td style=\"width: 121.378%\">De Diego Mart\u00edn, Pedro<\/td>\n<\/tr>\n<tr>\n<td style=\"width: 2.32019%\"><u>Ayuntamiento<\/u><\/td>\n<td style=\"width: 121.378%\">G\u00f3mez Gonz\u00e1lez, Manuel (CONCEJAL O REPRESENTANTE<br \/>\nDEL&nbsp;AYUNTAMIENTO)<\/td>\n<\/tr>\n<tr>\n<td style=\"width: 2.32019%\"><u>Personal Atenci\u00f3n <\/u><\/p>\n<p><u>Educativa<\/u><\/td>\n<td style=\"width: 121.378%\">Mora N\u00fa\u00f1ez, Juani<\/td>\n<\/tr>\n<tr>\n<td style=\"width: 2.32019%\">&nbsp;<\/td>\n<td style=\"width: 121.378%\">&nbsp;<\/td>\n<\/tr>\n<\/tbody>\n<\/table>\n<p>&nbsp;<\/p>\n<p>&nbsp;<\/p>\n<p>&nbsp;<\/p>\n","protected":false},"excerpt":{"rendered":"<p>CONSEJO ESCOLAR &nbsp; MIEMBROS CONSEJO ESCOLAR: CURSO 25-26 Sector Miembro Equipo Directivo Cordero G\u00e1mez, Mar\u00eda Carmen (DIRECTOR\/A) Equipo Directivo P\u00e9rez&nbsp;Dom\u00ednguez,&nbsp;Beatriz&nbsp;(JEFE\/A&nbsp;DE&nbsp;ESTUDIOS) Equipo Directivo Garc\u00eda&nbsp;L\u00f3pez,&nbsp;Virginia&nbsp;Cinta&nbsp;(SECRETARIO\/A) Profesorado B\u00e1ez V\u00e9lez, Pastora Profesorado Castillo Paniagua, Yolanda Profesorado Pineda Guti\u00e9rrez,&#46;&#46;&#46;<\/p>\n","protected":false},"author":3822,"featured_media":0,"parent":0,"menu_order":0,"comment_status":"open","ping_status":"open","template":"","meta":{"ngg_post_thumbnail":0,"footnotes":"","_mc_calendar":[]},"aioseo_notices":[],"_links":{"self":[{"href":"https:\/\/blogsaverroes.juntadeandalucia.es\/ceeesagradafamilia\/wp-json\/wp\/v2\/pages\/2429"}],"collection":[{"href":"https:\/\/blogsaverroes.juntadeandalucia.es\/ceeesagradafamilia\/wp-json\/wp\/v2\/pages"}],"about":[{"href":"https:\/\/blogsaverroes.juntadeandalucia.es\/ceeesagradafamilia\/wp-json\/wp\/v2\/types\/page"}],"author":[{"embeddable":true,"href":"https:\/\/blogsaverroes.juntadeandalucia.es\/ceeesagradafamilia\/wp-json\/wp\/v2\/users\/3822"}],"replies":[{"embeddable":true,"href":"https:\/\/blogsaverroes.juntadeandalucia.es\/ceeesagradafamilia\/wp-json\/wp\/v2\/comments?post=2429"}],"version-history":[{"count":32,"href":"https:\/\/blogsaverroes.juntadeandalucia.es\/ceeesagradafamilia\/wp-json\/wp\/v2\/pages\/2429\/revisions"}],"predecessor-version":[{"id":23624,"href":"https:\/\/blogsaverroes.juntadeandalucia.es\/ceeesagradafamilia\/wp-json\/wp\/v2\/pages\/2429\/revisions\/23624"}],"wp:attachment":[{"href":"https:\/\/blogsaverroes.juntadeandalucia.es\/ceeesagradafamilia\/wp-json\/wp\/v2\/media?parent=2429"}],"curies":[{"name":"wp","href":"https:\/\/api.w.org\/{rel}","templated":true}]}}

<p style="text-align: center"><strong><a href="http://blogsaverroes.juntadeandalucia.es/ceeesagradafamilia/files/2016/08/consejoescolar.png"><img loading="lazy" decoding="async" class="alignnone wp-image-2591" src="http://blogsaverroes.juntadeandalucia.es/ceeesagradafamilia/files/2016/08/consejoescolar.png" alt="consejoescolar" width="88" height="89" srcset="https://blogsaverroes.juntadeandalucia.es/ceeesagradafamilia/files/2016/08/consejoescolar.png 223w, https://blogsaverroes.juntadeandalucia.es/ceeesagradafamilia/files/2016/08/consejoescolar-150x150.png 150w, https://blogsaverroes.juntadeandalucia.es/ceeesagradafamilia/files/2016/08/consejoescolar-100x100.png 100w" sizes="(max-width: 88px) 100vw, 88px" /></a>CONSEJO ESCOLAR</strong></p>
<p>&nbsp;</p>
<p style="text-align: center"><strong>MIEMBROS CONSEJO ESCOLAR: CURSO 25-26</strong></p>
<table style="width: 76.1068%">
<thead>
<tr>
<td style="width: 2.32019%"><strong>Sector</strong></td>
<td style="width: 121.378%"><strong>Miembro</strong></td>
</tr>
</thead>
<tbody>
<tr>
<td style="width: 2.32019%"><u>Equipo Directivo</u></td>
<td style="width: 121.378%">Cordero Gámez, María Carmen (DIRECTOR/A)</td>
</tr>
<tr>
<td style="width: 2.32019%"><u>Equipo Directivo</u></td>
<td style="width: 121.378%">Pérez&nbsp;Domínguez,&nbsp;Beatriz&nbsp;(JEFE/A&nbsp;DE&nbsp;ESTUDIOS)</td>
</tr>
<tr>
<td style="width: 2.32019%"><u>Equipo Directivo</u></td>
<td style="width: 121.378%">García&nbsp;López,&nbsp;Virginia&nbsp;Cinta&nbsp;(SECRETARIO/A)</td>
</tr>
<tr>
<td style="width: 2.32019%"><u>Profesorado</u></td>
<td style="width: 121.378%">Báez Vélez, Pastora</td>
</tr>
<tr>
<td style="width: 2.32019%"><u>Profesorado</u></td>
<td style="width: 121.378%">Castillo Paniagua, Yolanda</td>
</tr>
<tr>
<td style="width: 2.32019%"><u>Profesorado</u></td>
<td style="width: 121.378%">Pineda Gutiérrez, Elena</td>
</tr>
<tr>
<td style="width: 2.32019%"><u>Profesorado</u></td>
<td style="width: 121.378%">Vicente Álvarez, Ana Belén</td>
</tr>
<tr>
<td style="width: 2.32019%"><u>Madres/Padres/Tutores</u></td>
<td style="width: 121.378%">Lorca Millares, María Dolores</td>
</tr>
<tr>
<td style="width: 2.32019%"><u>Madres/Padres/Tutores</u></td>
<td style="width: 121.378%">Morano González, Sara</td>
</tr>
<tr>
<td style="width: 2.32019%"><u>Madres/Padres/Tutores</u></td>
<td style="width: 121.378%">Sánchez Peguero, Rocío de la Cinta</td>
</tr>
<tr>
<td style="width: 2.32019%"><u>Madres/Padres/Tutores</u></td>
<td style="width: 121.378%">Muñoz&nbsp;Sánchez,&nbsp;Mario&nbsp;(REPRESENTANTE&nbsp;DE&nbsp;LA<br />
A.M.P.A.&nbsp;MAYORITARIA)</td>
</tr>
<tr>
<td style="width: 2.32019%"><u>Personal Admón. y </u></p>
<p><u>Servicios</u></td>
<td style="width: 121.378%">De Diego Martín, Pedro</td>
</tr>
<tr>
<td style="width: 2.32019%"><u>Ayuntamiento</u></td>
<td style="width: 121.378%">Gómez González, Manuel (CONCEJAL O REPRESENTANTE<br />
DEL&nbsp;AYUNTAMIENTO)</td>
</tr>
<tr>
<td style="width: 2.32019%"><u>Personal Atención </u></p>
<p><u>Educativa</u></td>
<td style="width: 121.378%">Mora Núñez, Juani</td>
</tr>
<tr>
<td style="width: 2.32019%">&nbsp;</td>
<td style="width: 121.378%">&nbsp;</td>
</tr>
</tbody>
</table>
<p>&nbsp;</p>
<p>&nbsp;</p>
<p>&nbsp;</p>

<p>CONSEJO ESCOLAR &nbsp; MIEMBROS CONSEJO ESCOLAR: CURSO 25-26 Sector Miembro Equipo Directivo Cordero Gámez, María Carmen (DIRECTOR/A) Equipo Directivo Pérez&nbsp;Domínguez,&nbsp;Beatriz&nbsp;(JEFE/A&nbsp;DE&nbsp;ESTUDIOS) Equipo Directivo García&nbsp;López,&nbsp;Virginia&nbsp;Cinta&nbsp;(SECRETARIO/A) Profesorado Báez Vélez, Pastora Profesorado Castillo Paniagua, Yolanda Profesorado Pineda Gutiérrez,&#46;&#46;&#46;</p>
