{"id":1115,"date":"2016-10-11T17:15:58","date_gmt":"2016-10-11T17:15:58","guid":{"rendered":"http:\/\/blogsaverroes.juntadeandalucia.es\/ceeesantarosadelima\/?page_id=1115"},"modified":"2025-02-07T10:52:03","modified_gmt":"2025-02-07T10:52:03","slug":"plan-de-acompanamiento-domiciliario","status":"publish","type":"page","link":"https:\/\/blogsaverroes.juntadeandalucia.es\/ceeesantarosadelima\/plan-de-acompanamiento-domiciliario\/","title":{"rendered":"Plan de Acompa\u00f1amiento Domiciliario"},"content":{"rendered":"<p><a href=\"https:\/\/blogsaverroes.juntadeandalucia.es\/ceeesantarosadelima\/files\/2025\/02\/Acompanamiento-escolar-domicilliario.jpg\"><img loading=\"lazy\" decoding=\"async\" class=\" wp-image-4690 alignleft\" src=\"https:\/\/blogsaverroes.juntadeandalucia.es\/ceeesantarosadelima\/files\/2025\/02\/Acompanamiento-escolar-domicilliario.jpg\" alt=\"\" width=\"332\" height=\"332\" srcset=\"https:\/\/blogsaverroes.juntadeandalucia.es\/ceeesantarosadelima\/files\/2025\/02\/Acompanamiento-escolar-domicilliario.jpg 1024w, https:\/\/blogsaverroes.juntadeandalucia.es\/ceeesantarosadelima\/files\/2025\/02\/Acompanamiento-escolar-domicilliario-300x300.jpg 300w, https:\/\/blogsaverroes.juntadeandalucia.es\/ceeesantarosadelima\/files\/2025\/02\/Acompanamiento-escolar-domicilliario-150x150.jpg 150w, https:\/\/blogsaverroes.juntadeandalucia.es\/ceeesantarosadelima\/files\/2025\/02\/Acompanamiento-escolar-domicilliario-768x768.jpg 768w, https:\/\/blogsaverroes.juntadeandalucia.es\/ceeesantarosadelima\/files\/2025\/02\/Acompanamiento-escolar-domicilliario-80x80.jpg 80w, https:\/\/blogsaverroes.juntadeandalucia.es\/ceeesantarosadelima\/files\/2025\/02\/Acompanamiento-escolar-domicilliario-320x320.jpg 320w\" sizes=\"(max-width: 332px) 100vw, 332px\" \/><\/a><\/p>\n<p>&nbsp;<\/p>\n<p style=\"text-align: justify\">\u00abEl Acompa\u00f1amiento Escolar Domiciliario es una actuaci\u00f3n dirigida a posibilitar la continuidad del proceso educativo a aquel alumnado de entre 6 y 16 a\u00f1os que presente necesidades espec\u00edficas de apoyo educativo por raz\u00f3n de enfermedad y que, por prescripci\u00f3n m\u00e9dica no pueda asistir a su centro docente durante un per\u00edodo prolongado de tiempo\u00bb<\/p>\n<p style=\"text-align: justify\">Nuestro centro est\u00e1 adscrito al Programa de Refuerzo, Orientaci\u00f3n y Apoyo (PROA), en su modalidad de Acompa\u00f1amiento Escolar Domiciliario, para aquel alumnado gravemente afectado que no puede asistir al centro.<\/p>\n<p style=\"text-align: justify\">Este programa se desarrolla en funci\u00f3n de la normativa vigente.<\/p>\n","protected":false},"excerpt":{"rendered":"<p>&nbsp; \u00abEl Acompa\u00f1amiento Escolar Domiciliario es una actuaci\u00f3n dirigida a posibilitar la continuidad del proceso educativo a aquel alumnado de entre 6 y 16 a\u00f1os que presente necesidades espec\u00edficas de apoyo educativo por raz\u00f3n&#46;&#46;&#46;<\/p>\n","protected":false},"author":2004,"featured_media":0,"parent":0,"menu_order":0,"comment_status":"closed","ping_status":"open","template":"","meta":{"ngg_post_thumbnail":0,"footnotes":""},"aioseo_notices":[],"_links":{"self":[{"href":"https:\/\/blogsaverroes.juntadeandalucia.es\/ceeesantarosadelima\/wp-json\/wp\/v2\/pages\/1115"}],"collection":[{"href":"https:\/\/blogsaverroes.juntadeandalucia.es\/ceeesantarosadelima\/wp-json\/wp\/v2\/pages"}],"about":[{"href":"https:\/\/blogsaverroes.juntadeandalucia.es\/ceeesantarosadelima\/wp-json\/wp\/v2\/types\/page"}],"author":[{"embeddable":true,"href":"https:\/\/blogsaverroes.juntadeandalucia.es\/ceeesantarosadelima\/wp-json\/wp\/v2\/users\/2004"}],"replies":[{"embeddable":true,"href":"https:\/\/blogsaverroes.juntadeandalucia.es\/ceeesantarosadelima\/wp-json\/wp\/v2\/comments?post=1115"}],"version-history":[{"count":11,"href":"https:\/\/blogsaverroes.juntadeandalucia.es\/ceeesantarosadelima\/wp-json\/wp\/v2\/pages\/1115\/revisions"}],"predecessor-version":[{"id":4691,"href":"https:\/\/blogsaverroes.juntadeandalucia.es\/ceeesantarosadelima\/wp-json\/wp\/v2\/pages\/1115\/revisions\/4691"}],"wp:attachment":[{"href":"https:\/\/blogsaverroes.juntadeandalucia.es\/ceeesantarosadelima\/wp-json\/wp\/v2\/media?parent=1115"}],"curies":[{"name":"wp","href":"https:\/\/api.w.org\/{rel}","templated":true}]}}

Plan de Acompañamiento Domiciliario

<p><a href="https://blogsaverroes.juntadeandalucia.es/ceeesantarosadelima/files/2025/02/Acompanamiento-escolar-domicilliario.jpg"><img loading="lazy" decoding="async" class=" wp-image-4690 alignleft" src="https://blogsaverroes.juntadeandalucia.es/ceeesantarosadelima/files/2025/02/Acompanamiento-escolar-domicilliario.jpg" alt="" width="332" height="332" srcset="https://blogsaverroes.juntadeandalucia.es/ceeesantarosadelima/files/2025/02/Acompanamiento-escolar-domicilliario.jpg 1024w, https://blogsaverroes.juntadeandalucia.es/ceeesantarosadelima/files/2025/02/Acompanamiento-escolar-domicilliario-300x300.jpg 300w, https://blogsaverroes.juntadeandalucia.es/ceeesantarosadelima/files/2025/02/Acompanamiento-escolar-domicilliario-150x150.jpg 150w, https://blogsaverroes.juntadeandalucia.es/ceeesantarosadelima/files/2025/02/Acompanamiento-escolar-domicilliario-768x768.jpg 768w, https://blogsaverroes.juntadeandalucia.es/ceeesantarosadelima/files/2025/02/Acompanamiento-escolar-domicilliario-80x80.jpg 80w, https://blogsaverroes.juntadeandalucia.es/ceeesantarosadelima/files/2025/02/Acompanamiento-escolar-domicilliario-320x320.jpg 320w" sizes="(max-width: 332px) 100vw, 332px" /></a></p>
<p>&nbsp;</p>
<p style="text-align: justify">«El Acompañamiento Escolar Domiciliario es una actuación dirigida a posibilitar la continuidad del proceso educativo a aquel alumnado de entre 6 y 16 años que presente necesidades específicas de apoyo educativo por razón de enfermedad y que, por prescripción médica no pueda asistir a su centro docente durante un período prolongado de tiempo»</p>
<p style="text-align: justify">Nuestro centro está adscrito al Programa de Refuerzo, Orientación y Apoyo (PROA), en su modalidad de Acompañamiento Escolar Domiciliario, para aquel alumnado gravemente afectado que no puede asistir al centro.</p>
<p style="text-align: justify">Este programa se desarrolla en función de la normativa vigente.</p>

<p>&nbsp; «El Acompañamiento Escolar Domiciliario es una actuación dirigida a posibilitar la continuidad del proceso educativo a aquel alumnado de entre 6 y 16 años que presente necesidades específicas de apoyo educativo por razón&#46;&#46;&#46;</p>
