{"id":2369,"date":"2019-07-17T20:04:44","date_gmt":"2019-07-17T20:04:44","guid":{"rendered":"https:\/\/blogsaverroes.juntadeandalucia.es\/ceeesantarosadelima\/?page_id=2369"},"modified":"2025-07-07T16:13:22","modified_gmt":"2025-07-07T16:13:22","slug":"plan-de-igualdad","status":"publish","type":"page","link":"https:\/\/blogsaverroes.juntadeandalucia.es\/ceeesantarosadelima\/planes-programas-y-proyectos\/plan-de-igualdad\/","title":{"rendered":"PLAN DE IGUALDAD"},"content":{"rendered":"<p>&nbsp;<\/p>\n<h5><span style=\"color: #3366ff\">RECURSOS DE COEDUCACI\u00d3N OFRECIDOS POR EL INSTITUTO ANDALUZ DE LA MUJER<\/span><a href=\"https:\/\/www.juntadeandalucia.es\/iam\/index.php\/areas-tematicas\/coeducacion\" target=\"_blank\" rel=\"noopener noreferrer\"><img loading=\"lazy\" decoding=\"async\" class=\"aligncenter size-large wp-image-4358\" src=\"https:\/\/blogsaverroes.juntadeandalucia.es\/ceeesantarosadelima\/files\/2023\/06\/instituto-1024x390.png\" alt=\"\" width=\"1024\" height=\"390\" srcset=\"https:\/\/blogsaverroes.juntadeandalucia.es\/ceeesantarosadelima\/files\/2023\/06\/instituto-1024x390.png 1024w, https:\/\/blogsaverroes.juntadeandalucia.es\/ceeesantarosadelima\/files\/2023\/06\/instituto-300x114.png 300w, https:\/\/blogsaverroes.juntadeandalucia.es\/ceeesantarosadelima\/files\/2023\/06\/instituto-768x293.png 768w, https:\/\/blogsaverroes.juntadeandalucia.es\/ceeesantarosadelima\/files\/2023\/06\/instituto.png 1259w\" sizes=\"(max-width: 1024px) 100vw, 1024px\" \/><\/a><\/h5>\n<ul>\n<li><a href=\"https:\/\/www.juntadeandalucia.es\/iam\/index.php\/fondodocumental\/category\/117-en-torno-al-8-de-marzo\" target=\"_blank\" rel=\"noopener noreferrer\">En torno al 8 de marzo, D\u00eda Internacional de la Mujeres<\/a><\/li>\n<li><a href=\"https:\/\/www.juntadeandalucia.es\/iam\/index.php\/fondodocumental\/category\/118-en-torno-al-28-de-mayo\" target=\"_blank\" rel=\"noopener noreferrer\">En torno al 28 de mayo, D\u00eda Internacional de Acci\u00f3n por la Salud de las Mujeres<\/a><\/li>\n<li class=\"ph-subheader pd-ctitle\"><a href=\"https:\/\/www.juntadeandalucia.es\/iam\/index.php\/fondodocumental\/category\/119-en-torno-al-25-de-noviembre\" target=\"_blank\" rel=\"noopener noreferrer\">En torno al 25 de noviembre, D\u00eda Contra la Violencia Hacia las Mujeres<\/a><\/li>\n<li class=\"ph-subheader pd-ctitle\"><a href=\"https:\/\/www.juntadeandalucia.es\/iam\/index.php\/fondodocumental\/category\/120-en-torno-a-la-navidad\" target=\"_blank\" rel=\"noopener noreferrer\">En torno a la Navidad: Campa\u00f1a del Juego y Juguete No Sexista, No Violento<\/a><\/li>\n<li class=\"ph-subheader pd-ctitle\"><a href=\"https:\/\/www.juntadeandalucia.es\/iam\/index.php\/fondodocumental\/category\/195-dia-internacional-tic-ninas-tic\" target=\"_blank\" rel=\"noopener noreferrer\">D\u00eda internacional de las ni\u00f1as en las TIC<\/a><\/li>\n<li class=\"ph-subheader pd-ctitle\"><a href=\"https:\/\/www.juntadeandalucia.es\/iam\/index.php\/fondodocumental\/category\/121-otras\" target=\"_blank\" rel=\"noopener noreferrer\">Otras<\/a><\/li>\n<\/ul>\n<p>&nbsp;<\/p>\n<h5><span style=\"color: #3366ff\">RECURSOS DE COEDUCACI\u00d3N OFRECIDOS POR LA CONSEJER\u00cdA DE DESARROLLO EDUCATIVO Y FORMACI\u00d3N PROFESIONAL<\/span><a href=\"https:\/\/www.juntadeandalucia.es\/educacion\/portals\/web\/igualdad\/recursos\" target=\"_blank\" rel=\"noopener noreferrer\"><img loading=\"lazy\" decoding=\"async\" class=\"aligncenter size-large wp-image-4362\" src=\"https:\/\/blogsaverroes.juntadeandalucia.es\/ceeesantarosadelima\/files\/2023\/06\/PORTAL-IGUALDAD-1024x390.png\" alt=\"\" width=\"1024\" height=\"390\" srcset=\"https:\/\/blogsaverroes.juntadeandalucia.es\/ceeesantarosadelima\/files\/2023\/06\/PORTAL-IGUALDAD-1024x390.png 1024w, https:\/\/blogsaverroes.juntadeandalucia.es\/ceeesantarosadelima\/files\/2023\/06\/PORTAL-IGUALDAD-300x114.png 300w, https:\/\/blogsaverroes.juntadeandalucia.es\/ceeesantarosadelima\/files\/2023\/06\/PORTAL-IGUALDAD-768x293.png 768w, https:\/\/blogsaverroes.juntadeandalucia.es\/ceeesantarosadelima\/files\/2023\/06\/PORTAL-IGUALDAD.png 1259w\" sizes=\"(max-width: 1024px) 100vw, 1024px\" \/><\/a><\/h5>\n<ul>\n<li><a href=\"https:\/\/www.juntadeandalucia.es\/educacion\/portals\/web\/igualdad\/recursos\" target=\"_blank\" rel=\"noopener noreferrer\">https:\/\/www.juntadeandalucia.es\/educacion\/portals\/web\/igualdad\/recursos<\/a><\/li>\n<\/ul>\n<p>&nbsp;<\/p>\n<h5>&nbsp;<\/h5>\n<p>&nbsp;<\/p>\n<p>&nbsp;<\/p>\n","protected":false},"excerpt":{"rendered":"<p>&nbsp; RECURSOS DE COEDUCACI\u00d3N OFRECIDOS POR EL INSTITUTO ANDALUZ DE LA MUJER En torno al 8 de marzo, D\u00eda Internacional de la Mujeres En torno al 28 de mayo, D\u00eda Internacional de Acci\u00f3n por&#46;&#46;&#46;<\/p>\n","protected":false},"author":2004,"featured_media":0,"parent":25,"menu_order":0,"comment_status":"closed","ping_status":"closed","template":"","meta":{"ngg_post_thumbnail":0,"footnotes":""},"aioseo_notices":[],"_links":{"self":[{"href":"https:\/\/blogsaverroes.juntadeandalucia.es\/ceeesantarosadelima\/wp-json\/wp\/v2\/pages\/2369"}],"collection":[{"href":"https:\/\/blogsaverroes.juntadeandalucia.es\/ceeesantarosadelima\/wp-json\/wp\/v2\/pages"}],"about":[{"href":"https:\/\/blogsaverroes.juntadeandalucia.es\/ceeesantarosadelima\/wp-json\/wp\/v2\/types\/page"}],"author":[{"embeddable":true,"href":"https:\/\/blogsaverroes.juntadeandalucia.es\/ceeesantarosadelima\/wp-json\/wp\/v2\/users\/2004"}],"replies":[{"embeddable":true,"href":"https:\/\/blogsaverroes.juntadeandalucia.es\/ceeesantarosadelima\/wp-json\/wp\/v2\/comments?post=2369"}],"version-history":[{"count":14,"href":"https:\/\/blogsaverroes.juntadeandalucia.es\/ceeesantarosadelima\/wp-json\/wp\/v2\/pages\/2369\/revisions"}],"predecessor-version":[{"id":4862,"href":"https:\/\/blogsaverroes.juntadeandalucia.es\/ceeesantarosadelima\/wp-json\/wp\/v2\/pages\/2369\/revisions\/4862"}],"up":[{"embeddable":true,"href":"https:\/\/blogsaverroes.juntadeandalucia.es\/ceeesantarosadelima\/wp-json\/wp\/v2\/pages\/25"}],"wp:attachment":[{"href":"https:\/\/blogsaverroes.juntadeandalucia.es\/ceeesantarosadelima\/wp-json\/wp\/v2\/media?parent=2369"}],"curies":[{"name":"wp","href":"https:\/\/api.w.org\/{rel}","templated":true}]}}