{"id":3335,"date":"2022-07-06T10:31:32","date_gmt":"2022-07-06T10:31:32","guid":{"rendered":"https:\/\/blogsaverroes.juntadeandalucia.es\/ceeesantarosadelima\/?page_id=3335"},"modified":"2025-10-05T12:00:00","modified_gmt":"2025-10-05T12:00:00","slug":"mas-equidad","status":"publish","type":"page","link":"https:\/\/blogsaverroes.juntadeandalucia.es\/ceeesantarosadelima\/mas-equidad\/","title":{"rendered":"M\u00c1S EQUIDAD"},"content":{"rendered":"<p><a href=\"https:\/\/blogsaverroes.juntadeandalucia.es\/ceeesantarosadelima\/files\/2025\/10\/equidad2.jpg\"><img loading=\"lazy\" decoding=\"async\" class=\"aligncenter wp-image-5105 size-large\" src=\"https:\/\/blogsaverroes.juntadeandalucia.es\/ceeesantarosadelima\/files\/2025\/10\/equidad2-e1759665417821-1024x390.jpg\" alt=\"\" width=\"1024\" height=\"390\" srcset=\"https:\/\/blogsaverroes.juntadeandalucia.es\/ceeesantarosadelima\/files\/2025\/10\/equidad2-e1759665417821-1024x390.jpg 1024w, https:\/\/blogsaverroes.juntadeandalucia.es\/ceeesantarosadelima\/files\/2025\/10\/equidad2-e1759665417821-300x114.jpg 300w, https:\/\/blogsaverroes.juntadeandalucia.es\/ceeesantarosadelima\/files\/2025\/10\/equidad2-e1759665417821-768x293.jpg 768w, https:\/\/blogsaverroes.juntadeandalucia.es\/ceeesantarosadelima\/files\/2025\/10\/equidad2-e1759665417821-1536x586.jpg 1536w, https:\/\/blogsaverroes.juntadeandalucia.es\/ceeesantarosadelima\/files\/2025\/10\/equidad2-e1759665417821.jpg 1545w\" sizes=\"(max-width: 1024px) 100vw, 1024px\" \/><\/a><\/p>\n<p><strong><span style=\"font-size: 24pt\">M\u00c1S EQUIDAD CURSO 25-26<\/span><\/strong><\/p>\n<p style=\"text-align: justify\">El Programa M\u00e1s Equidad se concibe como un conjunto de actuaciones dirigidas a potenciar la cultura inclusiva de los centros docentes y a mejorar el grado de adquisici\u00f3n de competencias a trav\u00e9s de la mejora de los recursos en el aula y\/o de la realizaci\u00f3n de experiencias innovadoras, activas y experimentales que promuevan el saber hacer del alumnado, partiendo de sus conocimientos y fomentando actitudes como la autonom\u00eda, la responsabilidad, el respeto y el trabajo en equipo, bajo los principios de la atenci\u00f3n a la diversidad y la igualdad de g\u00e9nero.<\/p>\n<p style=\"text-align: justify\">&nbsp;<\/p>\n<p><strong><span style=\"font-size: 24pt\">CURSO 24-25<\/span><\/strong><\/p>\n<p style=\"text-align: justify\">El Programa M\u00e1s Equidad proporciona un conjunto de acciones pensadas para hacer que los colegios sean m\u00e1s inclusivos. Igualmente pretende ayudar al alumnado a desarrollar de forma m\u00e1s eficaz sus competencias. Para lograrlo, se busca mejorar los recursos en las aulas y realizar actividades innovadoras, pr\u00e1cticas y activas que permitan al alumnado aprender haciendo. Estas actividades parten de lo que ya saben los estudiantes y fomentan valores como la autonom\u00eda, la responsabilidad, el respeto y el trabajo en equipo. Todo esto se hace teniendo en cuenta la diversidad del alumnado y promoviendo la igualdad entre hombres y mujeres. A continuaci\u00f3n se muestran algunas de las actividades desarrolladas dentro de este programa.<\/p>\n<p><strong>ACTIVIDAD DE DANZA<br \/>\n<\/strong>Actividad conjunta de danza realizada por los estudiantes de la Escuela Superior de Danza de M\u00e1laga y el alumnado de nuestro centro,<span id=\"more-4777\"><\/span>&nbsp;bajo la direcci\u00f3n de la docente y artista F\u00e1tima Moreno<br \/>\n<a href=\"https:\/\/blogsaverroes.juntadeandalucia.es\/ceeesantarosadelima\/actividad-de-danza\/\" target=\"_blank\" rel=\"noopener\"><img loading=\"lazy\" decoding=\"async\" class=\"wp-image-4790 aligncenter\" src=\"https:\/\/blogsaverroes.juntadeandalucia.es\/ceeesantarosadelima\/files\/2025\/05\/danza.png\" alt=\"\" width=\"500\" height=\"259\" srcset=\"https:\/\/blogsaverroes.juntadeandalucia.es\/ceeesantarosadelima\/files\/2025\/05\/danza.png 1230w, https:\/\/blogsaverroes.juntadeandalucia.es\/ceeesantarosadelima\/files\/2025\/05\/danza-768x398.png 768w\" sizes=\"(max-width: 500px) 100vw, 500px\" \/><\/a><\/p>\n<p>&nbsp;<\/p>\n<p><strong>PROYECTO \u00abBIENESTAR A TRAV\u00c9S DEL ARTE Y EL YOGA\u00bb<\/strong><br \/>\nDentro de este proyecto, el alumnado de PTVAL ha habilitado un espacio para crear una Biblioteca del Bienestar en la que pueden encontrar diferentes libros y juegos relacionados con el arte, el yoga, la relajaci\u00f3n, la expresi\u00f3n corporal, el mindfulness, las emociones\u2026Para ello han realizado un cartel para identificar el espacio, un registro de pr\u00e9stamo de libros y juegos que gestiona el alumnado del taller de Cer\u00e1mica y unos marcap\u00e1ginas para regalar y motivar a los alumnos\/as a conocer los diferentes libros.<\/p>\nngg_shortcode_0_placeholder\n<p><strong>TALLER CREATIVO MANGA\/ANIME<\/strong><br \/>\nEl jueves 8 de junio, el alumnado de PTVAL ha participado en un taller creativo de dibujo Manga\/Anime, enmarcado en el proyecto&nbsp; \u201cBienestar a trav\u00e9s del yoga y el arte\u201d<br \/>\nGuiados por la profesora de dibujo Patricia (Estudio de arte y creatividad L\u00b4Alternativa) han realizado un mural conjunto aprendiendo diferentes t\u00e9cnicas, desarrollando la expresi\u00f3n art\u00edstica y la creatividad. Una actividad distinta y enriquecedora donde adem\u00e1s de disfrutar mucho han trabajado en equipo.<\/p>\nngg_shortcode_1_placeholder\n<p><strong>PROYECTO \u201cNUESTRO HUERTO ESCOLAR\u201d.<br \/>\n<\/strong><a href=\"https:\/\/blogsaverroes.juntadeandalucia.es\/ceeesantarosadelima\/files\/2022\/07\/1.png\"><img loading=\"lazy\" decoding=\"async\" class=\"wp-image-3346 alignleft\" src=\"https:\/\/blogsaverroes.juntadeandalucia.es\/ceeesantarosadelima\/files\/2022\/07\/1.png\" alt=\"\" width=\"289\" height=\"420\" srcset=\"https:\/\/blogsaverroes.juntadeandalucia.es\/ceeesantarosadelima\/files\/2022\/07\/1.png 571w, https:\/\/blogsaverroes.juntadeandalucia.es\/ceeesantarosadelima\/files\/2022\/07\/1-206x300.png 206w\" sizes=\"(max-width: 289px) 100vw, 289px\" \/><\/a><\/p>\n<p>El Centro Espec\u00edfico de Educaci\u00f3n Especial Santa Rosa de Lima de M\u00e1laga ha participado este curso escolar en el Plan Impulsa de la Consejer\u00eda de Educaci\u00f3n y deporte.&nbsp; &nbsp; &nbsp;<\/p>\n<p>&nbsp;<\/p>\n<p style=\"text-align: justify\">Este Proyecto ha estado coordinado por el profesor Gabriel Diez Cabello, &nbsp;con la participaci\u00f3n del profesorado y alumnado de la etapa de Formaci\u00f3n B\u00e1sica Obligatoria extraordinaria, con el nombre de \u201cNuestro Huerto Escolar\u201d.<\/p>\n<p>&nbsp;<\/p>\n<p style=\"text-align: justify\">Se contrat\u00f3 los servicios de una empresa especializada en la materia y el alumnado, el profesorado y P.T.I.S. ha recibido cursos y actividades de formaci\u00f3n,&nbsp; desarrollando tareas adaptadas a las capacidades, habilidades &nbsp;y&nbsp; fortalezas del alumnado tales como siembra de&nbsp; semillas, regar, desbrozar, ampliaci\u00f3n de vocabulario, etc.<\/p>\n<p>&nbsp;<\/p>\n<p>&nbsp;<\/p>\n<p style=\"text-align: justify\"><a href=\"https:\/\/blogsaverroes.juntadeandalucia.es\/ceeesantarosadelima\/files\/2022\/07\/2.png\"><img loading=\"lazy\" decoding=\"async\" class=\" wp-image-3347 alignright\" src=\"https:\/\/blogsaverroes.juntadeandalucia.es\/ceeesantarosadelima\/files\/2022\/07\/2.png\" alt=\"\" width=\"305\" height=\"397\" srcset=\"https:\/\/blogsaverroes.juntadeandalucia.es\/ceeesantarosadelima\/files\/2022\/07\/2.png 494w, https:\/\/blogsaverroes.juntadeandalucia.es\/ceeesantarosadelima\/files\/2022\/07\/2-230x300.png 230w\" sizes=\"(max-width: 305px) 100vw, 305px\" \/><\/a>Y ello, acompa\u00f1ado de experiencias perceptivas-sensoriales tales como explorar con la vista (colores, tama\u00f1os, formas\u2026), descubrir con el tacto (texturas, dureza, formas, temperaturas\u2026),&nbsp; o conocer con el olfato a trav\u00e9s de los olores de las diferentes especies de plantas y flores. &nbsp;<\/p>\n<p style=\"text-align: justify\">Por otro lado se ha construido un jard\u00edn vertical, un hotel de insectos y se han instalado bancos, una caseta exterior para el almacenaje de utensilios del huerto y una estructura para construir pr\u00f3ximamente un invernadero.<\/p>\n<p style=\"text-align: justify\">Todas las actividades programadas en el Proyecto han estado dise\u00f1adas y adaptadas&nbsp; a nuestro alumnado con&nbsp; necesidades educativas especiales&nbsp; con el objetivo de fomentar la autonom\u00eda personal en la realizaci\u00f3n del trabajo y promover&nbsp; un proceso de educativo vivencial basado en una ense\u00f1anza-aprendizaje de experimentaci\u00f3n, significatividad &nbsp;y funcionalidad en beneficio del desarrollo integral del alumnado.<\/p>\n<p style=\"text-align: justify\">&nbsp;<\/p>\n\n\t\t<style>\n\t\t\t#gallery-1 {\n\t\t\t\tmargin: auto;\n\t\t\t}\n\t\t\t#gallery-1 .gallery-item {\n\t\t\t\tfloat: left;\n\t\t\t\tmargin-top: 10px;\n\t\t\t\ttext-align: center;\n\t\t\t\twidth: 33%;\n\t\t\t}\n\t\t\t#gallery-1 img {\n\t\t\t\tborder: 2px solid #cfcfcf;\n\t\t\t}\n\t\t\t#gallery-1 .gallery-caption {\n\t\t\t\tmargin-left: 0;\n\t\t\t}\n\t\t\t\/* see gallery_shortcode() in wp-includes\/media.php *\/\n\t\t<\/style>\n\t\t<div id='gallery-1' class='gallery galleryid-3335 gallery-columns-3 gallery-size-medium'><dl class='gallery-item'>\n\t\t\t<dt class='gallery-icon portrait'>\n\t\t\t\t<img loading=\"lazy\" decoding=\"async\" width=\"178\" height=\"300\" src=\"https:\/\/blogsaverroes.juntadeandalucia.es\/ceeesantarosadelima\/files\/2022\/07\/5-178x300.png\" class=\"attachment-medium size-medium\" alt=\"\" srcset=\"https:\/\/blogsaverroes.juntadeandalucia.es\/ceeesantarosadelima\/files\/2022\/07\/5-178x300.png 178w, https:\/\/blogsaverroes.juntadeandalucia.es\/ceeesantarosadelima\/files\/2022\/07\/5-609x1024.png 609w, https:\/\/blogsaverroes.juntadeandalucia.es\/ceeesantarosadelima\/files\/2022\/07\/5.png 704w\" sizes=\"(max-width: 178px) 100vw, 178px\" \/>\n\t\t\t<\/dt><\/dl><dl class='gallery-item'>\n\t\t\t<dt class='gallery-icon portrait'>\n\t\t\t\t<img loading=\"lazy\" decoding=\"async\" width=\"213\" height=\"300\" src=\"https:\/\/blogsaverroes.juntadeandalucia.es\/ceeesantarosadelima\/files\/2022\/07\/4-213x300.png\" class=\"attachment-medium size-medium\" alt=\"\" srcset=\"https:\/\/blogsaverroes.juntadeandalucia.es\/ceeesantarosadelima\/files\/2022\/07\/4-213x300.png 213w, https:\/\/blogsaverroes.juntadeandalucia.es\/ceeesantarosadelima\/files\/2022\/07\/4.png 523w\" sizes=\"(max-width: 213px) 100vw, 213px\" \/>\n\t\t\t<\/dt><\/dl><dl class='gallery-item'>\n\t\t\t<dt class='gallery-icon portrait'>\n\t\t\t\t<img loading=\"lazy\" decoding=\"async\" width=\"242\" height=\"300\" src=\"https:\/\/blogsaverroes.juntadeandalucia.es\/ceeesantarosadelima\/files\/2022\/07\/3-242x300.png\" class=\"attachment-medium size-medium\" alt=\"\" srcset=\"https:\/\/blogsaverroes.juntadeandalucia.es\/ceeesantarosadelima\/files\/2022\/07\/3-242x300.png 242w, https:\/\/blogsaverroes.juntadeandalucia.es\/ceeesantarosadelima\/files\/2022\/07\/3.png 519w\" sizes=\"(max-width: 242px) 100vw, 242px\" \/>\n\t\t\t<\/dt><\/dl><br style=\"clear: both\" \/>\n\t\t<\/div>\n\n<h2>&nbsp;<\/h2>\n","protected":false},"excerpt":{"rendered":"<p>M\u00c1S EQUIDAD CURSO 25-26 El Programa M\u00e1s Equidad se concibe como un conjunto de actuaciones dirigidas a potenciar la cultura inclusiva de los centros docentes y a mejorar el grado de adquisici\u00f3n de competencias&#46;&#46;&#46;<\/p>\n","protected":false},"author":2004,"featured_media":0,"parent":0,"menu_order":0,"comment_status":"closed","ping_status":"closed","template":"","meta":{"ngg_post_thumbnail":0,"footnotes":""},"aioseo_notices":[],"_links":{"self":[{"href":"https:\/\/blogsaverroes.juntadeandalucia.es\/ceeesantarosadelima\/wp-json\/wp\/v2\/pages\/3335"}],"collection":[{"href":"https:\/\/blogsaverroes.juntadeandalucia.es\/ceeesantarosadelima\/wp-json\/wp\/v2\/pages"}],"about":[{"href":"https:\/\/blogsaverroes.juntadeandalucia.es\/ceeesantarosadelima\/wp-json\/wp\/v2\/types\/page"}],"author":[{"embeddable":true,"href":"https:\/\/blogsaverroes.juntadeandalucia.es\/ceeesantarosadelima\/wp-json\/wp\/v2\/users\/2004"}],"replies":[{"embeddable":true,"href":"https:\/\/blogsaverroes.juntadeandalucia.es\/ceeesantarosadelima\/wp-json\/wp\/v2\/comments?post=3335"}],"version-history":[{"count":9,"href":"https:\/\/blogsaverroes.juntadeandalucia.es\/ceeesantarosadelima\/wp-json\/wp\/v2\/pages\/3335\/revisions"}],"predecessor-version":[{"id":4894,"href":"https:\/\/blogsaverroes.juntadeandalucia.es\/ceeesantarosadelima\/wp-json\/wp\/v2\/pages\/3335\/revisions\/4894"}],"wp:attachment":[{"href":"https:\/\/blogsaverroes.juntadeandalucia.es\/ceeesantarosadelima\/wp-json\/wp\/v2\/media?parent=3335"}],"curies":[{"name":"wp","href":"https:\/\/api.w.org\/{rel}","templated":true}]}}