{"id":3761,"date":"2022-10-12T18:20:08","date_gmt":"2022-10-12T18:20:08","guid":{"rendered":"https:\/\/blogsaverroes.juntadeandalucia.es\/ceeesantarosadelima\/?page_id=3761"},"modified":"2025-06-17T13:24:47","modified_gmt":"2025-06-17T13:24:47","slug":"trabajadora-social","status":"publish","type":"page","link":"https:\/\/blogsaverroes.juntadeandalucia.es\/ceeesantarosadelima\/trabajadora-social\/","title":{"rendered":"Trabajadora Social"},"content":{"rendered":"<p><a href=\"https:\/\/blogsaverroes.juntadeandalucia.es\/ceeesantarosadelima\/files\/2022\/10\/social.png\"><img loading=\"lazy\" decoding=\"async\" class=\"alignleft wp-image-3765 size-medium\" src=\"https:\/\/blogsaverroes.juntadeandalucia.es\/ceeesantarosadelima\/files\/2022\/10\/social-283x300.png\" alt=\"\" width=\"283\" height=\"300\" srcset=\"https:\/\/blogsaverroes.juntadeandalucia.es\/ceeesantarosadelima\/files\/2022\/10\/social-283x300.png 283w, https:\/\/blogsaverroes.juntadeandalucia.es\/ceeesantarosadelima\/files\/2022\/10\/social-768x815.png 768w, https:\/\/blogsaverroes.juntadeandalucia.es\/ceeesantarosadelima\/files\/2022\/10\/social.png 795w\" sizes=\"(max-width: 283px) 100vw, 283px\" \/><\/a><\/p>\n<h4><span style=\"font-size: 14pt;color: #000000\">SERVICIO DE TRABAJO SOCIAL<\/span><\/h4>\n<p style=\"text-align: justify\">Dentro del \u00e1mbito escolar la trabajadora social es la profesional que de acuerdo con el Proyecto educativo del centro, colabora junto con los otros profesionales en favorecer el desarrollo integral de los alumnos y alumnas, atendiendo as\u00ed su integraci\u00f3n desde la intervenci\u00f3n social. Su labor profesional tiene como objeto fundamental el apoyar y colaborar en la acci\u00f3n tutorial, desde esta perspectiva, adem\u00e1s, su funci\u00f3n de mediaci\u00f3n entre el contexto escolar, familiar y socio-comunitario, va a aportar, en colaboraci\u00f3n con otros profesionales del centro educativo, una mayor y mejor respuesta educativa a los alumnos y alumnas del mismo. La calidad de vida del alumnado con necesidades educativas especiales graves y permanentes va a quedar mermada si no se atienden sus necesidades sociales o de otra \u00edndole.<\/p>\n<p>&nbsp;<\/p>\n<h4><span style=\"font-size: 14pt;color: #000000\">OBJETIVO GENERAL<\/span><\/h4>\n<p style=\"text-align: justify\">Atender las distintas situaciones de necesidad y\/o problem\u00e1tica socio-familiar debido a las limitaciones ps\u00edquicas, f\u00edsicas, sociales y culturales, centrando la intervenci\u00f3n en la relaci\u00f3n del sistema educativo con el resto de recursos sociales.<\/p>\n<h4><span style=\"font-size: 14pt;color: #000000\">OBJETIVOS ESPEC\u00cdFICOS<\/span><\/h4>\n<ol>\n<li style=\"text-align: justify\">Participar, junto a otros profesionales del centro, en la elaboraci\u00f3n o revisi\u00f3n del Proyecto Educativo, especialmente en lo relativo a aspectos familiares y sociales del alumnado.<\/li>\n<li style=\"text-align: justify\">Conocer las caracter\u00edsticas del entorno, las necesidades sociales y educativas e identificar los recursos educativos, culturales, sanitarios y sociales existentes en la zona, y posibilitar el m\u00e1ximo aprovechamiento de los mismos, estableciendo las v\u00edas de coordinaci\u00f3n y colaboraci\u00f3n necesarias.<\/li>\n<li style=\"text-align: justify\">Realizar el estudio social y familiar del alumnado manteniendo los datos actualizados.<\/li>\n<li style=\"text-align: justify\">Participar en la elaboraci\u00f3n de los programas de seguimiento y control de absentismo escolar.<\/li>\n<li style=\"text-align: justify\">Colaborar en la detecci\u00f3n de indicadores de riesgo que puedan ayudar a prevenir procesos o situaciones de inadaptaci\u00f3n social.<\/li>\n<li style=\"text-align: justify\">Facilitar la informaci\u00f3n relevante y significativa para la acci\u00f3n educativa del tutoro tutora con relaci\u00f3n a aspectos sociales y familiares.<\/li>\n<li style=\"text-align: justify\">Participar, en el \u00e1mbito de sus funciones, en las tareas de orientaci\u00f3n familiar que realiza el tutor o tutora y el orientador u orientadora.<\/li>\n<li style=\"text-align: justify\">Informar y orientar a los padres y madres en los temas que le sean propios, as\u00ed como de los recursos existentes en la comunidad, a fin de dar mejor respuesta a las necesidades del alumnado.<\/li>\n<li style=\"text-align: justify\">Favorecer y potenciar la participaci\u00f3n activa de los padres y madres en el \u00e1mbito escolar y comunitario, tanto en lo relacionado con aspectos formativos, como de sensibilizaci\u00f3n social y aprovechamiento de recursos.<\/li>\n<li style=\"text-align: justify\">Informar y orientar a las familias, en colaboraci\u00f3n con las orientadoras, sobre las alternativas laborales, ocupacionales, de ocio, asistenciales\u2026 existentes al finalizar la escolaridad.<\/li>\n<\/ol>\n<h4 style=\"text-align: justify\">&nbsp;<\/h4>\n<h4 style=\"text-align: justify\"><span style=\"font-size: 14pt;color: #000000\">ACTIVIDADES<\/span><\/h4>\n<ul style=\"text-align: justify\">\n<li>Entrevistas con padres\/madres y alumnos o alumnas para informar y asesorar sobre recursos existentes.<\/li>\n<li>Reuniones con tutores, educadores y otros profesionales implicados en el proceso educativo con objeto de aportaci\u00f3n mutua de datos sobre la realidad socio-educativa del alumno o alumna.<\/li>\n<li>Seguimiento escolar y familiar.<\/li>\n<li>Gesti\u00f3n de prestaciones y servicios con otras instituciones.<\/li>\n<li>Elaboraci\u00f3n de informes sociales y\/o derivaci\u00f3n a petici\u00f3n de entidades p\u00fablicas.<\/li>\n<li>Control de absentismo escolar.<\/li>\n<li>Visitas a domicilio en casos de absentismo escolar muy grave o cuando sea necesario por otras circunstancias.<\/li>\n<li>Reuniones con otros profesionales implicados en materia de convocatorias de prestaciones o servicios.<\/li>\n<li>Derivaci\u00f3n y coordinaci\u00f3n con los Servicios Sociales Municipales en aquellos casos que la problem\u00e1tica social del alumnado lo requiera.<\/li>\n<li>Participar en la Subcomisi\u00f3n Municipal de Cruz de Humilladero para trabajar aspectos relacionados con la prevenci\u00f3n, seguimiento y control del absentismo escolar.<\/li>\n<li>Ayuda a la cumplimentaci\u00f3n de las Ayudas para Alumnado con Necesidad Espec\u00edfica de Apoyo Educativo para el curso acad\u00e9mico 2022-2023. La mayor\u00eda de las familias carece de los medios t\u00e9cnicos y de los conocimientos necesarios para cumplimentar la solicitud telem\u00e1tica.<\/li>\n<\/ul>\n<p style=\"text-align: justify\">&nbsp;<\/p>\n<p>&nbsp;<\/p>\n<p>&nbsp;<\/p>\n<p>&nbsp;<\/p>\n<p>&nbsp;<\/p>\n","protected":false},"excerpt":{"rendered":"<p>SERVICIO DE TRABAJO SOCIAL Dentro del \u00e1mbito escolar la trabajadora social es la profesional que de acuerdo con el Proyecto educativo del centro, colabora junto con los otros profesionales en favorecer el desarrollo integral&#46;&#46;&#46;<\/p>\n","protected":false},"author":2004,"featured_media":0,"parent":0,"menu_order":0,"comment_status":"closed","ping_status":"closed","template":"","meta":{"ngg_post_thumbnail":0,"footnotes":""},"aioseo_notices":[],"_links":{"self":[{"href":"https:\/\/blogsaverroes.juntadeandalucia.es\/ceeesantarosadelima\/wp-json\/wp\/v2\/pages\/3761"}],"collection":[{"href":"https:\/\/blogsaverroes.juntadeandalucia.es\/ceeesantarosadelima\/wp-json\/wp\/v2\/pages"}],"about":[{"href":"https:\/\/blogsaverroes.juntadeandalucia.es\/ceeesantarosadelima\/wp-json\/wp\/v2\/types\/page"}],"author":[{"embeddable":true,"href":"https:\/\/blogsaverroes.juntadeandalucia.es\/ceeesantarosadelima\/wp-json\/wp\/v2\/users\/2004"}],"replies":[{"embeddable":true,"href":"https:\/\/blogsaverroes.juntadeandalucia.es\/ceeesantarosadelima\/wp-json\/wp\/v2\/comments?post=3761"}],"version-history":[{"count":17,"href":"https:\/\/blogsaverroes.juntadeandalucia.es\/ceeesantarosadelima\/wp-json\/wp\/v2\/pages\/3761\/revisions"}],"predecessor-version":[{"id":4856,"href":"https:\/\/blogsaverroes.juntadeandalucia.es\/ceeesantarosadelima\/wp-json\/wp\/v2\/pages\/3761\/revisions\/4856"}],"wp:attachment":[{"href":"https:\/\/blogsaverroes.juntadeandalucia.es\/ceeesantarosadelima\/wp-json\/wp\/v2\/media?parent=3761"}],"curies":[{"name":"wp","href":"https:\/\/api.w.org\/{rel}","templated":true}]}}

<p><a href="https://blogsaverroes.juntadeandalucia.es/ceeesantarosadelima/files/2022/10/social.png"><img loading="lazy" decoding="async" class="alignleft wp-image-3765 size-medium" src="https://blogsaverroes.juntadeandalucia.es/ceeesantarosadelima/files/2022/10/social-283x300.png" alt="" width="283" height="300" srcset="https://blogsaverroes.juntadeandalucia.es/ceeesantarosadelima/files/2022/10/social-283x300.png 283w, https://blogsaverroes.juntadeandalucia.es/ceeesantarosadelima/files/2022/10/social-768x815.png 768w, https://blogsaverroes.juntadeandalucia.es/ceeesantarosadelima/files/2022/10/social.png 795w" sizes="(max-width: 283px) 100vw, 283px" /></a></p>
<h4><span style="font-size: 14pt;color: #000000">SERVICIO DE TRABAJO SOCIAL</span></h4>
<p style="text-align: justify">Dentro del ámbito escolar la trabajadora social es la profesional que de acuerdo con el Proyecto educativo del centro, colabora junto con los otros profesionales en favorecer el desarrollo integral de los alumnos y alumnas, atendiendo así su integración desde la intervención social. Su labor profesional tiene como objeto fundamental el apoyar y colaborar en la acción tutorial, desde esta perspectiva, además, su función de mediación entre el contexto escolar, familiar y socio-comunitario, va a aportar, en colaboración con otros profesionales del centro educativo, una mayor y mejor respuesta educativa a los alumnos y alumnas del mismo. La calidad de vida del alumnado con necesidades educativas especiales graves y permanentes va a quedar mermada si no se atienden sus necesidades sociales o de otra índole.</p>
<p>&nbsp;</p>
<h4><span style="font-size: 14pt;color: #000000">OBJETIVO GENERAL</span></h4>
<p style="text-align: justify">Atender las distintas situaciones de necesidad y/o problemática socio-familiar debido a las limitaciones psíquicas, físicas, sociales y culturales, centrando la intervención en la relación del sistema educativo con el resto de recursos sociales.</p>
<h4><span style="font-size: 14pt;color: #000000">OBJETIVOS ESPECÍFICOS</span></h4>
<ol>
<li style="text-align: justify">Participar, junto a otros profesionales del centro, en la elaboración o revisión del Proyecto Educativo, especialmente en lo relativo a aspectos familiares y sociales del alumnado.</li>
<li style="text-align: justify">Conocer las características del entorno, las necesidades sociales y educativas e identificar los recursos educativos, culturales, sanitarios y sociales existentes en la zona, y posibilitar el máximo aprovechamiento de los mismos, estableciendo las vías de coordinación y colaboración necesarias.</li>
<li style="text-align: justify">Realizar el estudio social y familiar del alumnado manteniendo los datos actualizados.</li>
<li style="text-align: justify">Participar en la elaboración de los programas de seguimiento y control de absentismo escolar.</li>
<li style="text-align: justify">Colaborar en la detección de indicadores de riesgo que puedan ayudar a prevenir procesos o situaciones de inadaptación social.</li>
<li style="text-align: justify">Facilitar la información relevante y significativa para la acción educativa del tutoro tutora con relación a aspectos sociales y familiares.</li>
<li style="text-align: justify">Participar, en el ámbito de sus funciones, en las tareas de orientación familiar que realiza el tutor o tutora y el orientador u orientadora.</li>
<li style="text-align: justify">Informar y orientar a los padres y madres en los temas que le sean propios, así como de los recursos existentes en la comunidad, a fin de dar mejor respuesta a las necesidades del alumnado.</li>
<li style="text-align: justify">Favorecer y potenciar la participación activa de los padres y madres en el ámbito escolar y comunitario, tanto en lo relacionado con aspectos formativos, como de sensibilización social y aprovechamiento de recursos.</li>
<li style="text-align: justify">Informar y orientar a las familias, en colaboración con las orientadoras, sobre las alternativas laborales, ocupacionales, de ocio, asistenciales… existentes al finalizar la escolaridad.</li>
</ol>
<h4 style="text-align: justify">&nbsp;</h4>
<h4 style="text-align: justify"><span style="font-size: 14pt;color: #000000">ACTIVIDADES</span></h4>
<ul style="text-align: justify">
<li>Entrevistas con padres/madres y alumnos o alumnas para informar y asesorar sobre recursos existentes.</li>
<li>Reuniones con tutores, educadores y otros profesionales implicados en el proceso educativo con objeto de aportación mutua de datos sobre la realidad socio-educativa del alumno o alumna.</li>
<li>Seguimiento escolar y familiar.</li>
<li>Gestión de prestaciones y servicios con otras instituciones.</li>
<li>Elaboración de informes sociales y/o derivación a petición de entidades públicas.</li>
<li>Control de absentismo escolar.</li>
<li>Visitas a domicilio en casos de absentismo escolar muy grave o cuando sea necesario por otras circunstancias.</li>
<li>Reuniones con otros profesionales implicados en materia de convocatorias de prestaciones o servicios.</li>
<li>Derivación y coordinación con los Servicios Sociales Municipales en aquellos casos que la problemática social del alumnado lo requiera.</li>
<li>Participar en la Subcomisión Municipal de Cruz de Humilladero para trabajar aspectos relacionados con la prevención, seguimiento y control del absentismo escolar.</li>
<li>Ayuda a la cumplimentación de las Ayudas para Alumnado con Necesidad Específica de Apoyo Educativo para el curso académico 2022-2023. La mayoría de las familias carece de los medios técnicos y de los conocimientos necesarios para cumplimentar la solicitud telemática.</li>
</ul>
<p style="text-align: justify">&nbsp;</p>
<p>&nbsp;</p>
<p>&nbsp;</p>
<p>&nbsp;</p>
<p>&nbsp;</p>

<p>SERVICIO DE TRABAJO SOCIAL Dentro del ámbito escolar la trabajadora social es la profesional que de acuerdo con el Proyecto educativo del centro, colabora junto con los otros profesionales en favorecer el desarrollo integral&#46;&#46;&#46;</p>
