{"id":737,"date":"2016-01-18T11:40:10","date_gmt":"2016-01-18T11:40:10","guid":{"rendered":"http:\/\/blogsaverroes.juntadeandalucia.es\/ceeesantarosadelima\/?page_id=737"},"modified":"2025-06-17T13:08:21","modified_gmt":"2025-06-17T13:08:21","slug":"datos-del-centro","status":"publish","type":"page","link":"https:\/\/blogsaverroes.juntadeandalucia.es\/ceeesantarosadelima\/nuestro-centro\/datos-del-centro\/","title":{"rendered":"Datos del centro"},"content":{"rendered":"<div class=\"entry-article-part entry-article-header\">\n<p class=\"entry-title entry--item\" style=\"text-align: justify\">El Centro Espec\u00edfico de Educaci\u00f3n Especial Santa Rosa de Lima est\u00e1&nbsp;<img loading=\"lazy\" decoding=\"async\" class=\"alignright wp-image-3558\" src=\"https:\/\/blogsaverroes.juntadeandalucia.es\/copiacolegiosantarosadelima\/files\/2022\/07\/100_3068-e1658753389189-215x300.jpg\" alt=\"\" width=\"287\" height=\"400\"\/>situado en la zona oeste de la capital de M\u00e1laga. Escolariza en torno a 180 alumnos y alumnas de entre 3 y 21 a\u00f1os, con necesidades educativas especiales asociadas a condiciones personales de discapacidad, que requieren a nivel pedag\u00f3gico adaptaciones muy significativas del curr\u00edculo oficial que les corresponde por su edad. En el colegio se imparten las siguientes ense\u00f1anzas:<\/p>\n<p class=\"entry-title entry--item\" style=\"text-align: justify\"><strong>FORMACI\u00d3N B\u00c1SICA OBLIGATORIA<\/strong><\/p>\n<\/div>\n<div class=\"entry-content-data\">\n<div class=\"entry-article-part entry-article-body\">\n<div class=\"entry-excerpt entry--item\">\n<ul>\n<li style=\"list-style-type: none\">\n<ul style=\"list-style-type: disc\">\n<li>Educaci\u00f3n infantil de EE: escolariza alumnado desde los 3 a los 6 a\u00f1os.<\/li>\n<li>1\u00ba Ciclo de Formaci\u00f3n B\u00e1sica Obligatoria (FBO): escolariza a alumnado desde los 6 a los 10 a\u00f1os.<\/li>\n<li>2\u00ba Ciclo de FBO: escolariza a alumnado desde los 10 a los 13 a\u00f1os.<\/li>\n<li>3\u00ba Ciclo FBO: escolariza a alumnado desde los 13 a los 16 a\u00f1os<\/li>\n<li>FBO Extraordinaria: escolariza a alumnado de 16 a 21 a\u00f1os sin posibilidades de entrenamiento en el \u00e1mbito de destrezas laborales.<\/li>\n<\/ul>\n<\/li>\n<\/ul>\n<p style=\"text-align: justify\"><strong>PERIODO DE FORMACI\u00d3N PARA LA TRANSICI\u00d3N A LA VIDA ADULTA Y LABORAL<\/strong><\/p>\n<ul>\n<li style=\"list-style-type: none\">\n<ul style=\"list-style-type: disc\">\n<li style=\"text-align: justify\">Programas Formaci\u00f3n para el Tr\u00e1nsito a la Vida Adulta y Laboral (PFTVAL). Talleres con alumnado que cursa el \u00e1mbito de destrezas laborales.&nbsp; Estos Programas se imparten a trav\u00e9s de 5 Talleres:&nbsp; &nbsp;Carpinter\u00eda \u2013 Equipos electr\u00f3nico \u2013 Cer\u00e1mica \u2013 Jardiner\u00eda \u2013 Patronaje y confecci\u00f3n.<\/li>\n<\/ul>\n<\/li>\n<\/ul>\nngg_shortcode_0_placeholder<\/div>\n<\/div>\n<\/div>\n<p style=\"text-align: justify\">Nuestro alumnado procede de m\u00e1s de treinta localidades de la provincia.&nbsp; La jornada lectiva semanal es de ma\u00f1ana, en horario regular de lunes a viernes de 9,30 a 14,30 h., contando con servicio complementario de comedor de 14,30 a 15,30 h.<\/p>\n<p><strong>PROFESORADO<\/strong><br \/>\n&#8211; Profesores y profesoras de Pedagog\u00eda terap\u00e9utica.<a href=\"https:\/\/blogsaverroes.juntadeandalucia.es\/ceeesantarosadelima\/files\/2016\/02\/100_3044-e1658503095845.jpg\"><img loading=\"lazy\" decoding=\"async\" class=\"alignright wp-image-943 size-medium\" src=\"https:\/\/blogsaverroes.juntadeandalucia.es\/ceeesantarosadelima\/files\/2016\/02\/100_3044-e1658503095845-283x300.jpg\" alt=\"\" width=\"283\" height=\"300\" srcset=\"https:\/\/blogsaverroes.juntadeandalucia.es\/ceeesantarosadelima\/files\/2016\/02\/100_3044-e1658503095845-283x300.jpg 283w, https:\/\/blogsaverroes.juntadeandalucia.es\/ceeesantarosadelima\/files\/2016\/02\/100_3044-e1658503095845-966x1024.jpg 966w, https:\/\/blogsaverroes.juntadeandalucia.es\/ceeesantarosadelima\/files\/2016\/02\/100_3044-e1658503095845-768x814.jpg 768w, https:\/\/blogsaverroes.juntadeandalucia.es\/ceeesantarosadelima\/files\/2016\/02\/100_3044-e1658503095845.jpg 1132w\" sizes=\"(max-width: 283px) 100vw, 283px\" \/><\/a><br \/>\n&#8211; Profesores y profesoras de Audici\u00f3n y lenguaje.<br \/>\n&#8211; Profesoras de Religi\u00f3n.<br \/>\n&#8211; Profesores y profesoras de Pedagog\u00eda terap\u00e9utica de los PFTVAL.<br \/>\n&#8211; Profesores y profesoras T\u00e9cnicos de Talleres de los PFTVAL.<\/p>\n<p><strong>PERSONAL NO DOCENTE. PERSONAL DE ADMINISTRACI\u00d3N Y SERVICIOS<\/strong><br \/>\n&#8211; Monitora escolar-secretar\u00eda.<br \/>\n&#8211; Educadores- Monitores de EE.<br \/>\n&#8211; Fisioterapeutas.<br \/>\n&#8211; Orientadora.<br \/>\n&#8211; Servicio m\u00e9dico.<br \/>\n&#8211; Servicio de enfermer\u00eda.<br \/>\n&#8211; Trabajadora social.<br \/>\n&#8211; Personal de cocina.<\/p>\n<p><strong>ALUMNADO Y NECESIDADES EDUCATIVAS<\/strong><br \/>\nEl alumnado matriculado presenta h\u00e1ndicaps derivados de sus plurideficiencias, con par\u00e1lisis cerebral (sin autonom\u00eda); con Trastornos generalizados del desarrollo (psicosis-autismo); y con trastornos asociados a diversos d\u00e9ficits (mot\u00f3ricos y\/o ps\u00edquicos y\/o sensoriales).<br \/>\nTodos presentan las siguientes <strong>necesidades educativas:<\/strong><br \/>\n&#8211; Mejorar la competencia curricular y acad\u00e9mica.<br \/>\n&#8211; Una programaci\u00f3n que contenga las competencias, objetivos, contenidos y estrategias de ense\u00f1anza-aprendizaje que se adec\u00faen a sus caracter\u00edsticas y necesidades.<br \/>\n&#8211; Potenciar la mejora de la calidad de vida, favoreciendo la autonom\u00eda en la realizaci\u00f3n de las actividades de la vida diaria.<br \/>\n&#8211; Potenciar las estrategias comunicativas favoreciendo su relaci\u00f3n con el entorno.<br \/>\n&#8211; Mejorar su autoconcepto y autoestima as\u00ed como las relaciones entre iguales y con los adultos.<br \/>\n&#8211; Disminuir la frecuencia y\/o intensidad de los comportamientos desajustados, potenciando los comportamientos normalizados y socialmente adecuados.<br \/>\n&#8211; Desarrollar su creatividad.<br \/>\n&#8211; Favorecer su inclusi\u00f3n social y laboral.<\/p>\n","protected":false},"excerpt":{"rendered":"<p>El Centro Espec\u00edfico de Educaci\u00f3n Especial Santa Rosa de Lima est\u00e1&nbsp;situado en la zona oeste de la capital de M\u00e1laga. Escolariza en torno a 180 alumnos y alumnas de entre 3 y 21 a\u00f1os,&#46;&#46;&#46;<\/p>\n","protected":false},"author":2004,"featured_media":858,"parent":29,"menu_order":0,"comment_status":"closed","ping_status":"open","template":"","meta":{"ngg_post_thumbnail":0,"footnotes":""},"aioseo_notices":[],"_links":{"self":[{"href":"https:\/\/blogsaverroes.juntadeandalucia.es\/ceeesantarosadelima\/wp-json\/wp\/v2\/pages\/737"}],"collection":[{"href":"https:\/\/blogsaverroes.juntadeandalucia.es\/ceeesantarosadelima\/wp-json\/wp\/v2\/pages"}],"about":[{"href":"https:\/\/blogsaverroes.juntadeandalucia.es\/ceeesantarosadelima\/wp-json\/wp\/v2\/types\/page"}],"author":[{"embeddable":true,"href":"https:\/\/blogsaverroes.juntadeandalucia.es\/ceeesantarosadelima\/wp-json\/wp\/v2\/users\/2004"}],"replies":[{"embeddable":true,"href":"https:\/\/blogsaverroes.juntadeandalucia.es\/ceeesantarosadelima\/wp-json\/wp\/v2\/comments?post=737"}],"version-history":[{"count":19,"href":"https:\/\/blogsaverroes.juntadeandalucia.es\/ceeesantarosadelima\/wp-json\/wp\/v2\/pages\/737\/revisions"}],"predecessor-version":[{"id":4851,"href":"https:\/\/blogsaverroes.juntadeandalucia.es\/ceeesantarosadelima\/wp-json\/wp\/v2\/pages\/737\/revisions\/4851"}],"up":[{"embeddable":true,"href":"https:\/\/blogsaverroes.juntadeandalucia.es\/ceeesantarosadelima\/wp-json\/wp\/v2\/pages\/29"}],"wp:featuredmedia":[{"embeddable":true,"href":"https:\/\/blogsaverroes.juntadeandalucia.es\/ceeesantarosadelima\/wp-json\/wp\/v2\/media\/858"}],"wp:attachment":[{"href":"https:\/\/blogsaverroes.juntadeandalucia.es\/ceeesantarosadelima\/wp-json\/wp\/v2\/media?parent=737"}],"curies":[{"name":"wp","href":"https:\/\/api.w.org\/{rel}","templated":true}]}}