{"id":2271,"date":"2020-01-26T07:42:30","date_gmt":"2020-01-26T07:42:30","guid":{"rendered":"https:\/\/blogsaverroes.juntadeandalucia.es\/ceeevirgendelamparo\/?page_id=2271"},"modified":"2023-06-01T09:29:45","modified_gmt":"2023-06-01T09:29:45","slug":"actividades-programa-plan-de-igualdad","status":"publish","type":"page","link":"https:\/\/blogsaverroes.juntadeandalucia.es\/ceeevirgendelamparo\/actividades-programa-plan-de-igualdad\/","title":{"rendered":"Actividades Programa Plan de Igualdad"},"content":{"rendered":"<p><a href=\"https:\/\/blogsaverroes.juntadeandalucia.es\/ceeevirgendelamparo\/files\/2023\/06\/WhatsApp-Image-2023-05-31-at-19.20.51.jpeg\"><img loading=\"lazy\" decoding=\"async\" class=\"alignnone size-medium wp-image-3149\" src=\"https:\/\/blogsaverroes.juntadeandalucia.es\/ceeevirgendelamparo\/files\/2023\/06\/WhatsApp-Image-2023-05-31-at-19.20.51-300x300.jpeg\" alt=\"\" width=\"300\" height=\"300\" srcset=\"https:\/\/blogsaverroes.juntadeandalucia.es\/ceeevirgendelamparo\/files\/2023\/06\/WhatsApp-Image-2023-05-31-at-19.20.51-300x300.jpeg 300w, https:\/\/blogsaverroes.juntadeandalucia.es\/ceeevirgendelamparo\/files\/2023\/06\/WhatsApp-Image-2023-05-31-at-19.20.51-1024x1024.jpeg 1024w, https:\/\/blogsaverroes.juntadeandalucia.es\/ceeevirgendelamparo\/files\/2023\/06\/WhatsApp-Image-2023-05-31-at-19.20.51-150x150.jpeg 150w, https:\/\/blogsaverroes.juntadeandalucia.es\/ceeevirgendelamparo\/files\/2023\/06\/WhatsApp-Image-2023-05-31-at-19.20.51-768x768.jpeg 768w, https:\/\/blogsaverroes.juntadeandalucia.es\/ceeevirgendelamparo\/files\/2023\/06\/WhatsApp-Image-2023-05-31-at-19.20.51-80x80.jpeg 80w, https:\/\/blogsaverroes.juntadeandalucia.es\/ceeevirgendelamparo\/files\/2023\/06\/WhatsApp-Image-2023-05-31-at-19.20.51-320x320.jpeg 320w, https:\/\/blogsaverroes.juntadeandalucia.es\/ceeevirgendelamparo\/files\/2023\/06\/WhatsApp-Image-2023-05-31-at-19.20.51.jpeg 1080w\" sizes=\"(max-width: 300px) 100vw, 300px\" \/><\/a> <a href=\"https:\/\/blogsaverroes.juntadeandalucia.es\/ceeevirgendelamparo\/files\/2023\/06\/WhatsApp-Image-2023-05-31-at-19.20.51-1.jpeg\"><img loading=\"lazy\" decoding=\"async\" class=\"alignnone size-medium wp-image-3150\" src=\"https:\/\/blogsaverroes.juntadeandalucia.es\/ceeevirgendelamparo\/files\/2023\/06\/WhatsApp-Image-2023-05-31-at-19.20.51-1-300x300.jpeg\" alt=\"\" width=\"300\" height=\"300\" srcset=\"https:\/\/blogsaverroes.juntadeandalucia.es\/ceeevirgendelamparo\/files\/2023\/06\/WhatsApp-Image-2023-05-31-at-19.20.51-1-300x300.jpeg 300w, https:\/\/blogsaverroes.juntadeandalucia.es\/ceeevirgendelamparo\/files\/2023\/06\/WhatsApp-Image-2023-05-31-at-19.20.51-1-1024x1024.jpeg 1024w, https:\/\/blogsaverroes.juntadeandalucia.es\/ceeevirgendelamparo\/files\/2023\/06\/WhatsApp-Image-2023-05-31-at-19.20.51-1-150x150.jpeg 150w, https:\/\/blogsaverroes.juntadeandalucia.es\/ceeevirgendelamparo\/files\/2023\/06\/WhatsApp-Image-2023-05-31-at-19.20.51-1-768x768.jpeg 768w, https:\/\/blogsaverroes.juntadeandalucia.es\/ceeevirgendelamparo\/files\/2023\/06\/WhatsApp-Image-2023-05-31-at-19.20.51-1-80x80.jpeg 80w, https:\/\/blogsaverroes.juntadeandalucia.es\/ceeevirgendelamparo\/files\/2023\/06\/WhatsApp-Image-2023-05-31-at-19.20.51-1-320x320.jpeg 320w, https:\/\/blogsaverroes.juntadeandalucia.es\/ceeevirgendelamparo\/files\/2023\/06\/WhatsApp-Image-2023-05-31-at-19.20.51-1.jpeg 1080w\" sizes=\"(max-width: 300px) 100vw, 300px\" \/><\/a><\/p>\n<p>Por nuestro colegio ha pasado un simp\u00e1tico personaje, el \u00abMonstruo rosa\u00bb, que encontr\u00f3 la felicidad en un mundo tolerante con la diversidad. Nos ha encantado el cuento y sus simp\u00e1ticas marionetas.<\/p>\n<p>#17demayo#cuentomonstruorosa#d\u00edacontralahomofobia#ladiversidadsiempreespositiva#<\/p>\n<p>&nbsp;<\/p>\n<p><a href=\"https:\/\/blogsaverroes.juntadeandalucia.es\/ceeevirgendelamparo\/files\/2023\/06\/WhatsApp-Image-2023-05-31-at-19.10.32.jpeg\"><img loading=\"lazy\" decoding=\"async\" class=\"alignnone size-medium wp-image-3145\" src=\"https:\/\/blogsaverroes.juntadeandalucia.es\/ceeevirgendelamparo\/files\/2023\/06\/WhatsApp-Image-2023-05-31-at-19.10.32-233x300.jpeg\" alt=\"\" width=\"233\" height=\"300\" srcset=\"https:\/\/blogsaverroes.juntadeandalucia.es\/ceeevirgendelamparo\/files\/2023\/06\/WhatsApp-Image-2023-05-31-at-19.10.32-233x300.jpeg 233w, https:\/\/blogsaverroes.juntadeandalucia.es\/ceeevirgendelamparo\/files\/2023\/06\/WhatsApp-Image-2023-05-31-at-19.10.32-796x1024.jpeg 796w, https:\/\/blogsaverroes.juntadeandalucia.es\/ceeevirgendelamparo\/files\/2023\/06\/WhatsApp-Image-2023-05-31-at-19.10.32-768x988.jpeg 768w, https:\/\/blogsaverroes.juntadeandalucia.es\/ceeevirgendelamparo\/files\/2023\/06\/WhatsApp-Image-2023-05-31-at-19.10.32-1194x1536.jpeg 1194w, https:\/\/blogsaverroes.juntadeandalucia.es\/ceeevirgendelamparo\/files\/2023\/06\/WhatsApp-Image-2023-05-31-at-19.10.32.jpeg 1244w\" sizes=\"(max-width: 233px) 100vw, 233px\" \/><\/a> <a href=\"https:\/\/blogsaverroes.juntadeandalucia.es\/ceeevirgendelamparo\/files\/2023\/06\/WhatsApp-Image-2023-05-31-at-19.10.32-1.jpeg\"><img loading=\"lazy\" decoding=\"async\" class=\"alignnone size-medium wp-image-3146\" src=\"https:\/\/blogsaverroes.juntadeandalucia.es\/ceeevirgendelamparo\/files\/2023\/06\/WhatsApp-Image-2023-05-31-at-19.10.32-1-300x160.jpeg\" alt=\"\" width=\"300\" height=\"160\" srcset=\"https:\/\/blogsaverroes.juntadeandalucia.es\/ceeevirgendelamparo\/files\/2023\/06\/WhatsApp-Image-2023-05-31-at-19.10.32-1-300x160.jpeg 300w, https:\/\/blogsaverroes.juntadeandalucia.es\/ceeevirgendelamparo\/files\/2023\/06\/WhatsApp-Image-2023-05-31-at-19.10.32-1-1024x546.jpeg 1024w, https:\/\/blogsaverroes.juntadeandalucia.es\/ceeevirgendelamparo\/files\/2023\/06\/WhatsApp-Image-2023-05-31-at-19.10.32-1-768x409.jpeg 768w, https:\/\/blogsaverroes.juntadeandalucia.es\/ceeevirgendelamparo\/files\/2023\/06\/WhatsApp-Image-2023-05-31-at-19.10.32-1-1536x819.jpeg 1536w, https:\/\/blogsaverroes.juntadeandalucia.es\/ceeevirgendelamparo\/files\/2023\/06\/WhatsApp-Image-2023-05-31-at-19.10.32-1.jpeg 1600w\" sizes=\"(max-width: 300px) 100vw, 300px\" \/><\/a><\/p>\n<p>El 17 de mayo celebramos el d\u00eda contra la homofobia, bifobia y transfobia y en el CEE Virgen del Amparo hemos querido conmemorarlo con nuestra primera carrera \u00abEl poder de la diversidad\u00bb porque en un mundo diverso todo es posible.<br \/>\n#porunmundodiverso#porunmundotolerante#laeducaci\u00f3neslarespuestaantelaincomprensi\u00f3n#17demayo#d\u00edacontralahomofobiabifobiaytransfobia<\/p>\n<p>&nbsp;<\/p>\n<p>&nbsp;<\/p>\n<p>&nbsp;<\/p>\n<p>Nuestro centro forma parte este curso de \u00abpacto de estado\u00bb&nbsp;<\/p>\n<p><a href=\"https:\/\/blogsaverroes.juntadeandalucia.es\/ceeevirgendelamparo\/files\/2022\/03\/pacto-estado.jpg\"><img loading=\"lazy\" decoding=\"async\" class=\"wp-image-3009 alignleft\" src=\"https:\/\/blogsaverroes.juntadeandalucia.es\/ceeevirgendelamparo\/files\/2022\/03\/pacto-estado.jpg\" alt=\"\" width=\"361\" height=\"210\"><\/a><\/p>\n<p><a href=\"https:\/\/blogsaverroes.juntadeandalucia.es\/ceeevirgendelamparo\/25-noviembre-dia-contra-la-violencia-de-genero\/\" target=\"_blank\" rel=\"noopener noreferrer\">25 Noviembre Dia contra la violencia de g\u00e9nero<\/a><\/p>\n<p><a href=\"https:\/\/blogsaverroes.juntadeandalucia.es\/ceeevirgendelamparo\/dia-de-la-mujer\/\">D\u00ed<\/a><a href=\"https:\/\/blogsaverroes.juntadeandalucia.es\/ceeevirgendelamparo\/dia-de-la-mujer\/\">a de la Mujer<\/a><\/p>\n<p>&nbsp;<\/p>\n<p>&nbsp;<\/p>\n<p>&nbsp;<\/p>\n<p>&nbsp;<\/p>\n<p>Iniciamos el curso 2022\/23 trabajando la igualdad a trav\u00e9s del siguiente cuento de Estela Moreno<\/p>\n<p><a href=\"https:\/\/blogsaverroes.juntadeandalucia.es\/ceeevirgendelamparo\/files\/2022\/11\/PEPUKA-1.png\"><img loading=\"lazy\" decoding=\"async\" class=\"wp-image-3093 aligncenter\" src=\"https:\/\/blogsaverroes.juntadeandalucia.es\/ceeevirgendelamparo\/files\/2022\/11\/PEPUKA-1-266x300.png\" alt=\"\" width=\"192\" height=\"217\" srcset=\"https:\/\/blogsaverroes.juntadeandalucia.es\/ceeevirgendelamparo\/files\/2022\/11\/PEPUKA-1-266x300.png 266w, https:\/\/blogsaverroes.juntadeandalucia.es\/ceeevirgendelamparo\/files\/2022\/11\/PEPUKA-1.png 595w\" sizes=\"(max-width: 192px) 100vw, 192px\" \/><\/a><\/p>\n<p style=\"text-align: center\"><a href=\"https:\/\/blogsaverroes.juntadeandalucia.es\/ceeevirgendelamparo\/2022\/11\/27\/igualdad-con-pepuka\/\" target=\"_blank\" rel=\"noopener noreferrer\">PEPUKA Y EL MONSTRUO QUE SE LLEV\u00d3 SU SONRISA:<\/a><\/p>\n<p style=\"text-align: center\">Pincha en el enlace<\/p>\n<p>&nbsp;<\/p>\n<p>DIA DE LA MUJER<\/p>\n<p>El pasado 8 de Marzo quisimos celebrar el D\u00eda de la Mujer con una peque\u00f1a y a a vez obra de arte hecha por nuestros ni\u00f1@s.&nbsp;<\/p>\n<p>Ell@s les regalaron a las mujeres importantes de su vida, una preciosa \u00abMimosa\u00bb la cual simboliza la magnificencia, la elegancia, la ternura y la amistad.<\/p>\n<p>Representa adem\u00e1s la energ\u00eda femenina, por lo que se la considera el emblema del D\u00eda Internacional de la Mujer.<\/p>\n<p>Porque nuestras \u00abmujeres luminosas\u00bb se merecen eso y mas\u00a1\u00a1\u00a1<\/p>\n<p><a href=\"https:\/\/blogsaverroes.juntadeandalucia.es\/ceeevirgendelamparo\/files\/2023\/03\/WhatsApp-Image-2023-03-13-at-11.34.20-1.jpeg\"><img loading=\"lazy\" decoding=\"async\" class=\"alignnone wp-image-3117\" src=\"https:\/\/blogsaverroes.juntadeandalucia.es\/ceeevirgendelamparo\/files\/2023\/03\/WhatsApp-Image-2023-03-13-at-11.34.20-1-300x300.jpeg\" alt=\"\" width=\"201\" height=\"201\" srcset=\"https:\/\/blogsaverroes.juntadeandalucia.es\/ceeevirgendelamparo\/files\/2023\/03\/WhatsApp-Image-2023-03-13-at-11.34.20-1-300x300.jpeg 300w, https:\/\/blogsaverroes.juntadeandalucia.es\/ceeevirgendelamparo\/files\/2023\/03\/WhatsApp-Image-2023-03-13-at-11.34.20-1-1024x1024.jpeg 1024w, https:\/\/blogsaverroes.juntadeandalucia.es\/ceeevirgendelamparo\/files\/2023\/03\/WhatsApp-Image-2023-03-13-at-11.34.20-1-150x150.jpeg 150w, https:\/\/blogsaverroes.juntadeandalucia.es\/ceeevirgendelamparo\/files\/2023\/03\/WhatsApp-Image-2023-03-13-at-11.34.20-1-768x768.jpeg 768w, https:\/\/blogsaverroes.juntadeandalucia.es\/ceeevirgendelamparo\/files\/2023\/03\/WhatsApp-Image-2023-03-13-at-11.34.20-1-80x80.jpeg 80w, https:\/\/blogsaverroes.juntadeandalucia.es\/ceeevirgendelamparo\/files\/2023\/03\/WhatsApp-Image-2023-03-13-at-11.34.20-1-320x320.jpeg 320w, https:\/\/blogsaverroes.juntadeandalucia.es\/ceeevirgendelamparo\/files\/2023\/03\/WhatsApp-Image-2023-03-13-at-11.34.20-1.jpeg 1080w\" sizes=\"(max-width: 201px) 100vw, 201px\" \/><\/a> <a href=\"https:\/\/blogsaverroes.juntadeandalucia.es\/ceeevirgendelamparo\/files\/2023\/03\/WhatsApp-Image-2023-03-13-at-11.34.20.jpeg\"><img loading=\"lazy\" decoding=\"async\" class=\"alignnone wp-image-3116\" src=\"https:\/\/blogsaverroes.juntadeandalucia.es\/ceeevirgendelamparo\/files\/2023\/03\/WhatsApp-Image-2023-03-13-at-11.34.20-300x300.jpeg\" alt=\"\" width=\"198\" height=\"198\" srcset=\"https:\/\/blogsaverroes.juntadeandalucia.es\/ceeevirgendelamparo\/files\/2023\/03\/WhatsApp-Image-2023-03-13-at-11.34.20-300x300.jpeg 300w, https:\/\/blogsaverroes.juntadeandalucia.es\/ceeevirgendelamparo\/files\/2023\/03\/WhatsApp-Image-2023-03-13-at-11.34.20-1024x1024.jpeg 1024w, https:\/\/blogsaverroes.juntadeandalucia.es\/ceeevirgendelamparo\/files\/2023\/03\/WhatsApp-Image-2023-03-13-at-11.34.20-150x150.jpeg 150w, https:\/\/blogsaverroes.juntadeandalucia.es\/ceeevirgendelamparo\/files\/2023\/03\/WhatsApp-Image-2023-03-13-at-11.34.20-768x768.jpeg 768w, https:\/\/blogsaverroes.juntadeandalucia.es\/ceeevirgendelamparo\/files\/2023\/03\/WhatsApp-Image-2023-03-13-at-11.34.20-80x80.jpeg 80w, https:\/\/blogsaverroes.juntadeandalucia.es\/ceeevirgendelamparo\/files\/2023\/03\/WhatsApp-Image-2023-03-13-at-11.34.20-320x320.jpeg 320w, https:\/\/blogsaverroes.juntadeandalucia.es\/ceeevirgendelamparo\/files\/2023\/03\/WhatsApp-Image-2023-03-13-at-11.34.20.jpeg 1080w\" sizes=\"(max-width: 198px) 100vw, 198px\" \/><\/a> <a href=\"https:\/\/blogsaverroes.juntadeandalucia.es\/ceeevirgendelamparo\/files\/2023\/03\/5.jpg\"><img loading=\"lazy\" decoding=\"async\" class=\"alignnone wp-image-3115\" src=\"https:\/\/blogsaverroes.juntadeandalucia.es\/ceeevirgendelamparo\/files\/2023\/03\/5-300x300.jpg\" alt=\"\" width=\"192\" height=\"192\" srcset=\"https:\/\/blogsaverroes.juntadeandalucia.es\/ceeevirgendelamparo\/files\/2023\/03\/5-300x300.jpg 300w, https:\/\/blogsaverroes.juntadeandalucia.es\/ceeevirgendelamparo\/files\/2023\/03\/5-1024x1024.jpg 1024w, https:\/\/blogsaverroes.juntadeandalucia.es\/ceeevirgendelamparo\/files\/2023\/03\/5-150x150.jpg 150w, https:\/\/blogsaverroes.juntadeandalucia.es\/ceeevirgendelamparo\/files\/2023\/03\/5-768x768.jpg 768w, https:\/\/blogsaverroes.juntadeandalucia.es\/ceeevirgendelamparo\/files\/2023\/03\/5-80x80.jpg 80w, https:\/\/blogsaverroes.juntadeandalucia.es\/ceeevirgendelamparo\/files\/2023\/03\/5-320x320.jpg 320w, https:\/\/blogsaverroes.juntadeandalucia.es\/ceeevirgendelamparo\/files\/2023\/03\/5.jpg 1080w\" sizes=\"(max-width: 192px) 100vw, 192px\" \/><\/a> <a href=\"https:\/\/blogsaverroes.juntadeandalucia.es\/ceeevirgendelamparo\/files\/2023\/03\/4.jpg\"><img loading=\"lazy\" decoding=\"async\" class=\"alignnone wp-image-3114\" src=\"https:\/\/blogsaverroes.juntadeandalucia.es\/ceeevirgendelamparo\/files\/2023\/03\/4-300x300.jpg\" alt=\"\" width=\"189\" height=\"189\" srcset=\"https:\/\/blogsaverroes.juntadeandalucia.es\/ceeevirgendelamparo\/files\/2023\/03\/4-300x300.jpg 300w, https:\/\/blogsaverroes.juntadeandalucia.es\/ceeevirgendelamparo\/files\/2023\/03\/4-1024x1024.jpg 1024w, https:\/\/blogsaverroes.juntadeandalucia.es\/ceeevirgendelamparo\/files\/2023\/03\/4-150x150.jpg 150w, https:\/\/blogsaverroes.juntadeandalucia.es\/ceeevirgendelamparo\/files\/2023\/03\/4-768x768.jpg 768w, https:\/\/blogsaverroes.juntadeandalucia.es\/ceeevirgendelamparo\/files\/2023\/03\/4-80x80.jpg 80w, https:\/\/blogsaverroes.juntadeandalucia.es\/ceeevirgendelamparo\/files\/2023\/03\/4-320x320.jpg 320w, https:\/\/blogsaverroes.juntadeandalucia.es\/ceeevirgendelamparo\/files\/2023\/03\/4.jpg 1080w\" sizes=\"(max-width: 189px) 100vw, 189px\" \/><\/a> <a href=\"https:\/\/blogsaverroes.juntadeandalucia.es\/ceeevirgendelamparo\/files\/2023\/03\/1.jpg\"><img loading=\"lazy\" decoding=\"async\" class=\"alignnone wp-image-3113\" src=\"https:\/\/blogsaverroes.juntadeandalucia.es\/ceeevirgendelamparo\/files\/2023\/03\/1-300x300.jpg\" alt=\"\" width=\"190\" height=\"190\" srcset=\"https:\/\/blogsaverroes.juntadeandalucia.es\/ceeevirgendelamparo\/files\/2023\/03\/1-300x300.jpg 300w, https:\/\/blogsaverroes.juntadeandalucia.es\/ceeevirgendelamparo\/files\/2023\/03\/1-1024x1024.jpg 1024w, https:\/\/blogsaverroes.juntadeandalucia.es\/ceeevirgendelamparo\/files\/2023\/03\/1-150x150.jpg 150w, https:\/\/blogsaverroes.juntadeandalucia.es\/ceeevirgendelamparo\/files\/2023\/03\/1-768x768.jpg 768w, https:\/\/blogsaverroes.juntadeandalucia.es\/ceeevirgendelamparo\/files\/2023\/03\/1-80x80.jpg 80w, https:\/\/blogsaverroes.juntadeandalucia.es\/ceeevirgendelamparo\/files\/2023\/03\/1-320x320.jpg 320w, https:\/\/blogsaverroes.juntadeandalucia.es\/ceeevirgendelamparo\/files\/2023\/03\/1.jpg 1080w\" sizes=\"(max-width: 190px) 100vw, 190px\" \/><\/a> <a href=\"https:\/\/blogsaverroes.juntadeandalucia.es\/ceeevirgendelamparo\/files\/2023\/03\/WhatsApp-Image-2023-03-13-at-11.34.21.jpeg\"><img loading=\"lazy\" decoding=\"async\" class=\"alignnone wp-image-3112\" src=\"https:\/\/blogsaverroes.juntadeandalucia.es\/ceeevirgendelamparo\/files\/2023\/03\/WhatsApp-Image-2023-03-13-at-11.34.21-300x300.jpeg\" alt=\"\" width=\"188\" height=\"188\" srcset=\"https:\/\/blogsaverroes.juntadeandalucia.es\/ceeevirgendelamparo\/files\/2023\/03\/WhatsApp-Image-2023-03-13-at-11.34.21-300x300.jpeg 300w, https:\/\/blogsaverroes.juntadeandalucia.es\/ceeevirgendelamparo\/files\/2023\/03\/WhatsApp-Image-2023-03-13-at-11.34.21-1024x1024.jpeg 1024w, https:\/\/blogsaverroes.juntadeandalucia.es\/ceeevirgendelamparo\/files\/2023\/03\/WhatsApp-Image-2023-03-13-at-11.34.21-150x150.jpeg 150w, https:\/\/blogsaverroes.juntadeandalucia.es\/ceeevirgendelamparo\/files\/2023\/03\/WhatsApp-Image-2023-03-13-at-11.34.21-768x768.jpeg 768w, https:\/\/blogsaverroes.juntadeandalucia.es\/ceeevirgendelamparo\/files\/2023\/03\/WhatsApp-Image-2023-03-13-at-11.34.21-80x80.jpeg 80w, https:\/\/blogsaverroes.juntadeandalucia.es\/ceeevirgendelamparo\/files\/2023\/03\/WhatsApp-Image-2023-03-13-at-11.34.21-320x320.jpeg 320w, https:\/\/blogsaverroes.juntadeandalucia.es\/ceeevirgendelamparo\/files\/2023\/03\/WhatsApp-Image-2023-03-13-at-11.34.21.jpeg 1080w\" sizes=\"(max-width: 188px) 100vw, 188px\" \/><\/a><\/p>\n<p><a href=\"https:\/\/fb.watch\/jeZsJ8CCil\/\" target=\"_blank\" rel=\"noopener noreferrer\"><img loading=\"lazy\" decoding=\"async\" class=\"alignnone wp-image-3118 aligncenter\" src=\"https:\/\/blogsaverroes.juntadeandalucia.es\/ceeevirgendelamparo\/files\/2023\/03\/mimosas-212x300.jpg\" alt=\"\" width=\"141\" height=\"200\" srcset=\"https:\/\/blogsaverroes.juntadeandalucia.es\/ceeevirgendelamparo\/files\/2023\/03\/mimosas-212x300.jpg 212w, https:\/\/blogsaverroes.juntadeandalucia.es\/ceeevirgendelamparo\/files\/2023\/03\/mimosas.jpg 595w\" sizes=\"(max-width: 141px) 100vw, 141px\" \/><\/a><\/p>\n<p style=\"text-align: center\">pincha en la mimosa y s\u00edguenos por facebook<\/p>\n","protected":false},"excerpt":{"rendered":"<p>Por nuestro colegio ha pasado un simp\u00e1tico personaje, el \u00abMonstruo rosa\u00bb, que encontr\u00f3 la felicidad en un mundo tolerante con la diversidad. Nos ha encantado el cuento y sus simp\u00e1ticas marionetas. #17demayo#cuentomonstruorosa#d\u00edacontralahomofobia#ladiversidadsiempreespositiva# &nbsp; El&#46;&#46;&#46;<\/p>\n","protected":false},"author":8319,"featured_media":3118,"parent":0,"menu_order":0,"comment_status":"closed","ping_status":"closed","template":"","meta":{"ngg_post_thumbnail":0,"footnotes":"","_mc_calendar":[]},"aioseo_notices":[],"_links":{"self":[{"href":"https:\/\/blogsaverroes.juntadeandalucia.es\/ceeevirgendelamparo\/wp-json\/wp\/v2\/pages\/2271"}],"collection":[{"href":"https:\/\/blogsaverroes.juntadeandalucia.es\/ceeevirgendelamparo\/wp-json\/wp\/v2\/pages"}],"about":[{"href":"https:\/\/blogsaverroes.juntadeandalucia.es\/ceeevirgendelamparo\/wp-json\/wp\/v2\/types\/page"}],"author":[{"embeddable":true,"href":"https:\/\/blogsaverroes.juntadeandalucia.es\/ceeevirgendelamparo\/wp-json\/wp\/v2\/users\/8319"}],"replies":[{"embeddable":true,"href":"https:\/\/blogsaverroes.juntadeandalucia.es\/ceeevirgendelamparo\/wp-json\/wp\/v2\/comments?post=2271"}],"version-history":[{"count":15,"href":"https:\/\/blogsaverroes.juntadeandalucia.es\/ceeevirgendelamparo\/wp-json\/wp\/v2\/pages\/2271\/revisions"}],"predecessor-version":[{"id":3152,"href":"https:\/\/blogsaverroes.juntadeandalucia.es\/ceeevirgendelamparo\/wp-json\/wp\/v2\/pages\/2271\/revisions\/3152"}],"wp:featuredmedia":[{"embeddable":true,"href":"https:\/\/blogsaverroes.juntadeandalucia.es\/ceeevirgendelamparo\/wp-json\/wp\/v2\/media\/3118"}],"wp:attachment":[{"href":"https:\/\/blogsaverroes.juntadeandalucia.es\/ceeevirgendelamparo\/wp-json\/wp\/v2\/media?parent=2271"}],"curies":[{"name":"wp","href":"https:\/\/api.w.org\/{rel}","templated":true}]}}