{"id":2331,"date":"2020-02-02T10:30:55","date_gmt":"2020-02-02T10:30:55","guid":{"rendered":"https:\/\/blogsaverroes.juntadeandalucia.es\/ceeevirgendelamparo\/?page_id=2331"},"modified":"2023-10-27T09:29:57","modified_gmt":"2023-10-27T09:29:57","slug":"personal-del-centro","status":"publish","type":"page","link":"https:\/\/blogsaverroes.juntadeandalucia.es\/ceeevirgendelamparo\/personal-del-centro\/","title":{"rendered":"Personal del Centro"},"content":{"rendered":"<p>Personal del centro para el curso 2022\/23<\/p>\n<ul>\n<li>Tamara Acosta Camacho&nbsp;<\/li>\n<li>Cristina Alamino Montes&nbsp;<\/li>\n<li>Cristina Almagro Garc\u00eda.<\/li>\n<li>Ana F. \u00c1lvarez Gonz\u00e1lez-&nbsp;<\/li>\n<li>Isabel Mar\u00eda Andrades Pelayo&nbsp;<\/li>\n<li>Jes\u00fas Balongo Escobar&nbsp;<\/li>\n<li>Laura Cabezas Ayala (A.L)<\/li>\n<li>Beatriz Carrasco Mateo &#8211;&nbsp;<\/li>\n<li>M\u00aa Carmen Fern\u00e1ndez Camacho<\/li>\n<li>Patricia Gonz\u00e1lez L\u00f3pez&nbsp;<\/li>\n<li>M\u00aa Carmen Gonz\u00e1lez Mora&nbsp;<\/li>\n<li>Smara Gorgojos Saludes<\/li>\n<li>Mercedes I. Jim\u00e9nez L\u00f3pez<\/li>\n<li>Sonia L\u00f3pez Barranco<\/li>\n<li>Manuela M. Mart\u00edn Enrique<\/li>\n<li>Yolanda Mateos Llamas<\/li>\n<li>M\u00aa Esperanza Moreno Novo(A.L.)<\/li>\n<li>Milagrosa Moreno Timoteo<\/li>\n<li>Nuria Navarro Al\u00e9s<\/li>\n<li>Elisa I Pacheco del Rio<\/li>\n<li>Silvia Rodr\u00edguez S\u00e1nches (A.L)<\/li>\n<li>M\u00aa de la Paz Ru\u00edz Alcal\u00e1<\/li>\n<li>Javier S\u00e1nchez Maiquez (T\u00e9cnico Jardiner\u00eda)<\/li>\n<li>Manuel Toledo Quesada<\/li>\n<li>Miguel Tornay Gonz\u00e1lez (T\u00e9cnico Carpinter\u00eda)<\/li>\n<li>Claudio Valderas Gutierrez<\/li>\n<\/ul>\n<p>&nbsp;<\/p>\n","protected":false},"excerpt":{"rendered":"<p>Personal del centro para el curso 2022\/23 Tamara Acosta Camacho&nbsp; Cristina Alamino Montes&nbsp; Cristina Almagro Garc\u00eda. Ana F. \u00c1lvarez Gonz\u00e1lez-&nbsp; Isabel Mar\u00eda Andrades Pelayo&nbsp; Jes\u00fas Balongo Escobar&nbsp; Laura Cabezas Ayala (A.L) Beatriz Carrasco Mateo&#46;&#46;&#46;<\/p>\n","protected":false},"author":8319,"featured_media":0,"parent":0,"menu_order":0,"comment_status":"closed","ping_status":"closed","template":"","meta":{"ngg_post_thumbnail":0,"footnotes":"","_mc_calendar":[]},"aioseo_notices":[],"_links":{"self":[{"href":"https:\/\/blogsaverroes.juntadeandalucia.es\/ceeevirgendelamparo\/wp-json\/wp\/v2\/pages\/2331"}],"collection":[{"href":"https:\/\/blogsaverroes.juntadeandalucia.es\/ceeevirgendelamparo\/wp-json\/wp\/v2\/pages"}],"about":[{"href":"https:\/\/blogsaverroes.juntadeandalucia.es\/ceeevirgendelamparo\/wp-json\/wp\/v2\/types\/page"}],"author":[{"embeddable":true,"href":"https:\/\/blogsaverroes.juntadeandalucia.es\/ceeevirgendelamparo\/wp-json\/wp\/v2\/users\/8319"}],"replies":[{"embeddable":true,"href":"https:\/\/blogsaverroes.juntadeandalucia.es\/ceeevirgendelamparo\/wp-json\/wp\/v2\/comments?post=2331"}],"version-history":[{"count":8,"href":"https:\/\/blogsaverroes.juntadeandalucia.es\/ceeevirgendelamparo\/wp-json\/wp\/v2\/pages\/2331\/revisions"}],"predecessor-version":[{"id":3164,"href":"https:\/\/blogsaverroes.juntadeandalucia.es\/ceeevirgendelamparo\/wp-json\/wp\/v2\/pages\/2331\/revisions\/3164"}],"wp:attachment":[{"href":"https:\/\/blogsaverroes.juntadeandalucia.es\/ceeevirgendelamparo\/wp-json\/wp\/v2\/media?parent=2331"}],"curies":[{"name":"wp","href":"https:\/\/api.w.org\/{rel}","templated":true}]}}