{"id":2752,"date":"2020-11-20T09:15:12","date_gmt":"2020-11-20T09:15:12","guid":{"rendered":"https:\/\/blogsaverroes.juntadeandalucia.es\/ceeevirgendelamparo\/?page_id=2752"},"modified":"2020-11-20T09:15:12","modified_gmt":"2020-11-20T09:15:12","slug":"digicraft","status":"publish","type":"page","link":"https:\/\/blogsaverroes.juntadeandalucia.es\/ceeevirgendelamparo\/digicraft\/","title":{"rendered":"DigiCraft"},"content":{"rendered":"<p><a href=\"https:\/\/blogsaverroes.juntadeandalucia.es\/ceeevirgendelamparo\/files\/2020\/11\/\u00edndicedigicraf.jpg\"><img loading=\"lazy\" decoding=\"async\" class=\"alignnone size-full wp-image-2753\" src=\"https:\/\/blogsaverroes.juntadeandalucia.es\/ceeevirgendelamparo\/files\/2020\/11\/\u00edndicedigicraf.jpg\" alt=\"\" width=\"286\" height=\"176\" srcset=\"https:\/\/blogsaverroes.juntadeandalucia.es\/ceeevirgendelamparo\/files\/2020\/11\/\u00edndicedigicraf.jpg 286w, https:\/\/blogsaverroes.juntadeandalucia.es\/ceeevirgendelamparo\/files\/2020\/11\/\u00edndicedigicraf-24x15.jpg 24w, https:\/\/blogsaverroes.juntadeandalucia.es\/ceeevirgendelamparo\/files\/2020\/11\/\u00edndicedigicraf-36x22.jpg 36w, https:\/\/blogsaverroes.juntadeandalucia.es\/ceeevirgendelamparo\/files\/2020\/11\/\u00edndicedigicraf-48x30.jpg 48w\" sizes=\"(max-width: 286px) 100vw, 286px\" \/><\/a><\/p>\n<p>Nuestro colegio ha sido seleccionado para participar en el proyecto DigiCraft en tu Cole. Es un proyecto enmarcado dentro del <a href=\"https:\/\/blogsaverroes.juntadeandalucia.es\/ceeevirgendelamparo\/files\/2020\/11\/VF-Document-Dossier-Digicraft-Dossier-Digicraft.pdf\" target=\"_blank\" rel=\"noopener noreferrer\">Programa DigiCraft<\/a> de Fundaci\u00f3n Vodafone, que tiene como objetivo formar a ni\u00f1os y ni\u00f1as de entre 6 y 12 a\u00f1os en las competencias digitales que les permitir\u00e1n afrontar mejor su futuro.<\/p>\n<p>&nbsp;<\/p>\n<p>El proyecto se desarrolla a lo largo de los tres pr\u00f3ximos cursos escolares: 2020-21, 2021-22, 2022-23.<\/p>\n<p>En los pr\u00f3ximos d\u00edas, el colegio se formar\u00e1 para implementar los contenidos de los Itinerarios 1: Realidad aumentada y videojuegos y 2: Inteligencia artificial y rob\u00f3tica.<\/p>\n","protected":false},"excerpt":{"rendered":"<p>Nuestro colegio ha sido seleccionado para participar en el proyecto DigiCraft en tu Cole. Es un proyecto enmarcado dentro del Programa DigiCraft de Fundaci\u00f3n Vodafone, que tiene como objetivo formar a ni\u00f1os y ni\u00f1as&#46;&#46;&#46;<\/p>\n","protected":false},"author":8319,"featured_media":0,"parent":0,"menu_order":0,"comment_status":"closed","ping_status":"closed","template":"","meta":{"ngg_post_thumbnail":0,"footnotes":"","_mc_calendar":[]},"aioseo_notices":[],"_links":{"self":[{"href":"https:\/\/blogsaverroes.juntadeandalucia.es\/ceeevirgendelamparo\/wp-json\/wp\/v2\/pages\/2752"}],"collection":[{"href":"https:\/\/blogsaverroes.juntadeandalucia.es\/ceeevirgendelamparo\/wp-json\/wp\/v2\/pages"}],"about":[{"href":"https:\/\/blogsaverroes.juntadeandalucia.es\/ceeevirgendelamparo\/wp-json\/wp\/v2\/types\/page"}],"author":[{"embeddable":true,"href":"https:\/\/blogsaverroes.juntadeandalucia.es\/ceeevirgendelamparo\/wp-json\/wp\/v2\/users\/8319"}],"replies":[{"embeddable":true,"href":"https:\/\/blogsaverroes.juntadeandalucia.es\/ceeevirgendelamparo\/wp-json\/wp\/v2\/comments?post=2752"}],"version-history":[{"count":1,"href":"https:\/\/blogsaverroes.juntadeandalucia.es\/ceeevirgendelamparo\/wp-json\/wp\/v2\/pages\/2752\/revisions"}],"predecessor-version":[{"id":2755,"href":"https:\/\/blogsaverroes.juntadeandalucia.es\/ceeevirgendelamparo\/wp-json\/wp\/v2\/pages\/2752\/revisions\/2755"}],"wp:attachment":[{"href":"https:\/\/blogsaverroes.juntadeandalucia.es\/ceeevirgendelamparo\/wp-json\/wp\/v2\/media?parent=2752"}],"curies":[{"name":"wp","href":"https:\/\/api.w.org\/{rel}","templated":true}]}}