{"id":2857,"date":"2021-02-06T09:34:53","date_gmt":"2021-02-06T09:34:53","guid":{"rendered":"https:\/\/blogsaverroes.juntadeandalucia.es\/ceeevirgendelamparo\/?page_id=2857"},"modified":"2021-02-06T09:34:53","modified_gmt":"2021-02-06T09:34:53","slug":"dia-de-la-paz-20-21","status":"publish","type":"page","link":"https:\/\/blogsaverroes.juntadeandalucia.es\/ceeevirgendelamparo\/dia-de-la-paz-20-21\/","title":{"rendered":"D\u00eda de La Paz 20\/21"},"content":{"rendered":"<p>Este a\u00f1o hemos nuestro ARBOL &nbsp;ha dado nuevos frutos para conmemorar el d\u00eda de La Paz.&nbsp;<\/p>\n<p>Los frutos han sido estrellas con \u00abNuestros prop\u00f3sitos de Paz\u00bb.<\/p>\n<p>Agradecemos a los colegios &nbsp;CEIP Pedro Sim\u00f3n Abril, CEIP Pablo Picasso, CEIP Inmaculada, CEIP Isabel la Cat\u00f3lica, CEIP la Velada, CEIP Providencia y CEEE Virgen de la Esperanza, por su participaci\u00f3n en esta nueva iniciativa<\/p>\n<p><a href=\"https:\/\/blogsaverroes.juntadeandalucia.es\/ceeevirgendelamparo\/files\/2021\/02\/WhatsApp-Image-2021-02-06-at-10.30.07.jpeg\">&nbsp; &nbsp; &nbsp; &nbsp; &nbsp; &nbsp;<img loading=\"lazy\" decoding=\"async\" class=\"alignnone size-medium wp-image-2860\" src=\"https:\/\/blogsaverroes.juntadeandalucia.es\/ceeevirgendelamparo\/files\/2021\/02\/WhatsApp-Image-2021-02-06-at-10.30.07-300x240.jpeg\" alt=\"\" width=\"300\" height=\"240\" srcset=\"https:\/\/blogsaverroes.juntadeandalucia.es\/ceeevirgendelamparo\/files\/2021\/02\/WhatsApp-Image-2021-02-06-at-10.30.07-300x240.jpeg 300w, https:\/\/blogsaverroes.juntadeandalucia.es\/ceeevirgendelamparo\/files\/2021\/02\/WhatsApp-Image-2021-02-06-at-10.30.07-1024x819.jpeg 1024w, https:\/\/blogsaverroes.juntadeandalucia.es\/ceeevirgendelamparo\/files\/2021\/02\/WhatsApp-Image-2021-02-06-at-10.30.07-768x614.jpeg 768w, https:\/\/blogsaverroes.juntadeandalucia.es\/ceeevirgendelamparo\/files\/2021\/02\/WhatsApp-Image-2021-02-06-at-10.30.07.jpeg 1080w\" sizes=\"(max-width: 300px) 100vw, 300px\" \/>&nbsp;&nbsp;&nbsp;&nbsp;&nbsp;&nbsp;&nbsp;&nbsp;&nbsp;&nbsp;&nbsp;&nbsp;&nbsp;&nbsp;&nbsp;&nbsp;&nbsp;&nbsp;&nbsp;&nbsp;&nbsp;&nbsp;&nbsp;&nbsp;&nbsp;<\/a> <a href=\"https:\/\/blogsaverroes.juntadeandalucia.es\/ceeevirgendelamparo\/files\/2021\/02\/WhatsApp-Image-2021-02-06-at-10.30.35.jpeg\"><img loading=\"lazy\" decoding=\"async\" class=\"alignnone size-medium wp-image-2861\" src=\"https:\/\/blogsaverroes.juntadeandalucia.es\/ceeevirgendelamparo\/files\/2021\/02\/WhatsApp-Image-2021-02-06-at-10.30.35-300x240.jpeg\" alt=\"\" width=\"300\" height=\"240\" srcset=\"https:\/\/blogsaverroes.juntadeandalucia.es\/ceeevirgendelamparo\/files\/2021\/02\/WhatsApp-Image-2021-02-06-at-10.30.35-300x240.jpeg 300w, https:\/\/blogsaverroes.juntadeandalucia.es\/ceeevirgendelamparo\/files\/2021\/02\/WhatsApp-Image-2021-02-06-at-10.30.35-1024x819.jpeg 1024w, https:\/\/blogsaverroes.juntadeandalucia.es\/ceeevirgendelamparo\/files\/2021\/02\/WhatsApp-Image-2021-02-06-at-10.30.35-768x614.jpeg 768w, https:\/\/blogsaverroes.juntadeandalucia.es\/ceeevirgendelamparo\/files\/2021\/02\/WhatsApp-Image-2021-02-06-at-10.30.35.jpeg 1080w\" sizes=\"(max-width: 300px) 100vw, 300px\" \/><\/a><\/p>\n","protected":false},"excerpt":{"rendered":"<p>Este a\u00f1o hemos nuestro ARBOL &nbsp;ha dado nuevos frutos para conmemorar el d\u00eda de La Paz.&nbsp; Los frutos han sido estrellas con \u00abNuestros prop\u00f3sitos de Paz\u00bb. Agradecemos a los colegios &nbsp;CEIP Pedro Sim\u00f3n Abril,&#46;&#46;&#46;<\/p>\n","protected":false},"author":8319,"featured_media":2861,"parent":0,"menu_order":0,"comment_status":"closed","ping_status":"closed","template":"","meta":{"ngg_post_thumbnail":0,"footnotes":"","_mc_calendar":[]},"aioseo_notices":[],"_links":{"self":[{"href":"https:\/\/blogsaverroes.juntadeandalucia.es\/ceeevirgendelamparo\/wp-json\/wp\/v2\/pages\/2857"}],"collection":[{"href":"https:\/\/blogsaverroes.juntadeandalucia.es\/ceeevirgendelamparo\/wp-json\/wp\/v2\/pages"}],"about":[{"href":"https:\/\/blogsaverroes.juntadeandalucia.es\/ceeevirgendelamparo\/wp-json\/wp\/v2\/types\/page"}],"author":[{"embeddable":true,"href":"https:\/\/blogsaverroes.juntadeandalucia.es\/ceeevirgendelamparo\/wp-json\/wp\/v2\/users\/8319"}],"replies":[{"embeddable":true,"href":"https:\/\/blogsaverroes.juntadeandalucia.es\/ceeevirgendelamparo\/wp-json\/wp\/v2\/comments?post=2857"}],"version-history":[{"count":1,"href":"https:\/\/blogsaverroes.juntadeandalucia.es\/ceeevirgendelamparo\/wp-json\/wp\/v2\/pages\/2857\/revisions"}],"predecessor-version":[{"id":2862,"href":"https:\/\/blogsaverroes.juntadeandalucia.es\/ceeevirgendelamparo\/wp-json\/wp\/v2\/pages\/2857\/revisions\/2862"}],"wp:featuredmedia":[{"embeddable":true,"href":"https:\/\/blogsaverroes.juntadeandalucia.es\/ceeevirgendelamparo\/wp-json\/wp\/v2\/media\/2861"}],"wp:attachment":[{"href":"https:\/\/blogsaverroes.juntadeandalucia.es\/ceeevirgendelamparo\/wp-json\/wp\/v2\/media?parent=2857"}],"curies":[{"name":"wp","href":"https:\/\/api.w.org\/{rel}","templated":true}]}}

Día de La Paz 20/21

<p>Este año hemos nuestro ARBOL &nbsp;ha dado nuevos frutos para conmemorar el día de La Paz.&nbsp;</p>
<p>Los frutos han sido estrellas con «Nuestros propósitos de Paz».</p>
<p>Agradecemos a los colegios &nbsp;CEIP Pedro Simón Abril, CEIP Pablo Picasso, CEIP Inmaculada, CEIP Isabel la Católica, CEIP la Velada, CEIP Providencia y CEEE Virgen de la Esperanza, por su participación en esta nueva iniciativa</p>
<p><a href="https://blogsaverroes.juntadeandalucia.es/ceeevirgendelamparo/files/2021/02/WhatsApp-Image-2021-02-06-at-10.30.07.jpeg">&nbsp; &nbsp; &nbsp; &nbsp; &nbsp; &nbsp;<img loading="lazy" decoding="async" class="alignnone size-medium wp-image-2860" src="https://blogsaverroes.juntadeandalucia.es/ceeevirgendelamparo/files/2021/02/WhatsApp-Image-2021-02-06-at-10.30.07-300x240.jpeg" alt="" width="300" height="240" srcset="https://blogsaverroes.juntadeandalucia.es/ceeevirgendelamparo/files/2021/02/WhatsApp-Image-2021-02-06-at-10.30.07-300x240.jpeg 300w, https://blogsaverroes.juntadeandalucia.es/ceeevirgendelamparo/files/2021/02/WhatsApp-Image-2021-02-06-at-10.30.07-1024x819.jpeg 1024w, https://blogsaverroes.juntadeandalucia.es/ceeevirgendelamparo/files/2021/02/WhatsApp-Image-2021-02-06-at-10.30.07-768x614.jpeg 768w, https://blogsaverroes.juntadeandalucia.es/ceeevirgendelamparo/files/2021/02/WhatsApp-Image-2021-02-06-at-10.30.07.jpeg 1080w" sizes="(max-width: 300px) 100vw, 300px" />&nbsp;&nbsp;&nbsp;&nbsp;&nbsp;&nbsp;&nbsp;&nbsp;&nbsp;&nbsp;&nbsp;&nbsp;&nbsp;&nbsp;&nbsp;&nbsp;&nbsp;&nbsp;&nbsp;&nbsp;&nbsp;&nbsp;&nbsp;&nbsp;&nbsp;</a> <a href="https://blogsaverroes.juntadeandalucia.es/ceeevirgendelamparo/files/2021/02/WhatsApp-Image-2021-02-06-at-10.30.35.jpeg"><img loading="lazy" decoding="async" class="alignnone size-medium wp-image-2861" src="https://blogsaverroes.juntadeandalucia.es/ceeevirgendelamparo/files/2021/02/WhatsApp-Image-2021-02-06-at-10.30.35-300x240.jpeg" alt="" width="300" height="240" srcset="https://blogsaverroes.juntadeandalucia.es/ceeevirgendelamparo/files/2021/02/WhatsApp-Image-2021-02-06-at-10.30.35-300x240.jpeg 300w, https://blogsaverroes.juntadeandalucia.es/ceeevirgendelamparo/files/2021/02/WhatsApp-Image-2021-02-06-at-10.30.35-1024x819.jpeg 1024w, https://blogsaverroes.juntadeandalucia.es/ceeevirgendelamparo/files/2021/02/WhatsApp-Image-2021-02-06-at-10.30.35-768x614.jpeg 768w, https://blogsaverroes.juntadeandalucia.es/ceeevirgendelamparo/files/2021/02/WhatsApp-Image-2021-02-06-at-10.30.35.jpeg 1080w" sizes="(max-width: 300px) 100vw, 300px" /></a></p>

<p>Este año hemos nuestro ARBOL &nbsp;ha dado nuevos frutos para conmemorar el día de La Paz.&nbsp; Los frutos han sido estrellas con «Nuestros propósitos de Paz». Agradecemos a los colegios &nbsp;CEIP Pedro Simón Abril,&#46;&#46;&#46;</p>
