{"id":426,"date":"2015-03-20T07:05:49","date_gmt":"2015-03-20T07:05:49","guid":{"rendered":"http:\/\/blogsaverroes.juntadeandalucia.es\/pre\/ceip\/?page_id=426"},"modified":"2021-02-26T09:07:07","modified_gmt":"2021-02-26T09:07:07","slug":"materiales-recursos","status":"publish","type":"page","link":"https:\/\/blogsaverroes.juntadeandalucia.es\/ceeevirgendelamparo\/educacion-infantil\/materiales-recursos\/","title":{"rendered":"E.I. Actividades, recursos&#8230;"},"content":{"rendered":"<p style=\"text-align: center\">(pincha en la imagen para ver nuestros blogs)<\/p>\n<p style=\"text-align: left\">BLOG EDUCACI\u00d3N INFANTIL&nbsp;&nbsp;&nbsp;&nbsp;&nbsp;&nbsp;&nbsp;&nbsp;&nbsp;&nbsp;&nbsp;&nbsp;&nbsp;&nbsp;&nbsp;&nbsp;&nbsp;&nbsp;&nbsp;&nbsp;&nbsp;&nbsp;&nbsp;&nbsp;&nbsp;&nbsp;&nbsp;&nbsp;&nbsp;&nbsp;&nbsp;&nbsp;&nbsp;&nbsp;&nbsp;&nbsp;&nbsp;&nbsp;&nbsp;&nbsp;&nbsp;&nbsp;&nbsp;&nbsp;&nbsp;&nbsp;&nbsp;&nbsp;&nbsp;&nbsp;&nbsp;&nbsp;&nbsp;&nbsp;&nbsp;&nbsp;&nbsp; &nbsp; &nbsp; &nbsp; &nbsp; &nbsp; &nbsp; &nbsp; &nbsp; &nbsp; &nbsp; &nbsp; &nbsp; BLOG BASAL<\/p>\n<p><a href=\"https:\/\/blogsaverroes.juntadeandalucia.es\/ceeevirgendelamparo\/files\/2020\/11\/INFANTIL.jpg\"><img loading=\"lazy\" decoding=\"async\" class=\"size-medium wp-image-2739\" src=\"https:\/\/blogsaverroes.juntadeandalucia.es\/ceeevirgendelamparo\/files\/2020\/11\/INFANTIL-300x300.jpg\" alt=\"\" width=\"300\" height=\"300\" srcset=\"https:\/\/blogsaverroes.juntadeandalucia.es\/ceeevirgendelamparo\/files\/2020\/11\/INFANTIL-300x300.jpg 300w, https:\/\/blogsaverroes.juntadeandalucia.es\/ceeevirgendelamparo\/files\/2020\/11\/INFANTIL-150x150.jpg 150w, https:\/\/blogsaverroes.juntadeandalucia.es\/ceeevirgendelamparo\/files\/2020\/11\/INFANTIL-768x768.jpg 768w, https:\/\/blogsaverroes.juntadeandalucia.es\/ceeevirgendelamparo\/files\/2020\/11\/INFANTIL-100x100.jpg 100w, https:\/\/blogsaverroes.juntadeandalucia.es\/ceeevirgendelamparo\/files\/2020\/11\/INFANTIL-80x80.jpg 80w, https:\/\/blogsaverroes.juntadeandalucia.es\/ceeevirgendelamparo\/files\/2020\/11\/INFANTIL-320x320.jpg 320w, https:\/\/blogsaverroes.juntadeandalucia.es\/ceeevirgendelamparo\/files\/2020\/11\/INFANTIL-24x24.jpg 24w, https:\/\/blogsaverroes.juntadeandalucia.es\/ceeevirgendelamparo\/files\/2020\/11\/INFANTIL-36x36.jpg 36w, https:\/\/blogsaverroes.juntadeandalucia.es\/ceeevirgendelamparo\/files\/2020\/11\/INFANTIL-48x48.jpg 48w, https:\/\/blogsaverroes.juntadeandalucia.es\/ceeevirgendelamparo\/files\/2020\/11\/INFANTIL.jpg 900w\" sizes=\"(max-width: 300px) 100vw, 300px\" \/><\/a><a href=\"https:\/\/ceevirgenamparobasal.blogspot.com\/\" target=\"_blank\" rel=\"noopener noreferrer\"><img loading=\"lazy\" decoding=\"async\" class=\" wp-image-2740 alignright\" src=\"https:\/\/blogsaverroes.juntadeandalucia.es\/ceeevirgendelamparo\/files\/2020\/11\/BASAL-300x212.jpg\" alt=\"\" width=\"392\" height=\"277\" srcset=\"https:\/\/blogsaverroes.juntadeandalucia.es\/ceeevirgendelamparo\/files\/2020\/11\/BASAL-300x212.jpg 300w, https:\/\/blogsaverroes.juntadeandalucia.es\/ceeevirgendelamparo\/files\/2020\/11\/BASAL-24x17.jpg 24w, https:\/\/blogsaverroes.juntadeandalucia.es\/ceeevirgendelamparo\/files\/2020\/11\/BASAL-36x25.jpg 36w, https:\/\/blogsaverroes.juntadeandalucia.es\/ceeevirgendelamparo\/files\/2020\/11\/BASAL-48x34.jpg 48w, https:\/\/blogsaverroes.juntadeandalucia.es\/ceeevirgendelamparo\/files\/2020\/11\/BASAL.jpg 626w\" sizes=\"(max-width: 392px) 100vw, 392px\" \/><\/a><\/p>\n<p><a href=\"https:\/\/drive.google.com\/file\/d\/1t-dV_bgpL_CwajZjXcsnQduteECtqiZC\/view?usp=sharing\" target=\"_blank\" rel=\"noopener noreferrer\">ACTIVIDAD D\u00cdA DE ANDALUCIA (BASAL) CURSO 20\/21<\/a> (pincha para acceder a ella)<\/p>\n<p>&nbsp;<\/p>\n<p>Primavera de Van Gogh<\/p>\n<p><a href=\"https:\/\/drive.google.com\/file\/d\/1Ih2wtNdpr_NeHs6awuc5fjihWU7t5C0Z\/view?usp=drivesdk\" target=\"_blank\" rel=\"noopener noreferrer\"><img loading=\"lazy\" decoding=\"async\" class=\"alignnone wp-image-2579\" src=\"https:\/\/blogsaverroes.juntadeandalucia.es\/ceeevirgendelamparo\/files\/2020\/02\/IMG-20200220-WA0008.jpg\" alt=\"\" width=\"136\" height=\"136\" srcset=\"https:\/\/blogsaverroes.juntadeandalucia.es\/ceeevirgendelamparo\/files\/2020\/02\/IMG-20200220-WA0008.jpg 300w, https:\/\/blogsaverroes.juntadeandalucia.es\/ceeevirgendelamparo\/files\/2020\/02\/IMG-20200220-WA0008-150x150.jpg 150w, https:\/\/blogsaverroes.juntadeandalucia.es\/ceeevirgendelamparo\/files\/2020\/02\/IMG-20200220-WA0008-100x100.jpg 100w, https:\/\/blogsaverroes.juntadeandalucia.es\/ceeevirgendelamparo\/files\/2020\/02\/IMG-20200220-WA0008-160x160.jpg 160w, https:\/\/blogsaverroes.juntadeandalucia.es\/ceeevirgendelamparo\/files\/2020\/02\/IMG-20200220-WA0008-24x24.jpg 24w, https:\/\/blogsaverroes.juntadeandalucia.es\/ceeevirgendelamparo\/files\/2020\/02\/IMG-20200220-WA0008-36x36.jpg 36w, https:\/\/blogsaverroes.juntadeandalucia.es\/ceeevirgendelamparo\/files\/2020\/02\/IMG-20200220-WA0008-48x48.jpg 48w\" sizes=\"(max-width: 136px) 100vw, 136px\" \/><\/a>&nbsp;<\/p>\n<h4>\u00bfJugamos?<\/h4>\n<p><a title=\"Jugamos geometr\u00eda\" href=\"http:\/\/agrega.juntadeandalucia.es\/visualizar\/es\/es_2008052713_0201200\/false\" target=\"_blank\" rel=\"noopener noreferrer\"><img loading=\"lazy\" decoding=\"async\" class=\"alignnone size-medium wp-image-1607\" src=\"http:\/\/blogsaverroes.juntadeandalucia.es\/temahueman\/files\/2015\/03\/jugamos_geometria-300x183.jpg\" alt=\"jugamos_geometria\" width=\"300\" height=\"183\" srcset=\"https:\/\/blogsaverroes.juntadeandalucia.es\/ceeevirgendelamparo\/files\/2015\/03\/jugamos_geometria-300x183.jpg 300w, https:\/\/blogsaverroes.juntadeandalucia.es\/ceeevirgendelamparo\/files\/2015\/03\/jugamos_geometria.jpg 752w\" sizes=\"(max-width: 300px) 100vw, 300px\" \/><\/a><\/p>\n<p>Secuencia did\u00e1ctica para trabajar las formas geom\u00e9tricas b\u00e1sicas, su situaci\u00f3n en el espacio y clasificaci\u00f3n en funci\u00f3n de los colores.<\/p>\n<p>&nbsp;<\/p>\n<h4>Plants and flowers<\/h4>\n<p><a title=\"Plants Flowers\" href=\"http:\/\/agrega.juntadeandalucia.es\/visualizar\/es\/es-an_2010032213_9104943\/false\" target=\"_blank\" rel=\"noopener noreferrer\"><img loading=\"lazy\" decoding=\"async\" class=\"alignnone size-medium wp-image-1608\" src=\"http:\/\/blogsaverroes.juntadeandalucia.es\/temahueman\/files\/2015\/03\/plants_flowers-300x225.jpg\" alt=\"plants_flowers\" width=\"300\" height=\"225\" srcset=\"https:\/\/blogsaverroes.juntadeandalucia.es\/ceeevirgendelamparo\/files\/2015\/03\/plants_flowers-300x225.jpg 300w, https:\/\/blogsaverroes.juntadeandalucia.es\/ceeevirgendelamparo\/files\/2015\/03\/plants_flowers.jpg 800w\" sizes=\"(max-width: 300px) 100vw, 300px\" \/><\/a><\/p>\n<p>A trav\u00e9s de canciones, historias y diarios los alumnos adquirir\u00e1n el vocabulario relativo a las diferentes partes de una planta y su ciclo vital.<\/p>\n<p>&nbsp;<\/p>\n","protected":false},"excerpt":{"rendered":"<p>(pincha en la imagen para ver nuestros blogs) BLOG EDUCACI\u00d3N INFANTIL&nbsp;&nbsp;&nbsp;&nbsp;&nbsp;&nbsp;&nbsp;&nbsp;&nbsp;&nbsp;&nbsp;&nbsp;&nbsp;&nbsp;&nbsp;&nbsp;&nbsp;&nbsp;&nbsp;&nbsp;&nbsp;&nbsp;&nbsp;&nbsp;&nbsp;&nbsp;&nbsp;&nbsp;&nbsp;&nbsp;&nbsp;&nbsp;&nbsp;&nbsp;&nbsp;&nbsp;&nbsp;&nbsp;&nbsp;&nbsp;&nbsp;&nbsp;&nbsp;&nbsp;&nbsp;&nbsp;&nbsp;&nbsp;&nbsp;&nbsp;&nbsp;&nbsp;&nbsp;&nbsp;&nbsp;&nbsp;&nbsp; &nbsp; &nbsp; &nbsp; &nbsp; &nbsp; &nbsp; &nbsp; &nbsp; &nbsp; &nbsp; &nbsp; &nbsp; BLOG BASAL ACTIVIDAD D\u00cdA DE ANDALUCIA (BASAL) CURSO 20\/21 (pincha para&#46;&#46;&#46;<\/p>\n","protected":false},"author":1,"featured_media":0,"parent":424,"menu_order":0,"comment_status":"open","ping_status":"open","template":"page-templates\/child-menu.php","meta":{"ngg_post_thumbnail":0,"footnotes":"","_mc_calendar":[]},"aioseo_notices":[],"_links":{"self":[{"href":"https:\/\/blogsaverroes.juntadeandalucia.es\/ceeevirgendelamparo\/wp-json\/wp\/v2\/pages\/426"}],"collection":[{"href":"https:\/\/blogsaverroes.juntadeandalucia.es\/ceeevirgendelamparo\/wp-json\/wp\/v2\/pages"}],"about":[{"href":"https:\/\/blogsaverroes.juntadeandalucia.es\/ceeevirgendelamparo\/wp-json\/wp\/v2\/types\/page"}],"author":[{"embeddable":true,"href":"https:\/\/blogsaverroes.juntadeandalucia.es\/ceeevirgendelamparo\/wp-json\/wp\/v2\/users\/1"}],"replies":[{"embeddable":true,"href":"https:\/\/blogsaverroes.juntadeandalucia.es\/ceeevirgendelamparo\/wp-json\/wp\/v2\/comments?post=426"}],"version-history":[{"count":12,"href":"https:\/\/blogsaverroes.juntadeandalucia.es\/ceeevirgendelamparo\/wp-json\/wp\/v2\/pages\/426\/revisions"}],"predecessor-version":[{"id":2885,"href":"https:\/\/blogsaverroes.juntadeandalucia.es\/ceeevirgendelamparo\/wp-json\/wp\/v2\/pages\/426\/revisions\/2885"}],"up":[{"embeddable":true,"href":"https:\/\/blogsaverroes.juntadeandalucia.es\/ceeevirgendelamparo\/wp-json\/wp\/v2\/pages\/424"}],"wp:attachment":[{"href":"https:\/\/blogsaverroes.juntadeandalucia.es\/ceeevirgendelamparo\/wp-json\/wp\/v2\/media?parent=426"}],"curies":[{"name":"wp","href":"https:\/\/api.w.org\/{rel}","templated":true}]}}

<p style="text-align: center">(pincha en la imagen para ver nuestros blogs)</p>
<p style="text-align: left">BLOG EDUCACIÓN INFANTIL&nbsp;&nbsp;&nbsp;&nbsp;&nbsp;&nbsp;&nbsp;&nbsp;&nbsp;&nbsp;&nbsp;&nbsp;&nbsp;&nbsp;&nbsp;&nbsp;&nbsp;&nbsp;&nbsp;&nbsp;&nbsp;&nbsp;&nbsp;&nbsp;&nbsp;&nbsp;&nbsp;&nbsp;&nbsp;&nbsp;&nbsp;&nbsp;&nbsp;&nbsp;&nbsp;&nbsp;&nbsp;&nbsp;&nbsp;&nbsp;&nbsp;&nbsp;&nbsp;&nbsp;&nbsp;&nbsp;&nbsp;&nbsp;&nbsp;&nbsp;&nbsp;&nbsp;&nbsp;&nbsp;&nbsp;&nbsp;&nbsp; &nbsp; &nbsp; &nbsp; &nbsp; &nbsp; &nbsp; &nbsp; &nbsp; &nbsp; &nbsp; &nbsp; &nbsp; BLOG BASAL</p>
<p><a href="https://blogsaverroes.juntadeandalucia.es/ceeevirgendelamparo/files/2020/11/INFANTIL.jpg"><img loading="lazy" decoding="async" class="size-medium wp-image-2739" src="https://blogsaverroes.juntadeandalucia.es/ceeevirgendelamparo/files/2020/11/INFANTIL-300x300.jpg" alt="" width="300" height="300" srcset="https://blogsaverroes.juntadeandalucia.es/ceeevirgendelamparo/files/2020/11/INFANTIL-300x300.jpg 300w, https://blogsaverroes.juntadeandalucia.es/ceeevirgendelamparo/files/2020/11/INFANTIL-150x150.jpg 150w, https://blogsaverroes.juntadeandalucia.es/ceeevirgendelamparo/files/2020/11/INFANTIL-768x768.jpg 768w, https://blogsaverroes.juntadeandalucia.es/ceeevirgendelamparo/files/2020/11/INFANTIL-100x100.jpg 100w, https://blogsaverroes.juntadeandalucia.es/ceeevirgendelamparo/files/2020/11/INFANTIL-80x80.jpg 80w, https://blogsaverroes.juntadeandalucia.es/ceeevirgendelamparo/files/2020/11/INFANTIL-320x320.jpg 320w, https://blogsaverroes.juntadeandalucia.es/ceeevirgendelamparo/files/2020/11/INFANTIL-24x24.jpg 24w, https://blogsaverroes.juntadeandalucia.es/ceeevirgendelamparo/files/2020/11/INFANTIL-36x36.jpg 36w, https://blogsaverroes.juntadeandalucia.es/ceeevirgendelamparo/files/2020/11/INFANTIL-48x48.jpg 48w, https://blogsaverroes.juntadeandalucia.es/ceeevirgendelamparo/files/2020/11/INFANTIL.jpg 900w" sizes="(max-width: 300px) 100vw, 300px" /></a><a href="https://ceevirgenamparobasal.blogspot.com/" target="_blank" rel="noopener noreferrer"><img loading="lazy" decoding="async" class=" wp-image-2740 alignright" src="https://blogsaverroes.juntadeandalucia.es/ceeevirgendelamparo/files/2020/11/BASAL-300x212.jpg" alt="" width="392" height="277" srcset="https://blogsaverroes.juntadeandalucia.es/ceeevirgendelamparo/files/2020/11/BASAL-300x212.jpg 300w, https://blogsaverroes.juntadeandalucia.es/ceeevirgendelamparo/files/2020/11/BASAL-24x17.jpg 24w, https://blogsaverroes.juntadeandalucia.es/ceeevirgendelamparo/files/2020/11/BASAL-36x25.jpg 36w, https://blogsaverroes.juntadeandalucia.es/ceeevirgendelamparo/files/2020/11/BASAL-48x34.jpg 48w, https://blogsaverroes.juntadeandalucia.es/ceeevirgendelamparo/files/2020/11/BASAL.jpg 626w" sizes="(max-width: 392px) 100vw, 392px" /></a></p>
<p><a href="https://drive.google.com/file/d/1t-dV_bgpL_CwajZjXcsnQduteECtqiZC/view?usp=sharing" target="_blank" rel="noopener noreferrer">ACTIVIDAD DÍA DE ANDALUCIA (BASAL) CURSO 20/21</a> (pincha para acceder a ella)</p>
<p>&nbsp;</p>
<p>Primavera de Van Gogh</p>
<p><a href="https://drive.google.com/file/d/1Ih2wtNdpr_NeHs6awuc5fjihWU7t5C0Z/view?usp=drivesdk" target="_blank" rel="noopener noreferrer"><img loading="lazy" decoding="async" class="alignnone wp-image-2579" src="https://blogsaverroes.juntadeandalucia.es/ceeevirgendelamparo/files/2020/02/IMG-20200220-WA0008.jpg" alt="" width="136" height="136" srcset="https://blogsaverroes.juntadeandalucia.es/ceeevirgendelamparo/files/2020/02/IMG-20200220-WA0008.jpg 300w, https://blogsaverroes.juntadeandalucia.es/ceeevirgendelamparo/files/2020/02/IMG-20200220-WA0008-150x150.jpg 150w, https://blogsaverroes.juntadeandalucia.es/ceeevirgendelamparo/files/2020/02/IMG-20200220-WA0008-100x100.jpg 100w, https://blogsaverroes.juntadeandalucia.es/ceeevirgendelamparo/files/2020/02/IMG-20200220-WA0008-160x160.jpg 160w, https://blogsaverroes.juntadeandalucia.es/ceeevirgendelamparo/files/2020/02/IMG-20200220-WA0008-24x24.jpg 24w, https://blogsaverroes.juntadeandalucia.es/ceeevirgendelamparo/files/2020/02/IMG-20200220-WA0008-36x36.jpg 36w, https://blogsaverroes.juntadeandalucia.es/ceeevirgendelamparo/files/2020/02/IMG-20200220-WA0008-48x48.jpg 48w" sizes="(max-width: 136px) 100vw, 136px" /></a>&nbsp;</p>
<h4>¿Jugamos?</h4>
<p><a title="Jugamos geometría" href="http://agrega.juntadeandalucia.es/visualizar/es/es_2008052713_0201200/false" target="_blank" rel="noopener noreferrer"><img loading="lazy" decoding="async" class="alignnone size-medium wp-image-1607" src="http://blogsaverroes.juntadeandalucia.es/temahueman/files/2015/03/jugamos_geometria-300x183.jpg" alt="jugamos_geometria" width="300" height="183" srcset="https://blogsaverroes.juntadeandalucia.es/ceeevirgendelamparo/files/2015/03/jugamos_geometria-300x183.jpg 300w, https://blogsaverroes.juntadeandalucia.es/ceeevirgendelamparo/files/2015/03/jugamos_geometria.jpg 752w" sizes="(max-width: 300px) 100vw, 300px" /></a></p>
<p>Secuencia didáctica para trabajar las formas geométricas básicas, su situación en el espacio y clasificación en función de los colores.</p>
<p>&nbsp;</p>
<h4>Plants and flowers</h4>
<p><a title="Plants Flowers" href="http://agrega.juntadeandalucia.es/visualizar/es/es-an_2010032213_9104943/false" target="_blank" rel="noopener noreferrer"><img loading="lazy" decoding="async" class="alignnone size-medium wp-image-1608" src="http://blogsaverroes.juntadeandalucia.es/temahueman/files/2015/03/plants_flowers-300x225.jpg" alt="plants_flowers" width="300" height="225" srcset="https://blogsaverroes.juntadeandalucia.es/ceeevirgendelamparo/files/2015/03/plants_flowers-300x225.jpg 300w, https://blogsaverroes.juntadeandalucia.es/ceeevirgendelamparo/files/2015/03/plants_flowers.jpg 800w" sizes="(max-width: 300px) 100vw, 300px" /></a></p>
<p>A través de canciones, historias y diarios los alumnos adquirirán el vocabulario relativo a las diferentes partes de una planta y su ciclo vital.</p>
<p>&nbsp;</p>

<p>(pincha en la imagen para ver nuestros blogs) BLOG EDUCACIÓN INFANTIL&nbsp;&nbsp;&nbsp;&nbsp;&nbsp;&nbsp;&nbsp;&nbsp;&nbsp;&nbsp;&nbsp;&nbsp;&nbsp;&nbsp;&nbsp;&nbsp;&nbsp;&nbsp;&nbsp;&nbsp;&nbsp;&nbsp;&nbsp;&nbsp;&nbsp;&nbsp;&nbsp;&nbsp;&nbsp;&nbsp;&nbsp;&nbsp;&nbsp;&nbsp;&nbsp;&nbsp;&nbsp;&nbsp;&nbsp;&nbsp;&nbsp;&nbsp;&nbsp;&nbsp;&nbsp;&nbsp;&nbsp;&nbsp;&nbsp;&nbsp;&nbsp;&nbsp;&nbsp;&nbsp;&nbsp;&nbsp;&nbsp; &nbsp; &nbsp; &nbsp; &nbsp; &nbsp; &nbsp; &nbsp; &nbsp; &nbsp; &nbsp; &nbsp; &nbsp; BLOG BASAL ACTIVIDAD DÍA DE ANDALUCIA (BASAL) CURSO 20/21 (pincha para&#46;&#46;&#46;</p>
