{"id":869,"date":"2015-03-16T07:03:52","date_gmt":"2015-03-16T07:03:52","guid":{"rendered":"http:\/\/blogsaverroes.juntadeandalucia.es\/pre\/ceip\/?page_id=84"},"modified":"2023-10-27T10:55:43","modified_gmt":"2023-10-27T10:55:43","slug":"calendario-escolar","status":"publish","type":"page","link":"https:\/\/blogsaverroes.juntadeandalucia.es\/ceeevirgendelamparo\/calendario-escolar\/","title":{"rendered":"Calendario escolar 2023\/24"},"content":{"rendered":"<header class=\"entry-header cf\">\n<h3 class=\"entry-title\">Calendario escolar 23\/24<\/h3>\n<\/header>\n<div class=\"entry-content cf\">\n<h5><b>El periodo de clases en Educaci\u00f3n Infantil y Primaria&nbsp; y E.E. para el curso escolar 19\/20 comprende desde el d\u00eda 10 de Septiembre hasta el<\/b><b> 22 de junio ambos inclusive.&nbsp;<\/b><\/h5>\n<h5><b>En este periodo se descuenta los periodos vacacionales de Navidad y Semana Santa.<\/b><\/h5>\n<h5><b>Al resto de los d\u00edas lectivo hay que restar dos d\u00edas m\u00e1s aprobados por el Consejo Escolar Municipal que para este curso son:&nbsp;&nbsp;<\/b><\/h5>\n<ul>\n<li>\n<h5><strong>13 Y 14 de OCTUBRE<\/strong><\/h5>\n<\/li>\n<li>\n<h5><strong>1 de MARZO<\/strong><\/h5>\n<\/li>\n<\/ul>\n<h5><strong>En total suman 181 d\u00edas lectivos.<\/strong><\/h5>\n<h5><strong>Puede consultar el calendario haciendo click en la imagen.<\/strong><\/h5>\n<p style=\"text-align: center\"><a href=\"https:\/\/blogsaverroes.juntadeandalucia.es\/ceeevirgendelamparo\/files\/2023\/10\/Calendario-escolar-Cadiz-2023-2024-600x472-1.jpeg\" target=\"_blank\" rel=\"noopener noreferrer\"><img loading=\"lazy\" decoding=\"async\" class=\"alignnone size-medium wp-image-3188\" src=\"https:\/\/blogsaverroes.juntadeandalucia.es\/ceeevirgendelamparo\/files\/2023\/10\/Calendario-escolar-Cadiz-2023-2024-600x472-1-300x236.jpeg\" alt=\"\" width=\"300\" height=\"236\" srcset=\"https:\/\/blogsaverroes.juntadeandalucia.es\/ceeevirgendelamparo\/files\/2023\/10\/Calendario-escolar-Cadiz-2023-2024-600x472-1-300x236.jpeg 300w, https:\/\/blogsaverroes.juntadeandalucia.es\/ceeevirgendelamparo\/files\/2023\/10\/Calendario-escolar-Cadiz-2023-2024-600x472-1.jpeg 600w\" sizes=\"(max-width: 300px) 100vw, 300px\" \/><\/a><\/p>\n<\/div>\n<p>&nbsp;<\/p>\n<p>&nbsp;<\/p>\n<p>&nbsp;<\/p>\n<p>&nbsp;<\/p>\n<p>&nbsp;<\/p>\n","protected":false},"excerpt":{"rendered":"<p>Calendario escolar 23\/24 El periodo de clases en Educaci\u00f3n Infantil y Primaria&nbsp; y E.E. para el curso escolar 19\/20 comprende desde el d\u00eda 10 de Septiembre hasta el 22 de junio ambos inclusive.&nbsp; En&#46;&#46;&#46;<\/p>\n","protected":false},"author":1,"featured_media":0,"parent":0,"menu_order":0,"comment_status":"open","ping_status":"open","template":"page-templates\/child-menu.php","meta":{"ngg_post_thumbnail":0,"footnotes":"","_mc_calendar":[]},"aioseo_notices":[],"_links":{"self":[{"href":"https:\/\/blogsaverroes.juntadeandalucia.es\/ceeevirgendelamparo\/wp-json\/wp\/v2\/pages\/869"}],"collection":[{"href":"https:\/\/blogsaverroes.juntadeandalucia.es\/ceeevirgendelamparo\/wp-json\/wp\/v2\/pages"}],"about":[{"href":"https:\/\/blogsaverroes.juntadeandalucia.es\/ceeevirgendelamparo\/wp-json\/wp\/v2\/types\/page"}],"author":[{"embeddable":true,"href":"https:\/\/blogsaverroes.juntadeandalucia.es\/ceeevirgendelamparo\/wp-json\/wp\/v2\/users\/1"}],"replies":[{"embeddable":true,"href":"https:\/\/blogsaverroes.juntadeandalucia.es\/ceeevirgendelamparo\/wp-json\/wp\/v2\/comments?post=869"}],"version-history":[{"count":10,"href":"https:\/\/blogsaverroes.juntadeandalucia.es\/ceeevirgendelamparo\/wp-json\/wp\/v2\/pages\/869\/revisions"}],"predecessor-version":[{"id":3191,"href":"https:\/\/blogsaverroes.juntadeandalucia.es\/ceeevirgendelamparo\/wp-json\/wp\/v2\/pages\/869\/revisions\/3191"}],"wp:attachment":[{"href":"https:\/\/blogsaverroes.juntadeandalucia.es\/ceeevirgendelamparo\/wp-json\/wp\/v2\/media?parent=869"}],"curies":[{"name":"wp","href":"https:\/\/api.w.org\/{rel}","templated":true}]}}

<header class="entry-header cf">
<h3 class="entry-title">Calendario escolar 23/24</h3>
</header>
<div class="entry-content cf">
<h5><b>El periodo de clases en Educación Infantil y Primaria&nbsp; y E.E. para el curso escolar 19/20 comprende desde el día 10 de Septiembre hasta el</b><b> 22 de junio ambos inclusive.&nbsp;</b></h5>
<h5><b>En este periodo se descuenta los periodos vacacionales de Navidad y Semana Santa.</b></h5>
<h5><b>Al resto de los días lectivo hay que restar dos días más aprobados por el Consejo Escolar Municipal que para este curso son:&nbsp;&nbsp;</b></h5>
<ul>
<li>
<h5><strong>13 Y 14 de OCTUBRE</strong></h5>
</li>
<li>
<h5><strong>1 de MARZO</strong></h5>
</li>
</ul>
<h5><strong>En total suman 181 días lectivos.</strong></h5>
<h5><strong>Puede consultar el calendario haciendo click en la imagen.</strong></h5>
<p style="text-align: center"><a href="https://blogsaverroes.juntadeandalucia.es/ceeevirgendelamparo/files/2023/10/Calendario-escolar-Cadiz-2023-2024-600x472-1.jpeg" target="_blank" rel="noopener noreferrer"><img loading="lazy" decoding="async" class="alignnone size-medium wp-image-3188" src="https://blogsaverroes.juntadeandalucia.es/ceeevirgendelamparo/files/2023/10/Calendario-escolar-Cadiz-2023-2024-600x472-1-300x236.jpeg" alt="" width="300" height="236" srcset="https://blogsaverroes.juntadeandalucia.es/ceeevirgendelamparo/files/2023/10/Calendario-escolar-Cadiz-2023-2024-600x472-1-300x236.jpeg 300w, https://blogsaverroes.juntadeandalucia.es/ceeevirgendelamparo/files/2023/10/Calendario-escolar-Cadiz-2023-2024-600x472-1.jpeg 600w" sizes="(max-width: 300px) 100vw, 300px" /></a></p>
</div>
<p>&nbsp;</p>
<p>&nbsp;</p>
<p>&nbsp;</p>
<p>&nbsp;</p>
<p>&nbsp;</p>

<p>Calendario escolar 23/24 El periodo de clases en Educación Infantil y Primaria&nbsp; y E.E. para el curso escolar 19/20 comprende desde el día 10 de Septiembre hasta el 22 de junio ambos inclusive.&nbsp; En&#46;&#46;&#46;</p>
