{"id":1112,"date":"2022-02-17T09:46:22","date_gmt":"2022-02-17T08:46:22","guid":{"rendered":"https:\/\/blogsaverroes.juntadeandalucia.es\/ceip-barca-de-la-florida\/?page_id=1112"},"modified":"2024-11-24T22:44:22","modified_gmt":"2024-11-24T21:44:22","slug":"personal-infantil","status":"publish","type":"page","link":"https:\/\/blogsaverroes.juntadeandalucia.es\/ceip-barca-de-la-florida\/personal-infantil\/","title":{"rendered":"PERSONAL INFANTIL"},"content":{"rendered":"<table style=\"border-collapse: collapse;width: 100%\">\n<tbody>\n<tr>\n<td style=\"width: 50%\">3 A\u00d1OS A &#8211; Beatriz Morillas Carrillo<\/td>\n<td style=\"width: 50%\">3 A\u00d1OS B &#8211; Antonia Mar\u00eda D\u00factor G\u00f3mez<\/td>\n<\/tr>\n<tr>\n<td style=\"width: 50%\">4 A\u00d1OS A &#8211; Jos\u00e9 Manuel Rodr\u00edguez Cordero<\/td>\n<td style=\"width: 50%\">4 A\u00d1OS B &#8211;\u00a0 Soraya Rujano Herrera<\/td>\n<\/tr>\n<tr>\n<td style=\"width: 50%\">5 A\u00d1OS A &#8211; Isabel Galisteo Vargas<\/td>\n<td style=\"width: 50%\">5 A\u00d1OS B &#8211; Erika Rodr\u00edguez Caro<\/td>\n<\/tr>\n<tr>\n<td style=\"width: 50%\">Refuerzo Educativo &#8211; Alejandra L\u00f3pez Baz\u00e1n<\/td>\n<td style=\"width: 50%\"><\/td>\n<\/tr>\n<\/tbody>\n<\/table>\n","protected":false},"excerpt":{"rendered":"<p>3 A\u00d1OS A &#8211; Beatriz Morillas Carrillo 3 A\u00d1OS B &#8211; Antonia Mar\u00eda D\u00factor G\u00f3mez 4 A\u00d1OS A &#8211; Jos\u00e9 Manuel Rodr\u00edguez Cordero 4 A\u00d1OS B &#8211;\u00a0 Soraya Rujano Herrera 5 A\u00d1OS A &#8211; Isabel Galisteo Vargas 5 A\u00d1OS B &#8211; Erika Rodr\u00edguez Caro Refuerzo Educativo &#8211; Alejandra L\u00f3pez Baz\u00e1n<\/p>\n","protected":false},"author":14513,"featured_media":0,"parent":0,"menu_order":0,"comment_status":"closed","ping_status":"closed","template":"","meta":{"_et_pb_use_builder":"","_et_pb_old_content":"","_et_gb_content_width":"","ngg_post_thumbnail":0,"footnotes":""},"aioseo_notices":[],"_links":{"self":[{"href":"https:\/\/blogsaverroes.juntadeandalucia.es\/ceip-barca-de-la-florida\/wp-json\/wp\/v2\/pages\/1112"}],"collection":[{"href":"https:\/\/blogsaverroes.juntadeandalucia.es\/ceip-barca-de-la-florida\/wp-json\/wp\/v2\/pages"}],"about":[{"href":"https:\/\/blogsaverroes.juntadeandalucia.es\/ceip-barca-de-la-florida\/wp-json\/wp\/v2\/types\/page"}],"author":[{"embeddable":true,"href":"https:\/\/blogsaverroes.juntadeandalucia.es\/ceip-barca-de-la-florida\/wp-json\/wp\/v2\/users\/14513"}],"replies":[{"embeddable":true,"href":"https:\/\/blogsaverroes.juntadeandalucia.es\/ceip-barca-de-la-florida\/wp-json\/wp\/v2\/comments?post=1112"}],"version-history":[{"count":6,"href":"https:\/\/blogsaverroes.juntadeandalucia.es\/ceip-barca-de-la-florida\/wp-json\/wp\/v2\/pages\/1112\/revisions"}],"predecessor-version":[{"id":1316,"href":"https:\/\/blogsaverroes.juntadeandalucia.es\/ceip-barca-de-la-florida\/wp-json\/wp\/v2\/pages\/1112\/revisions\/1316"}],"wp:attachment":[{"href":"https:\/\/blogsaverroes.juntadeandalucia.es\/ceip-barca-de-la-florida\/wp-json\/wp\/v2\/media?parent=1112"}],"curies":[{"name":"wp","href":"https:\/\/api.w.org\/{rel}","templated":true}]}}

<table style="border-collapse: collapse;width: 100%">
<tbody>
<tr>
<td style="width: 50%">3 AÑOS A &#8211; Beatriz Morillas Carrillo</td>
<td style="width: 50%">3 AÑOS B &#8211; Antonia María Dúctor Gómez</td>
</tr>
<tr>
<td style="width: 50%">4 AÑOS A &#8211; José Manuel Rodríguez Cordero</td>
<td style="width: 50%">4 AÑOS B &#8211;  Soraya Rujano Herrera</td>
</tr>
<tr>
<td style="width: 50%">5 AÑOS A &#8211; Isabel Galisteo Vargas</td>
<td style="width: 50%">5 AÑOS B &#8211; Erika Rodríguez Caro</td>
</tr>
<tr>
<td style="width: 50%">Refuerzo Educativo &#8211; Alejandra López Bazán</td>
<td style="width: 50%"></td>
</tr>
</tbody>
</table>

<p>3 AÑOS A &#8211; Beatriz Morillas Carrillo 3 AÑOS B &#8211; Antonia María Dúctor Gómez 4 AÑOS A &#8211; José Manuel Rodríguez Cordero 4 AÑOS B &#8211;  Soraya Rujano Herrera 5 AÑOS A &#8211; Isabel Galisteo Vargas 5 AÑOS B &#8211; Erika Rodríguez Caro Refuerzo Educativo &#8211; Alejandra López Bazán</p>
