{"id":1053,"date":"2021-03-13T10:15:26","date_gmt":"2021-03-13T09:15:26","guid":{"rendered":"https:\/\/blogsaverroes.juntadeandalucia.es\/ceip-ciudad-del-sol\/?page_id=1053"},"modified":"2021-10-18T16:00:53","modified_gmt":"2021-10-18T15:00:53","slug":"claustro-de-profesores","status":"publish","type":"page","link":"https:\/\/blogsaverroes.juntadeandalucia.es\/ceip-ciudad-del-sol\/claustro-de-profesores\/","title":{"rendered":"Claustro de profesores"},"content":{"rendered":"<table style=\"width: 100%;border-collapse: collapse;border-style: none;border-color: #ffffff\">\n<tbody>\n<tr>\n<td style=\"width: 30.8298%\"><img loading=\"lazy\" decoding=\"async\" class=\"aligncenter wp-image-19 size-thumbnail\" src=\"https:\/\/blogsaverroes.juntadeandalucia.es\/ceip-ciudad-del-sol\/files\/2020\/01\/paper-3213924_1920-150x150.jpg\" alt=\"\" width=\"150\" height=\"150\"><\/td>\n<td style=\"width: 69.1702%;text-align: center\"><span style=\"font-size: 18pt\">Claustro de profesores<\/span><\/td>\n<\/tr>\n<\/tbody>\n<\/table>\n<p>&nbsp;<\/p>\n<table class=\"cinereousTable aligncenter\" style=\"width: 60%\">\n<thead>\n<tr>\n<th style=\"width: 347px\">Profesor\/a<\/th>\n<th style=\"text-align: center;width: 332px\">\u00c1rea<\/th>\n<\/tr>\n<\/thead>\n<tfoot>\n<tr>\n<th style=\"text-align: center;width: 347px\">Profesor\/a<\/th>\n<th style=\"text-align: center;width: 332px\">\u00c1rea<\/th>\n<\/tr>\n<\/tfoot>\n<tbody>\n<tr>\n<td style=\"width: 347px\" width=\"343\">Aguilera Vela, Leticia<\/td>\n<td style=\"width: 332px\" width=\"328\">Audici\u00f3n y Lenguaje<\/td>\n<\/tr>\n<tr>\n<td style=\"width: 347px\" width=\"343\">Ariza Flores, Mar\u00eda de la Esperanza<\/td>\n<td style=\"width: 332px\" width=\"328\">PROFESOR DE RELIGI\u00d3N DE PRIMARIA<\/td>\n<\/tr>\n<tr>\n<td style=\"width: 347px\" width=\"343\">Carmona Castellano, Auxiliadora<\/td>\n<td style=\"width: 332px\" width=\"328\">Educaci\u00f3n Primaria<\/td>\n<\/tr>\n<tr>\n<td style=\"width: 347px\" width=\"343\">Chiclana Garc\u00eda, Luisa<\/td>\n<td style=\"width: 332px\" width=\"328\">Educaci\u00f3n Infantil<\/td>\n<\/tr>\n<tr>\n<td style=\"width: 347px\" width=\"343\">Ort\u00edz Torres, Inmaculada<\/td>\n<td style=\"width: 332px\" width=\"328\">Lengua Extranjera-Franc\u00e9s (Primaria)<\/td>\n<\/tr>\n<tr>\n<td style=\"width: 347px\" width=\"343\">D\u00edaz Mu\u00f1oz, Mar\u00eda Jos\u00e9<\/td>\n<td style=\"width: 332px\" width=\"328\">Educaci\u00f3n Primaria<\/td>\n<\/tr>\n<tr>\n<td style=\"width: 347px\" width=\"343\">Dur\u00e1n L\u00f3pez, Mar\u00eda Cruz<\/td>\n<td style=\"width: 332px\" width=\"328\">Educaci\u00f3n Infantil<\/td>\n<\/tr>\n<tr>\n<td style=\"width: 347px\" width=\"343\">Eg\u00fcen S\u00e1nchez, Cristina<\/td>\n<td style=\"width: 332px\" width=\"328\">Lengua Extranjera-Ingl\u00e9s (Primaria)<\/td>\n<\/tr>\n<tr>\n<td style=\"width: 347px\" width=\"343\">Morales P\u00e9rez, Gabriel<\/td>\n<td style=\"width: 332px\" width=\"328\">Educaci\u00f3n F\u00edsica (Primaria)<\/td>\n<\/tr>\n<tr>\n<td style=\"width: 347px\" width=\"343\">Alarc\u00f3n Pato, Clara<\/td>\n<td style=\"width: 332px\" width=\"328\">Educaci\u00f3n F\u00edsica (Primaria)&nbsp;<\/td>\n<\/tr>\n<tr>\n<td style=\"width: 347px\" width=\"343\">Ca\u00f1ete Palacios, Rosa<\/td>\n<td style=\"width: 332px\" width=\"328\">Educaci\u00f3n Primaria (COVID)<\/td>\n<\/tr>\n<tr>\n<td style=\"width: 347px\" width=\"343\">L\u00f3pez Alba, Isabel Mar\u00eda<\/td>\n<td style=\"width: 332px\" width=\"328\">Educaci\u00f3n Primaria<\/td>\n<\/tr>\n<tr>\n<td style=\"width: 347px\" width=\"343\">Fern\u00e1ndez Garc\u00eda, Macarena<\/td>\n<td style=\"width: 332px\" width=\"328\">M\u00fasica (Primaria)<\/td>\n<\/tr>\n<tr>\n<td style=\"width: 347px\" width=\"343\">Madero Madero, Inmaculada Carmen<\/td>\n<td style=\"width: 332px\" width=\"328\">Pedagog\u00eda Terapeutica<\/td>\n<\/tr>\n<tr>\n<td style=\"width: 347px\" width=\"343\">Mart\u00edn Torres, Josefa<\/td>\n<td style=\"width: 332px\" width=\"328\">Educaci\u00f3n Infantil<\/td>\n<\/tr>\n<tr>\n<td style=\"width: 347px\" width=\"343\">Mesa Mart\u00ednez, Mar\u00eda \u00c1ngeles<\/td>\n<td style=\"width: 332px\" width=\"328\">Educaci\u00f3n Primaria<\/td>\n<\/tr>\n<tr>\n<td style=\"width: 347px\" width=\"343\">&nbsp;<\/td>\n<td style=\"width: 332px\" width=\"328\">&nbsp;<\/td>\n<\/tr>\n<tr>\n<td style=\"width: 347px\" width=\"343\">P\u00e9rez Mart\u00edn, F\u00e1tima<\/td>\n<td style=\"width: 332px\" width=\"328\">Lengua Extranjera-Ingl\u00e9s (Primaria)<\/td>\n<\/tr>\n<tr>\n<td style=\"width: 347px\" width=\"343\">Pradas Sierra, Isabel<\/td>\n<td style=\"width: 332px\" width=\"328\">Educaci\u00f3n Infantil<\/td>\n<\/tr>\n<tr>\n<td style=\"width: 347px\" width=\"343\">&nbsp;<\/td>\n<td style=\"width: 332px\" width=\"328\">&nbsp;<\/td>\n<\/tr>\n<tr>\n<td style=\"width: 347px\" width=\"343\">&nbsp;<\/td>\n<td style=\"width: 332px\" width=\"328\">&nbsp;<\/td>\n<\/tr>\n<tr>\n<td style=\"width: 347px\" width=\"343\">Rojas Ramos, Mar\u00eda Dolores<\/td>\n<td style=\"width: 332px\" width=\"328\">Educaci\u00f3n Primaria<\/td>\n<\/tr>\n<tr>\n<td style=\"width: 347px\" width=\"343\">Romero Esp\u00ednola, Mar\u00eda Jos\u00e9<\/td>\n<td style=\"width: 332px\" width=\"328\">Educaci\u00f3n Primaria<\/td>\n<\/tr>\n<tr>\n<td style=\"width: 347px\" width=\"343\">Sep\u00falveda Garc\u00eda, Francisca<\/td>\n<td style=\"width: 332px\" width=\"328\">Educaci\u00f3n Primaria<\/td>\n<\/tr>\n<tr>\n<td style=\"width: 347px\" width=\"343\">Torre M\u00ednguez, Antonio Luis de la<\/td>\n<td style=\"width: 332px\" width=\"328\">Educaci\u00f3n F\u00edsica (Primaria)<\/td>\n<\/tr>\n<tr>\n<td style=\"width: 347px\" width=\"343\">Urbano Acero, Dolores<\/td>\n<td style=\"width: 332px\" width=\"328\">Educaci\u00f3n Primaria<\/td>\n<\/tr>\n<tr>\n<td style=\"width: 347px\" width=\"343\">&nbsp;<\/td>\n<td style=\"width: 332px\" width=\"328\">Monitora escolar<\/td>\n<\/tr>\n<tr>\n<td style=\"width: 347px\" width=\"343\">&nbsp;<\/td>\n<td style=\"width: 332px\" width=\"328\">&nbsp;<\/td>\n<\/tr>\n<\/tbody>\n<\/table>\n","protected":false},"excerpt":{"rendered":"<p>Claustro de profesores &nbsp; Profesor\/a \u00c1rea Profesor\/a \u00c1rea Aguilera Vela, Leticia Audici\u00f3n y Lenguaje Ariza Flores, Mar\u00eda de la Esperanza PROFESOR DE RELIGI\u00d3N DE PRIMARIA Carmona Castellano, Auxiliadora Educaci\u00f3n Primaria Chiclana Garc\u00eda, Luisa Educaci\u00f3n Infantil Ort\u00edz Torres, Inmaculada Lengua Extranjera-Franc\u00e9s (Primaria) D\u00edaz Mu\u00f1oz, Mar\u00eda Jos\u00e9 Educaci\u00f3n Primaria Dur\u00e1n L\u00f3pez, Mar\u00eda Cruz Educaci\u00f3n Infantil Eg\u00fcen S\u00e1nchez, [&hellip;]<\/p>\n","protected":false},"author":12377,"featured_media":0,"parent":0,"menu_order":0,"comment_status":"closed","ping_status":"closed","template":"","meta":{"_et_pb_use_builder":"off","_et_pb_old_content":"","_et_gb_content_width":"","ngg_post_thumbnail":0,"footnotes":""},"aioseo_notices":[],"_links":{"self":[{"href":"https:\/\/blogsaverroes.juntadeandalucia.es\/ceip-ciudad-del-sol\/wp-json\/wp\/v2\/pages\/1053"}],"collection":[{"href":"https:\/\/blogsaverroes.juntadeandalucia.es\/ceip-ciudad-del-sol\/wp-json\/wp\/v2\/pages"}],"about":[{"href":"https:\/\/blogsaverroes.juntadeandalucia.es\/ceip-ciudad-del-sol\/wp-json\/wp\/v2\/types\/page"}],"author":[{"embeddable":true,"href":"https:\/\/blogsaverroes.juntadeandalucia.es\/ceip-ciudad-del-sol\/wp-json\/wp\/v2\/users\/12377"}],"replies":[{"embeddable":true,"href":"https:\/\/blogsaverroes.juntadeandalucia.es\/ceip-ciudad-del-sol\/wp-json\/wp\/v2\/comments?post=1053"}],"version-history":[{"count":20,"href":"https:\/\/blogsaverroes.juntadeandalucia.es\/ceip-ciudad-del-sol\/wp-json\/wp\/v2\/pages\/1053\/revisions"}],"predecessor-version":[{"id":1152,"href":"https:\/\/blogsaverroes.juntadeandalucia.es\/ceip-ciudad-del-sol\/wp-json\/wp\/v2\/pages\/1053\/revisions\/1152"}],"wp:attachment":[{"href":"https:\/\/blogsaverroes.juntadeandalucia.es\/ceip-ciudad-del-sol\/wp-json\/wp\/v2\/media?parent=1053"}],"curies":[{"name":"wp","href":"https:\/\/api.w.org\/{rel}","templated":true}]}}