{"id":1081,"date":"2021-03-14T19:40:28","date_gmt":"2021-03-14T18:40:28","guid":{"rendered":"https:\/\/blogsaverroes.juntadeandalucia.es\/ceip-ciudad-del-sol\/?page_id=1081"},"modified":"2021-10-18T16:16:55","modified_gmt":"2021-10-18T15:16:55","slug":"equipo-directivo","status":"publish","type":"page","link":"https:\/\/blogsaverroes.juntadeandalucia.es\/ceip-ciudad-del-sol\/equipo-directivo\/","title":{"rendered":"Equipo directivo"},"content":{"rendered":"<p><img loading=\"lazy\" decoding=\"async\" class=\"alignleft wp-image-1093 size-large\" src=\"https:\/\/blogsaverroes.juntadeandalucia.es\/ceip-ciudad-del-sol\/files\/2021\/03\/Equipo_directivo2-1024x246.jpg\" alt=\"Equipo Directivo\" width=\"1024\" height=\"246\" srcset=\"https:\/\/blogsaverroes.juntadeandalucia.es\/ceip-ciudad-del-sol\/files\/2021\/03\/Equipo_directivo2-980x235.jpg 980w, https:\/\/blogsaverroes.juntadeandalucia.es\/ceip-ciudad-del-sol\/files\/2021\/03\/Equipo_directivo2-480x115.jpg 480w\" sizes=\"(min-width: 0px) and (max-width: 480px) 480px, (min-width: 481px) and (max-width: 980px) 980px, (min-width: 981px) 1024px, 100vw\" \/><\/p>\n<p>&nbsp;<\/p>\n<p><span style=\"font-size: 14pt;color: #008080\">Equipo directivo<\/span><br \/>\nEl Equipo Directivo del Centro est\u00e1 formado por:<br \/>\nDirecci\u00f3n: D. Antonio Luis de la Torre M\u00ednguez<br \/>\nJefatura de estudios: D\u00f1\u00aa. Mar\u00eda \u00c1ngeles Mesa Mart\u00ednez<br \/>\nSecretar\u00eda: D\u00f1\u00aa. Isabel Mar\u00eda L\u00f3pez Alba<\/p>\n","protected":false},"excerpt":{"rendered":"<p>&nbsp; Equipo directivo El Equipo Directivo del Centro est\u00e1 formado por: Direcci\u00f3n: D. Antonio Luis de la Torre M\u00ednguez Jefatura de estudios: D\u00f1\u00aa. Mar\u00eda \u00c1ngeles Mesa Mart\u00ednez Secretar\u00eda: D\u00f1\u00aa. Isabel Mar\u00eda L\u00f3pez Alba<\/p>\n","protected":false},"author":12377,"featured_media":0,"parent":0,"menu_order":0,"comment_status":"closed","ping_status":"closed","template":"","meta":{"_et_pb_use_builder":"","_et_pb_old_content":"","_et_gb_content_width":"","ngg_post_thumbnail":0,"footnotes":""},"aioseo_notices":[],"_links":{"self":[{"href":"https:\/\/blogsaverroes.juntadeandalucia.es\/ceip-ciudad-del-sol\/wp-json\/wp\/v2\/pages\/1081"}],"collection":[{"href":"https:\/\/blogsaverroes.juntadeandalucia.es\/ceip-ciudad-del-sol\/wp-json\/wp\/v2\/pages"}],"about":[{"href":"https:\/\/blogsaverroes.juntadeandalucia.es\/ceip-ciudad-del-sol\/wp-json\/wp\/v2\/types\/page"}],"author":[{"embeddable":true,"href":"https:\/\/blogsaverroes.juntadeandalucia.es\/ceip-ciudad-del-sol\/wp-json\/wp\/v2\/users\/12377"}],"replies":[{"embeddable":true,"href":"https:\/\/blogsaverroes.juntadeandalucia.es\/ceip-ciudad-del-sol\/wp-json\/wp\/v2\/comments?post=1081"}],"version-history":[{"count":10,"href":"https:\/\/blogsaverroes.juntadeandalucia.es\/ceip-ciudad-del-sol\/wp-json\/wp\/v2\/pages\/1081\/revisions"}],"predecessor-version":[{"id":1353,"href":"https:\/\/blogsaverroes.juntadeandalucia.es\/ceip-ciudad-del-sol\/wp-json\/wp\/v2\/pages\/1081\/revisions\/1353"}],"wp:attachment":[{"href":"https:\/\/blogsaverroes.juntadeandalucia.es\/ceip-ciudad-del-sol\/wp-json\/wp\/v2\/media?parent=1081"}],"curies":[{"name":"wp","href":"https:\/\/api.w.org\/{rel}","templated":true}]}}