{"id":1096,"date":"2021-03-14T19:59:28","date_gmt":"2021-03-14T18:59:28","guid":{"rendered":"https:\/\/blogsaverroes.juntadeandalucia.es\/ceip-ciudad-del-sol\/?page_id=1096"},"modified":"2021-03-18T20:15:59","modified_gmt":"2021-03-18T19:15:59","slug":"secretaria","status":"publish","type":"page","link":"https:\/\/blogsaverroes.juntadeandalucia.es\/ceip-ciudad-del-sol\/secretaria\/","title":{"rendered":"Secretar\u00eda"},"content":{"rendered":"<p><img loading=\"lazy\" decoding=\"async\" class=\"alignleft wp-image-1093 size-large\" src=\"https:\/\/blogsaverroes.juntadeandalucia.es\/ceip-ciudad-del-sol\/files\/2021\/03\/Equipo_directivo2-1024x246.jpg\" alt=\"Equipo directivo\" width=\"1024\" height=\"246\" srcset=\"https:\/\/blogsaverroes.juntadeandalucia.es\/ceip-ciudad-del-sol\/files\/2021\/03\/Equipo_directivo2-980x235.jpg 980w, https:\/\/blogsaverroes.juntadeandalucia.es\/ceip-ciudad-del-sol\/files\/2021\/03\/Equipo_directivo2-480x115.jpg 480w\" sizes=\"(min-width: 0px) and (max-width: 480px) 480px, (min-width: 481px) and (max-width: 980px) 980px, (min-width: 981px) 1024px, 100vw\" \/><\/p>\n<p>&nbsp;<\/p>\n<p><span style=\"font-size: 14pt;color: #008080\">Secretar\u00eda<\/span><\/p>\n<p>Los horarios de atenci\u00f3n al p\u00fablico son:<br \/>\nADMINISTRACI\u00d3N <strong>9:10<\/strong> a <strong>13:45<\/strong> de lunes a viernes<\/p>\n","protected":false},"excerpt":{"rendered":"<p>&nbsp; Secretar\u00eda Los horarios de atenci\u00f3n al p\u00fablico son: ADMINISTRACI\u00d3N 9:10 a 13:45 de lunes a viernes<\/p>\n","protected":false},"author":12377,"featured_media":0,"parent":0,"menu_order":0,"comment_status":"closed","ping_status":"closed","template":"","meta":{"_et_pb_use_builder":"","_et_pb_old_content":"","_et_gb_content_width":"","ngg_post_thumbnail":0,"footnotes":""},"aioseo_notices":[],"_links":{"self":[{"href":"https:\/\/blogsaverroes.juntadeandalucia.es\/ceip-ciudad-del-sol\/wp-json\/wp\/v2\/pages\/1096"}],"collection":[{"href":"https:\/\/blogsaverroes.juntadeandalucia.es\/ceip-ciudad-del-sol\/wp-json\/wp\/v2\/pages"}],"about":[{"href":"https:\/\/blogsaverroes.juntadeandalucia.es\/ceip-ciudad-del-sol\/wp-json\/wp\/v2\/types\/page"}],"author":[{"embeddable":true,"href":"https:\/\/blogsaverroes.juntadeandalucia.es\/ceip-ciudad-del-sol\/wp-json\/wp\/v2\/users\/12377"}],"replies":[{"embeddable":true,"href":"https:\/\/blogsaverroes.juntadeandalucia.es\/ceip-ciudad-del-sol\/wp-json\/wp\/v2\/comments?post=1096"}],"version-history":[{"count":4,"href":"https:\/\/blogsaverroes.juntadeandalucia.es\/ceip-ciudad-del-sol\/wp-json\/wp\/v2\/pages\/1096\/revisions"}],"predecessor-version":[{"id":1143,"href":"https:\/\/blogsaverroes.juntadeandalucia.es\/ceip-ciudad-del-sol\/wp-json\/wp\/v2\/pages\/1096\/revisions\/1143"}],"wp:attachment":[{"href":"https:\/\/blogsaverroes.juntadeandalucia.es\/ceip-ciudad-del-sol\/wp-json\/wp\/v2\/media?parent=1096"}],"curies":[{"name":"wp","href":"https:\/\/api.w.org\/{rel}","templated":true}]}}

Secretaría

<p><img loading="lazy" decoding="async" class="alignleft wp-image-1093 size-large" src="https://blogsaverroes.juntadeandalucia.es/ceip-ciudad-del-sol/files/2021/03/Equipo_directivo2-1024x246.jpg" alt="Equipo directivo" width="1024" height="246" srcset="https://blogsaverroes.juntadeandalucia.es/ceip-ciudad-del-sol/files/2021/03/Equipo_directivo2-980x235.jpg 980w, https://blogsaverroes.juntadeandalucia.es/ceip-ciudad-del-sol/files/2021/03/Equipo_directivo2-480x115.jpg 480w" sizes="(min-width: 0px) and (max-width: 480px) 480px, (min-width: 481px) and (max-width: 980px) 980px, (min-width: 981px) 1024px, 100vw" /></p>
<p>&nbsp;</p>
<p><span style="font-size: 14pt;color: #008080">Secretaría</span></p>
<p>Los horarios de atención al público son:<br />
ADMINISTRACIÓN <strong>9:10</strong> a <strong>13:45</strong> de lunes a viernes</p>

<p>&nbsp; Secretaría Los horarios de atención al público son: ADMINISTRACIÓN 9:10 a 13:45 de lunes a viernes</p>
