{"id":827,"date":"2020-12-18T08:34:31","date_gmt":"2020-12-18T07:34:31","guid":{"rendered":"https:\/\/blogsaverroes.juntadeandalucia.es\/pre\/plantilla-pencil\/?page_id=827"},"modified":"2021-05-23T13:16:53","modified_gmt":"2021-05-23T12:16:53","slug":"2o-ciclo-de-educacion-primaria","status":"publish","type":"page","link":"https:\/\/blogsaverroes.juntadeandalucia.es\/ceip-ciudad-del-sol\/2o-ciclo-de-educacion-primaria\/","title":{"rendered":"2\u00ba Ciclo de Educaci\u00f3n Primaria"},"content":{"rendered":"<p>[et_pb_section fb_built=&#8221;1&#8243; _builder_version=&#8221;3.23.3&#8243; custom_padding=&#8221;0px||0px|&#8221; z_index_tablet=&#8221;500&#8243; box_shadow_horizontal_tablet=&#8221;0px&#8221; box_shadow_vertical_tablet=&#8221;0px&#8221; box_shadow_blur_tablet=&#8221;40px&#8221; box_shadow_spread_tablet=&#8221;0px&#8221;][et_pb_row _builder_version=&#8221;3.25&#8243; background_size=&#8221;initial&#8221; background_position=&#8221;top_left&#8221; background_repeat=&#8221;repeat&#8221;][et_pb_column type=&#8221;4_4&#8243; _builder_version=&#8221;3.25&#8243; custom_padding=&#8221;|||&#8221; custom_padding__hover=&#8221;|||&#8221;][et_pb_image src=&#8221;https:\/\/blogsaverroes.juntadeandalucia.es\/ceip-ciudad-del-sol\/files\/2020\/01\/cabecera-interior-3.jpg&#8221; title_text=&#8221;cabecera-interior-3&#8243; admin_label=&#8221;Imagen de la portada&#8221; _builder_version=&#8221;4.5.0&#8243; z_index_tablet=&#8221;500&#8243; box_shadow_horizontal_tablet=&#8221;0px&#8221; box_shadow_vertical_tablet=&#8221;0px&#8221; box_shadow_blur_tablet=&#8221;40px&#8221; box_shadow_spread_tablet=&#8221;0px&#8221;][\/et_pb_image][et_pb_text admin_label=&#8221;Texto descriptivo&#8221; _builder_version=&#8221;4.5.0&#8243; hover_enabled=&#8221;0&#8243; z_index_tablet=&#8221;500&#8243; text_text_shadow_horizontal_length_tablet=&#8221;0px&#8221; text_text_shadow_vertical_length_tablet=&#8221;0px&#8221; text_text_shadow_blur_strength_tablet=&#8221;1px&#8221; link_text_shadow_horizontal_length_tablet=&#8221;0px&#8221; link_text_shadow_vertical_length_tablet=&#8221;0px&#8221; link_text_shadow_blur_strength_tablet=&#8221;1px&#8221; ul_text_shadow_horizontal_length_tablet=&#8221;0px&#8221; ul_text_shadow_vertical_length_tablet=&#8221;0px&#8221; ul_text_shadow_blur_strength_tablet=&#8221;1px&#8221; ol_text_shadow_horizontal_length_tablet=&#8221;0px&#8221; ol_text_shadow_vertical_length_tablet=&#8221;0px&#8221; ol_text_shadow_blur_strength_tablet=&#8221;1px&#8221; quote_text_shadow_horizontal_length_tablet=&#8221;0px&#8221; quote_text_shadow_vertical_length_tablet=&#8221;0px&#8221; quote_text_shadow_blur_strength_tablet=&#8221;1px&#8221; header_text_shadow_horizontal_length_tablet=&#8221;0px&#8221; header_text_shadow_vertical_length_tablet=&#8221;0px&#8221; header_text_shadow_blur_strength_tablet=&#8221;1px&#8221; header_2_text_shadow_horizontal_length_tablet=&#8221;0px&#8221; header_2_text_shadow_vertical_length_tablet=&#8221;0px&#8221; header_2_text_shadow_blur_strength_tablet=&#8221;1px&#8221; header_3_text_shadow_horizontal_length_tablet=&#8221;0px&#8221; header_3_text_shadow_vertical_length_tablet=&#8221;0px&#8221; header_3_text_shadow_blur_strength_tablet=&#8221;1px&#8221; header_4_text_shadow_horizontal_length_tablet=&#8221;0px&#8221; header_4_text_shadow_vertical_length_tablet=&#8221;0px&#8221; header_4_text_shadow_blur_strength_tablet=&#8221;1px&#8221; header_5_text_shadow_horizontal_length_tablet=&#8221;0px&#8221; header_5_text_shadow_vertical_length_tablet=&#8221;0px&#8221; header_5_text_shadow_blur_strength_tablet=&#8221;1px&#8221; header_6_text_shadow_horizontal_length_tablet=&#8221;0px&#8221; header_6_text_shadow_vertical_length_tablet=&#8221;0px&#8221; header_6_text_shadow_blur_strength_tablet=&#8221;1px&#8221; box_shadow_horizontal_tablet=&#8221;0px&#8221; box_shadow_vertical_tablet=&#8221;0px&#8221; box_shadow_blur_tablet=&#8221;40px&#8221; box_shadow_spread_tablet=&#8221;0px&#8221;]<\/p>\n<h2>2\u00ba Ciclo de Educaci\u00f3n Primaria<\/h2>\n<p>Os aconsejamos los siguientes enlaces de inter\u00e9s en materia para 2\u00ba Ciclo de Educaci\u00f3n Primaria:<\/p>\n<table class=\" aligncenter\" style=\"width: 83.0568%;border-collapse: collapse;height: 528px\">\n<tbody>\n<tr style=\"height: 23px\">\n<td style=\"width: 54.699%;height: 23px\">\n<p>Actividades interactivas de todas las asignaturas.<\/p>\n<\/td>\n<td style=\"width: 45.301%;height: 23px\"><a href=\"http:\/\/www.ceiploreto.es\/\" target=\"_blank\" rel=\"noopener noreferrer\">http:\/\/www.ceiploreto.es\/<\/a><\/td>\n<\/tr>\n<tr style=\"height: 92px\">\n<td style=\"width: 54.699%;height: 92px\">\n<p>C\u00e1lculo mental. El tanque matem\u00e1tico. (No funciona actualmente en la mayor\u00eda de los dispositivos por un problema con Acrobat Reader, adjunto la versi\u00f3n con guadalinex)<\/p>\n<\/td>\n<td style=\"width: 45.301%;height: 92px\"><a href=\"http:\/\/www.eltanquematematico.es\/e_guadalinex.html\" target=\"_blank\" rel=\"noopener noreferrer\">http:\/\/www.eltanquematematico.es\/e_guadalinex.html<\/a><\/td>\n<\/tr>\n<tr style=\"height: 23px\">\n<td style=\"width: 54.699%;height: 23px\">\n<p>Aula virtual Santillana.<\/p>\n<\/td>\n<td style=\"width: 45.301%;height: 23px\"><a href=\"https:\/\/aulavirtual.santillana.es\/av3online\/login\" target=\"_blank\" rel=\"noopener noreferrer\">https:\/\/aulavirtual.santillana.es\/av3online\/login<\/a><\/td>\n<\/tr>\n<tr style=\"height: 23px\">\n<td style=\"width: 54.699%;height: 23px\">&nbsp;Mapas interactivos. Ciencias Sociales.<\/td>\n<td style=\"width: 45.301%;height: 23px\"><a href=\"https:\/\/mapasinteractivos.didactalia.net\/comunidad\/mapasflashinteractivos\" target=\"_blank\" rel=\"noopener noreferrer\">https:\/\/mapasinteractivos.didactalia.net\/comunidad\/mapasflashinteractivos<\/a><\/td>\n<\/tr>\n<tr style=\"height: 23px\">\n<td style=\"width: 54.699%;height: 23px\">\n<p>V\u00eddeo de Youtube para introducir los contenidos de Franc\u00e9s.<\/p>\n<p>Para trabajar a trav\u00e9s de esquemas CCNN y CCSS.<\/p>\n<\/td>\n<td style=\"width: 45.301%;height: 23px\"><a href=\"http:\/\/secretosdeunaula.com\" target=\"_blank\" rel=\"noopener noreferrer\">http:\/\/secretosdeunaula.com<\/a><\/td>\n<\/tr>\n<tr style=\"height: 23px\">\n<td style=\"width: 54.699%;height: 23px\">&nbsp;<\/td>\n<td style=\"width: 45.301%;height: 23px\">&nbsp;<\/td>\n<\/tr>\n<tr style=\"height: 23px\">\n<td style=\"width: 54.699%;height: 23px\">&nbsp;<\/td>\n<td style=\"width: 45.301%;height: 23px\">&nbsp;<\/td>\n<\/tr>\n<\/tbody>\n<\/table>\n<p>&nbsp;<\/p>\n<p>Si sabes de alg\u00fan otro enlace de inter\u00e9s, o alguno de los expuestos no funciona, por favor, h\u00e1znoslo saber.<\/p>\n<p>[\/et_pb_text][\/et_pb_column][\/et_pb_row][\/et_pb_section]<\/p>\n","protected":false},"excerpt":{"rendered":"<p>2\u00ba Ciclo de Educaci\u00f3n Primaria Os aconsejamos los siguientes enlaces de inter\u00e9s en materia para 2\u00ba Ciclo de Educaci\u00f3n Primaria: Actividades interactivas de todas las asignaturas. http:\/\/www.ceiploreto.es\/ C\u00e1lculo mental. El tanque matem\u00e1tico. (No funciona actualmente en la mayor\u00eda de los dispositivos por un problema con Acrobat Reader, adjunto la versi\u00f3n con guadalinex) http:\/\/www.eltanquematematico.es\/e_guadalinex.html Aula virtual [&hellip;]<\/p>\n","protected":false},"author":7051,"featured_media":0,"parent":0,"menu_order":0,"comment_status":"closed","ping_status":"closed","template":"","meta":{"_et_pb_use_builder":"on","_et_pb_old_content":"","_et_gb_content_width":"","ngg_post_thumbnail":0,"footnotes":""},"aioseo_notices":[],"_links":{"self":[{"href":"https:\/\/blogsaverroes.juntadeandalucia.es\/ceip-ciudad-del-sol\/wp-json\/wp\/v2\/pages\/827"}],"collection":[{"href":"https:\/\/blogsaverroes.juntadeandalucia.es\/ceip-ciudad-del-sol\/wp-json\/wp\/v2\/pages"}],"about":[{"href":"https:\/\/blogsaverroes.juntadeandalucia.es\/ceip-ciudad-del-sol\/wp-json\/wp\/v2\/types\/page"}],"author":[{"embeddable":true,"href":"https:\/\/blogsaverroes.juntadeandalucia.es\/ceip-ciudad-del-sol\/wp-json\/wp\/v2\/users\/7051"}],"replies":[{"embeddable":true,"href":"https:\/\/blogsaverroes.juntadeandalucia.es\/ceip-ciudad-del-sol\/wp-json\/wp\/v2\/comments?post=827"}],"version-history":[{"count":1,"href":"https:\/\/blogsaverroes.juntadeandalucia.es\/ceip-ciudad-del-sol\/wp-json\/wp\/v2\/pages\/827\/revisions"}],"predecessor-version":[{"id":1292,"href":"https:\/\/blogsaverroes.juntadeandalucia.es\/ceip-ciudad-del-sol\/wp-json\/wp\/v2\/pages\/827\/revisions\/1292"}],"wp:attachment":[{"href":"https:\/\/blogsaverroes.juntadeandalucia.es\/ceip-ciudad-del-sol\/wp-json\/wp\/v2\/media?parent=827"}],"curies":[{"name":"wp","href":"https:\/\/api.w.org\/{rel}","templated":true}]}}

2º Ciclo de Educación Primaria

<p>[et_pb_section fb_built=&#8221;1&#8243; _builder_version=&#8221;3.23.3&#8243; custom_padding=&#8221;0px||0px|&#8221; z_index_tablet=&#8221;500&#8243; box_shadow_horizontal_tablet=&#8221;0px&#8221; box_shadow_vertical_tablet=&#8221;0px&#8221; box_shadow_blur_tablet=&#8221;40px&#8221; box_shadow_spread_tablet=&#8221;0px&#8221;][et_pb_row _builder_version=&#8221;3.25&#8243; background_size=&#8221;initial&#8221; background_position=&#8221;top_left&#8221; background_repeat=&#8221;repeat&#8221;][et_pb_column type=&#8221;4_4&#8243; _builder_version=&#8221;3.25&#8243; custom_padding=&#8221;|||&#8221; custom_padding__hover=&#8221;|||&#8221;][et_pb_image src=&#8221;https://blogsaverroes.juntadeandalucia.es/ceip-ciudad-del-sol/files/2020/01/cabecera-interior-3.jpg&#8221; title_text=&#8221;cabecera-interior-3&#8243; admin_label=&#8221;Imagen de la portada&#8221; _builder_version=&#8221;4.5.0&#8243; z_index_tablet=&#8221;500&#8243; box_shadow_horizontal_tablet=&#8221;0px&#8221; box_shadow_vertical_tablet=&#8221;0px&#8221; box_shadow_blur_tablet=&#8221;40px&#8221; box_shadow_spread_tablet=&#8221;0px&#8221;][/et_pb_image][et_pb_text admin_label=&#8221;Texto descriptivo&#8221; _builder_version=&#8221;4.5.0&#8243; hover_enabled=&#8221;0&#8243; z_index_tablet=&#8221;500&#8243; text_text_shadow_horizontal_length_tablet=&#8221;0px&#8221; text_text_shadow_vertical_length_tablet=&#8221;0px&#8221; text_text_shadow_blur_strength_tablet=&#8221;1px&#8221; link_text_shadow_horizontal_length_tablet=&#8221;0px&#8221; link_text_shadow_vertical_length_tablet=&#8221;0px&#8221; link_text_shadow_blur_strength_tablet=&#8221;1px&#8221; ul_text_shadow_horizontal_length_tablet=&#8221;0px&#8221; ul_text_shadow_vertical_length_tablet=&#8221;0px&#8221; ul_text_shadow_blur_strength_tablet=&#8221;1px&#8221; ol_text_shadow_horizontal_length_tablet=&#8221;0px&#8221; ol_text_shadow_vertical_length_tablet=&#8221;0px&#8221; ol_text_shadow_blur_strength_tablet=&#8221;1px&#8221; quote_text_shadow_horizontal_length_tablet=&#8221;0px&#8221; quote_text_shadow_vertical_length_tablet=&#8221;0px&#8221; quote_text_shadow_blur_strength_tablet=&#8221;1px&#8221; header_text_shadow_horizontal_length_tablet=&#8221;0px&#8221; header_text_shadow_vertical_length_tablet=&#8221;0px&#8221; header_text_shadow_blur_strength_tablet=&#8221;1px&#8221; header_2_text_shadow_horizontal_length_tablet=&#8221;0px&#8221; header_2_text_shadow_vertical_length_tablet=&#8221;0px&#8221; header_2_text_shadow_blur_strength_tablet=&#8221;1px&#8221; header_3_text_shadow_horizontal_length_tablet=&#8221;0px&#8221; header_3_text_shadow_vertical_length_tablet=&#8221;0px&#8221; header_3_text_shadow_blur_strength_tablet=&#8221;1px&#8221; header_4_text_shadow_horizontal_length_tablet=&#8221;0px&#8221; header_4_text_shadow_vertical_length_tablet=&#8221;0px&#8221; header_4_text_shadow_blur_strength_tablet=&#8221;1px&#8221; header_5_text_shadow_horizontal_length_tablet=&#8221;0px&#8221; header_5_text_shadow_vertical_length_tablet=&#8221;0px&#8221; header_5_text_shadow_blur_strength_tablet=&#8221;1px&#8221; header_6_text_shadow_horizontal_length_tablet=&#8221;0px&#8221; header_6_text_shadow_vertical_length_tablet=&#8221;0px&#8221; header_6_text_shadow_blur_strength_tablet=&#8221;1px&#8221; box_shadow_horizontal_tablet=&#8221;0px&#8221; box_shadow_vertical_tablet=&#8221;0px&#8221; box_shadow_blur_tablet=&#8221;40px&#8221; box_shadow_spread_tablet=&#8221;0px&#8221;]</p>
<h2>2º Ciclo de Educación Primaria</h2>
<p>Os aconsejamos los siguientes enlaces de interés en materia para 2º Ciclo de Educación Primaria:</p>
<table class=" aligncenter" style="width: 83.0568%;border-collapse: collapse;height: 528px">
<tbody>
<tr style="height: 23px">
<td style="width: 54.699%;height: 23px">
<p>Actividades interactivas de todas las asignaturas.</p>
</td>
<td style="width: 45.301%;height: 23px"><a href="http://www.ceiploreto.es/" target="_blank" rel="noopener noreferrer">http://www.ceiploreto.es/</a></td>
</tr>
<tr style="height: 92px">
<td style="width: 54.699%;height: 92px">
<p>Cálculo mental. El tanque matemático. (No funciona actualmente en la mayoría de los dispositivos por un problema con Acrobat Reader, adjunto la versión con guadalinex)</p>
</td>
<td style="width: 45.301%;height: 92px"><a href="http://www.eltanquematematico.es/e_guadalinex.html" target="_blank" rel="noopener noreferrer">http://www.eltanquematematico.es/e_guadalinex.html</a></td>
</tr>
<tr style="height: 23px">
<td style="width: 54.699%;height: 23px">
<p>Aula virtual Santillana.</p>
</td>
<td style="width: 45.301%;height: 23px"><a href="https://aulavirtual.santillana.es/av3online/login" target="_blank" rel="noopener noreferrer">https://aulavirtual.santillana.es/av3online/login</a></td>
</tr>
<tr style="height: 23px">
<td style="width: 54.699%;height: 23px">&nbsp;Mapas interactivos. Ciencias Sociales.</td>
<td style="width: 45.301%;height: 23px"><a href="https://mapasinteractivos.didactalia.net/comunidad/mapasflashinteractivos" target="_blank" rel="noopener noreferrer">https://mapasinteractivos.didactalia.net/comunidad/mapasflashinteractivos</a></td>
</tr>
<tr style="height: 23px">
<td style="width: 54.699%;height: 23px">
<p>Vídeo de Youtube para introducir los contenidos de Francés.</p>
<p>Para trabajar a través de esquemas CCNN y CCSS.</p>
</td>
<td style="width: 45.301%;height: 23px"><a href="http://secretosdeunaula.com" target="_blank" rel="noopener noreferrer">http://secretosdeunaula.com</a></td>
</tr>
<tr style="height: 23px">
<td style="width: 54.699%;height: 23px">&nbsp;</td>
<td style="width: 45.301%;height: 23px">&nbsp;</td>
</tr>
<tr style="height: 23px">
<td style="width: 54.699%;height: 23px">&nbsp;</td>
<td style="width: 45.301%;height: 23px">&nbsp;</td>
</tr>
</tbody>
</table>
<p>&nbsp;</p>
<p>Si sabes de algún otro enlace de interés, o alguno de los expuestos no funciona, por favor, háznoslo saber.</p>
<p>[/et_pb_text][/et_pb_column][/et_pb_row][/et_pb_section]</p>

<p>2º Ciclo de Educación Primaria Os aconsejamos los siguientes enlaces de interés en materia para 2º Ciclo de Educación Primaria: Actividades interactivas de todas las asignaturas. http://www.ceiploreto.es/ Cálculo mental. El tanque matemático. (No funciona actualmente en la mayoría de los dispositivos por un problema con Acrobat Reader, adjunto la versión con guadalinex) http://www.eltanquematematico.es/e_guadalinex.html Aula virtual [&hellip;]</p>
