{"id":1165,"date":"2026-02-02T11:08:48","date_gmt":"2026-02-02T10:08:48","guid":{"rendered":"https:\/\/blogsaverroes.juntadeandalucia.es\/ceip-constitucion-1978\/?page_id=1165"},"modified":"2026-02-02T11:23:35","modified_gmt":"2026-02-02T10:23:35","slug":"plan-de-centro","status":"publish","type":"page","link":"https:\/\/blogsaverroes.juntadeandalucia.es\/ceip-constitucion-1978\/plan-de-centro\/","title":{"rendered":"Plan de Centro"},"content":{"rendered":"<p>[et_pb_section fb_built=&#8221;1&#8243; admin_label=&#8221;section&#8221; _builder_version=&#8221;4.24.2&#8243; link_option_url=&#8221;https:\/\/drive.google.com\/file\/d\/1FXN2nWndJlwCxsHpUNpbMzihGuYXf9rh\/view?usp=sharing&#8221; global_colors_info=&#8221;{}&#8221;][et_pb_row admin_label=&#8221;row&#8221; _builder_version=&#8221;4.24.2&#8243; background_size=&#8221;initial&#8221; background_position=&#8221;top_left&#8221; background_repeat=&#8221;repeat&#8221; link_option_url=&#8221;https:\/\/drive.google.com\/file\/d\/1FXN2nWndJlwCxsHpUNpbMzihGuYXf9rh\/view?usp=sharing&#8221; global_colors_info=&#8221;{}&#8221;][et_pb_column type=&#8221;4_4&#8243; _builder_version=&#8221;4.16&#8243; custom_padding=&#8221;|||&#8221; global_colors_info=&#8221;{}&#8221; custom_padding__hover=&#8221;|||&#8221;][et_pb_text _builder_version=&#8221;4.24.2&#8243; _module_preset=&#8221;default&#8221; link_option_url=&#8221;https:\/\/drive.google.com\/file\/d\/1FXN2nWndJlwCxsHpUNpbMzihGuYXf9rh\/view?usp=sharing&#8221; hover_enabled=&#8221;0&#8243; global_colors_info=&#8221;{}&#8221; sticky_enabled=&#8221;0&#8243;]<\/p>\n<p data-start=\"201\" data-end=\"505\"><strong>PLAN DE CENTRO<\/strong><\/p>\n<p data-start=\"201\" data-end=\"505\">El Plan de Centro es un documento que recoge la organizaci\u00f3n, las normas, los objetivos educativos y las principales actividades del colegio. En \u00e9l se detallan las estrategias que seguimos para garantizar una educaci\u00f3n de calidad y adaptada a las necesidades de nuestro alumnado.<\/p>\n<p data-start=\"511\" data-end=\"694\">Para consultar el Plan de Centro completo, puedes acceder al documento haciendo clic en el siguiente enlace. Ser\u00e1s redirigido a Google Drive, donde podr\u00e1s visualizarlo directamente.<\/p>\n<p>https:\/\/drive.google.com\/file\/d\/1FXN2nWndJlwCxsHpUNpbMzihGuYXf9rh\/view?usp=sharing<\/p>\n<p>&nbsp;<\/p>\n<p>[\/et_pb_text][\/et_pb_column][\/et_pb_row][\/et_pb_section]<\/p>\n","protected":false},"excerpt":{"rendered":"<p>PLAN DE CENTRO El Plan de Centro es un documento que recoge la organizaci\u00f3n, las normas, los objetivos educativos y las principales actividades del colegio. En \u00e9l se detallan las estrategias que seguimos para garantizar una educaci\u00f3n de calidad y adaptada a las necesidades de nuestro alumnado. Para consultar el Plan de Centro completo, puedes [&hellip;]<\/p>\n","protected":false},"author":21080,"featured_media":71,"parent":0,"menu_order":0,"comment_status":"closed","ping_status":"closed","template":"","meta":{"_et_pb_use_builder":"on","_et_pb_old_content":"","_et_gb_content_width":"","ngg_post_thumbnail":0,"footnotes":""},"aioseo_notices":[],"_links":{"self":[{"href":"https:\/\/blogsaverroes.juntadeandalucia.es\/ceip-constitucion-1978\/wp-json\/wp\/v2\/pages\/1165"}],"collection":[{"href":"https:\/\/blogsaverroes.juntadeandalucia.es\/ceip-constitucion-1978\/wp-json\/wp\/v2\/pages"}],"about":[{"href":"https:\/\/blogsaverroes.juntadeandalucia.es\/ceip-constitucion-1978\/wp-json\/wp\/v2\/types\/page"}],"author":[{"embeddable":true,"href":"https:\/\/blogsaverroes.juntadeandalucia.es\/ceip-constitucion-1978\/wp-json\/wp\/v2\/users\/21080"}],"replies":[{"embeddable":true,"href":"https:\/\/blogsaverroes.juntadeandalucia.es\/ceip-constitucion-1978\/wp-json\/wp\/v2\/comments?post=1165"}],"version-history":[{"count":5,"href":"https:\/\/blogsaverroes.juntadeandalucia.es\/ceip-constitucion-1978\/wp-json\/wp\/v2\/pages\/1165\/revisions"}],"predecessor-version":[{"id":1178,"href":"https:\/\/blogsaverroes.juntadeandalucia.es\/ceip-constitucion-1978\/wp-json\/wp\/v2\/pages\/1165\/revisions\/1178"}],"wp:featuredmedia":[{"embeddable":true,"href":"https:\/\/blogsaverroes.juntadeandalucia.es\/ceip-constitucion-1978\/wp-json\/wp\/v2\/media\/71"}],"wp:attachment":[{"href":"https:\/\/blogsaverroes.juntadeandalucia.es\/ceip-constitucion-1978\/wp-json\/wp\/v2\/media?parent=1165"}],"curies":[{"name":"wp","href":"https:\/\/api.w.org\/{rel}","templated":true}]}}