{"id":1198,"date":"2026-02-16T09:39:46","date_gmt":"2026-02-16T08:39:46","guid":{"rendered":"https:\/\/blogsaverroes.juntadeandalucia.es\/ceip-constitucion-1978\/?page_id=1198"},"modified":"2026-02-16T10:21:47","modified_gmt":"2026-02-16T09:21:47","slug":"proa","status":"publish","type":"page","link":"https:\/\/blogsaverroes.juntadeandalucia.es\/ceip-constitucion-1978\/proa\/","title":{"rendered":"PROA+"},"content":{"rendered":"<p>[et_pb_section fb_built=&#8221;1&#8243; _builder_version=&#8221;4.16&#8243; global_colors_info=&#8221;{}&#8221;][et_pb_row _builder_version=&#8221;4.16&#8243; background_size=&#8221;initial&#8221; background_position=&#8221;top_left&#8221; background_repeat=&#8221;repeat&#8221; global_colors_info=&#8221;{}&#8221;][et_pb_column type=&#8221;4_4&#8243; _builder_version=&#8221;4.16&#8243; custom_padding=&#8221;|||&#8221; global_colors_info=&#8221;{}&#8221; custom_padding__hover=&#8221;|||&#8221;][et_pb_image _builder_version=&#8221;4.24.2&#8243; _module_preset=&#8221;default&#8221; title_text=&#8221;WhatsApp Image 2026-02-16 at 10.19.05&#8243; src=&#8221;https:\/\/blogsaverroes.juntadeandalucia.es\/ceip-constitucion-1978\/files\/2026\/02\/WhatsApp-Image-2026-02-16-at-10.19.05.jpeg&#8221; hover_enabled=&#8221;0&#8243; sticky_enabled=&#8221;0&#8243; admin_label=&#8221;Imagen&#8221;][\/et_pb_image][et_pb_text _builder_version=&#8221;4.24.2&#8243; background_size=&#8221;initial&#8221; background_position=&#8221;top_center&#8221; background_repeat=&#8221;repeat&#8221; hover_enabled=&#8221;0&#8243; global_colors_info=&#8221;{}&#8221; title_text=&#8221;WhatsApp Image 2026-02-16 at 10.19.05&#8243; background_image=&#8221;https:\/\/blogsaverroes.juntadeandalucia.es\/ceip-constitucion-1978\/files\/2026\/02\/WhatsApp-Image-2026-02-16-at-10.19.05.jpeg&#8221; sticky_enabled=&#8221;0&#8243;]<\/p>\n<p>El programa PROA+ (Programa para la orientaci\u00f3n, avance y enriquecimiento educativo) es una iniciativa espa\u00f1ola cofinanciada por la Uni\u00f3n Europea para reducir el abandono escolar y mejorar los resultados de alumnos vulnerables. Apoya a centros con alta complejidad mediante recursos y &#8220;actividades palanca&#8221; (refuerzo, orientaci\u00f3n, mejora del clima escolar), funcionando mediante contratos-programa entre la administraci\u00f3n y los centros.<span class=\"uJ19be notranslate\" data-wiz-uids=\"RFD4hd_e,RFD4hd_f\" data-processed=\"true\"><span class=\"vKEkVd\" data-animation-atomic=\"\" data-wiz-attrbind=\"class=RFD4hd_d\/TKHnVd\" data-processed=\"true\"><span aria-hidden=\"true\" data-processed=\"true\">&nbsp;<\/span><\/span><\/span><\/p>\n<p>[\/et_pb_text][\/et_pb_column][\/et_pb_row][\/et_pb_section]<\/p>\n","protected":false},"excerpt":{"rendered":"<p>El programa PROA+ (Programa para la orientaci\u00f3n, avance y enriquecimiento educativo) es una iniciativa espa\u00f1ola cofinanciada por la Uni\u00f3n Europea para reducir el abandono escolar y mejorar los resultados de alumnos vulnerables. Apoya a centros con alta complejidad mediante recursos y &#8220;actividades palanca&#8221; (refuerzo, orientaci\u00f3n, mejora del clima escolar), funcionando mediante contratos-programa entre la administraci\u00f3n [&hellip;]<\/p>\n","protected":false},"author":21080,"featured_media":0,"parent":0,"menu_order":0,"comment_status":"closed","ping_status":"closed","template":"","meta":{"_et_pb_use_builder":"on","_et_pb_old_content":"<p>El programa PROA+ (Programa para la orientaci\u00f3n, avance y enriquecimiento educativo)\u00a0es una iniciativa espa\u00f1ola cofinanciada por la Uni\u00f3n Europea para reducir el abandono escolar y mejorar los resultados de alumnos vulnerables. Apoya a centros con alta complejidad mediante recursos y \"actividades palanca\" (refuerzo, orientaci\u00f3n, mejora del clima escolar), funcionando mediante contratos-programa entre la administraci\u00f3n y los centros.<span class=\"uJ19be notranslate\" data-wiz-uids=\"RFD4hd_e,RFD4hd_f\" data-processed=\"true\"><span class=\"vKEkVd\" data-animation-atomic=\"\" data-wiz-attrbind=\"class=RFD4hd_d\/TKHnVd\" data-processed=\"true\"><span aria-hidden=\"true\" data-processed=\"true\">\u00a0<\/span><\/span><\/span><\/p>","_et_gb_content_width":"","ngg_post_thumbnail":0,"footnotes":""},"aioseo_notices":[],"_links":{"self":[{"href":"https:\/\/blogsaverroes.juntadeandalucia.es\/ceip-constitucion-1978\/wp-json\/wp\/v2\/pages\/1198"}],"collection":[{"href":"https:\/\/blogsaverroes.juntadeandalucia.es\/ceip-constitucion-1978\/wp-json\/wp\/v2\/pages"}],"about":[{"href":"https:\/\/blogsaverroes.juntadeandalucia.es\/ceip-constitucion-1978\/wp-json\/wp\/v2\/types\/page"}],"author":[{"embeddable":true,"href":"https:\/\/blogsaverroes.juntadeandalucia.es\/ceip-constitucion-1978\/wp-json\/wp\/v2\/users\/21080"}],"replies":[{"embeddable":true,"href":"https:\/\/blogsaverroes.juntadeandalucia.es\/ceip-constitucion-1978\/wp-json\/wp\/v2\/comments?post=1198"}],"version-history":[{"count":3,"href":"https:\/\/blogsaverroes.juntadeandalucia.es\/ceip-constitucion-1978\/wp-json\/wp\/v2\/pages\/1198\/revisions"}],"predecessor-version":[{"id":1267,"href":"https:\/\/blogsaverroes.juntadeandalucia.es\/ceip-constitucion-1978\/wp-json\/wp\/v2\/pages\/1198\/revisions\/1267"}],"wp:attachment":[{"href":"https:\/\/blogsaverroes.juntadeandalucia.es\/ceip-constitucion-1978\/wp-json\/wp\/v2\/media?parent=1198"}],"curies":[{"name":"wp","href":"https:\/\/api.w.org\/{rel}","templated":true}]}}

<p>[et_pb_section fb_built=&#8221;1&#8243; _builder_version=&#8221;4.16&#8243; global_colors_info=&#8221;{}&#8221;][et_pb_row _builder_version=&#8221;4.16&#8243; background_size=&#8221;initial&#8221; background_position=&#8221;top_left&#8221; background_repeat=&#8221;repeat&#8221; global_colors_info=&#8221;{}&#8221;][et_pb_column type=&#8221;4_4&#8243; _builder_version=&#8221;4.16&#8243; custom_padding=&#8221;|||&#8221; global_colors_info=&#8221;{}&#8221; custom_padding__hover=&#8221;|||&#8221;][et_pb_image _builder_version=&#8221;4.24.2&#8243; _module_preset=&#8221;default&#8221; title_text=&#8221;WhatsApp Image 2026-02-16 at 10.19.05&#8243; src=&#8221;https://blogsaverroes.juntadeandalucia.es/ceip-constitucion-1978/files/2026/02/WhatsApp-Image-2026-02-16-at-10.19.05.jpeg&#8221; hover_enabled=&#8221;0&#8243; sticky_enabled=&#8221;0&#8243; admin_label=&#8221;Imagen&#8221;][/et_pb_image][et_pb_text _builder_version=&#8221;4.24.2&#8243; background_size=&#8221;initial&#8221; background_position=&#8221;top_center&#8221; background_repeat=&#8221;repeat&#8221; hover_enabled=&#8221;0&#8243; global_colors_info=&#8221;{}&#8221; title_text=&#8221;WhatsApp Image 2026-02-16 at 10.19.05&#8243; background_image=&#8221;https://blogsaverroes.juntadeandalucia.es/ceip-constitucion-1978/files/2026/02/WhatsApp-Image-2026-02-16-at-10.19.05.jpeg&#8221; sticky_enabled=&#8221;0&#8243;]</p>
<p>El programa PROA+ (Programa para la orientación, avance y enriquecimiento educativo) es una iniciativa española cofinanciada por la Unión Europea para reducir el abandono escolar y mejorar los resultados de alumnos vulnerables. Apoya a centros con alta complejidad mediante recursos y &#8220;actividades palanca&#8221; (refuerzo, orientación, mejora del clima escolar), funcionando mediante contratos-programa entre la administración y los centros.<span class="uJ19be notranslate" data-wiz-uids="RFD4hd_e,RFD4hd_f" data-processed="true"><span class="vKEkVd" data-animation-atomic="" data-wiz-attrbind="class=RFD4hd_d/TKHnVd" data-processed="true"><span aria-hidden="true" data-processed="true">&nbsp;</span></span></span></p>
<p>[/et_pb_text][/et_pb_column][/et_pb_row][/et_pb_section]</p>

<p>El programa PROA+ (Programa para la orientación, avance y enriquecimiento educativo) es una iniciativa española cofinanciada por la Unión Europea para reducir el abandono escolar y mejorar los resultados de alumnos vulnerables. Apoya a centros con alta complejidad mediante recursos y &#8220;actividades palanca&#8221; (refuerzo, orientación, mejora del clima escolar), funcionando mediante contratos-programa entre la administración [&hellip;]</p>

<p>El programa PROA+ (Programa para la orientación, avance y enriquecimiento educativo) es una iniciativa española cofinanciada por la Unión Europea para reducir el abandono escolar y mejorar los resultados de alumnos vulnerables. Apoya a centros con alta complejidad mediante recursos y "actividades palanca" (refuerzo, orientación, mejora del clima escolar), funcionando mediante contratos-programa entre la administración y los centros.<span class="uJ19be notranslate" data-wiz-uids="RFD4hd_e,RFD4hd_f" data-processed="true"><span class="vKEkVd" data-animation-atomic="" data-wiz-attrbind="class=RFD4hd_d/TKHnVd" data-processed="true"><span aria-hidden="true" data-processed="true"> </span></span></span></p>
