{"id":1286,"date":"2026-02-20T10:19:25","date_gmt":"2026-02-20T09:19:25","guid":{"rendered":"https:\/\/blogsaverroes.juntadeandalucia.es\/ceip-constitucion-1978\/?page_id=1286"},"modified":"2026-02-20T10:19:30","modified_gmt":"2026-02-20T09:19:30","slug":"semana-saludable","status":"publish","type":"page","link":"https:\/\/blogsaverroes.juntadeandalucia.es\/ceip-constitucion-1978\/semana-saludable\/","title":{"rendered":"Semana Saludable"},"content":{"rendered":"<p>[et_pb_section fb_built=&#8221;1&#8243; admin_label=&#8221;section&#8221; _builder_version=&#8221;4.16&#8243; global_colors_info=&#8221;{}&#8221;][et_pb_row admin_label=&#8221;row&#8221; _builder_version=&#8221;4.16&#8243; background_size=&#8221;initial&#8221; background_position=&#8221;top_left&#8221; background_repeat=&#8221;repeat&#8221; global_colors_info=&#8221;{}&#8221;][et_pb_column type=&#8221;4_4&#8243; _builder_version=&#8221;4.16&#8243; custom_padding=&#8221;|||&#8221; global_colors_info=&#8221;{}&#8221; custom_padding__hover=&#8221;|||&#8221;][et_pb_text _builder_version=&#8221;4.24.2&#8243; _module_preset=&#8221;default&#8221; hover_enabled=&#8221;0&#8243; sticky_enabled=&#8221;0&#8243;]<\/p>\n<p data-start=\"22\" data-end=\"363\">La <strong data-start=\"25\" data-end=\"45\">Semana Saludable<\/strong> es una iniciativa que celebramos cada curso en el colegio con gran ilusi\u00f3n. Durante estos d\u00edas, todo el alumnado participa en diferentes talleres y actividades adaptadas a cada etapa educativa, con el objetivo de fomentar h\u00e1bitos de vida saludable y concienciar sobre la importancia del cuidado del cuerpo y la mente.<\/p>\n<p data-start=\"365\" data-end=\"501\">Este curso hemos celebrado la <strong data-start=\"395\" data-end=\"417\">V Semana Saludable<\/strong>, una edici\u00f3n muy especial en la que cada nivel ha trabajado contenidos espec\u00edficos:<\/p>\n<ul data-start=\"503\" data-end=\"1322\">\n<li data-start=\"503\" data-end=\"684\">\n<p data-start=\"505\" data-end=\"684\"><strong data-start=\"505\" data-end=\"528\">Educaci\u00f3n Infantil:<\/strong> Taller sobre <em data-start=\"542\" data-end=\"569\">H\u00e1bitos de vida saludable<\/em>, donde los m\u00e1s peque\u00f1os han aprendido la importancia de una buena alimentaci\u00f3n, el descanso y la higiene diaria.<\/p>\n<\/li>\n<li data-start=\"685\" data-end=\"818\">\n<p data-start=\"687\" data-end=\"818\"><strong data-start=\"687\" data-end=\"716\">1\u00ba de Educaci\u00f3n Primaria:<\/strong> <em data-start=\"717\" data-end=\"737\">Higiene bucodental<\/em>, con actividades pr\u00e1cticas para conocer c\u00f3mo cuidar correctamente sus dientes.<\/p>\n<\/li>\n<li data-start=\"819\" data-end=\"958\">\n<p data-start=\"821\" data-end=\"958\"><strong data-start=\"821\" data-end=\"850\">2\u00ba de Educaci\u00f3n Primaria:<\/strong> <em data-start=\"851\" data-end=\"881\">Taller de desayuno saludable<\/em>, destacando la importancia de comenzar el d\u00eda con un desayuno equilibrado.<\/p>\n<\/li>\n<li data-start=\"959\" data-end=\"1133\">\n<p data-start=\"961\" data-end=\"1133\"><strong data-start=\"961\" data-end=\"995\">3\u00ba y 4\u00ba de Educaci\u00f3n Primaria:<\/strong> <em data-start=\"996\" data-end=\"1023\">Sem\u00e1foro de los alimentos<\/em>, aprendiendo a clasificar los alimentos seg\u00fan su frecuencia de consumo y a tomar decisiones m\u00e1s saludables.<\/p>\n<\/li>\n<li data-start=\"1134\" data-end=\"1322\">\n<p data-start=\"1136\" data-end=\"1322\"><strong data-start=\"1136\" data-end=\"1170\">5\u00ba y 6\u00ba de Educaci\u00f3n Primaria:<\/strong> <em data-start=\"1171\" data-end=\"1189\">Taller de R.C.P.<\/em>, donde el alumnado ha adquirido nociones b\u00e1sicas de reanimaci\u00f3n cardiopulmonar y la importancia de saber actuar ante una emergencia.<\/p>\n<\/li>\n<\/ul>\n<p data-start=\"1324\" data-end=\"1509\" data-is-last-node=\"\" data-is-only-node=\"\">La Semana Saludable es una experiencia enriquecedora que combina aprendizaje y pr\u00e1ctica, reforzando nuestro compromiso con la educaci\u00f3n integral y el bienestar de todo nuestro alumnado.<\/p>\n<p>[\/et_pb_text][et_pb_gallery _builder_version=&#8221;4.24.2&#8243; _module_preset=&#8221;default&#8221; gallery_ids=&#8221;1289,1290,1291,1292,1293,1294&#8243; show_title_and_caption=&#8221;off&#8221; hover_enabled=&#8221;0&#8243; sticky_enabled=&#8221;0&#8243;][\/et_pb_gallery][\/et_pb_column][\/et_pb_row][\/et_pb_section]<\/p>\n","protected":false},"excerpt":{"rendered":"<p>La Semana Saludable es una iniciativa que celebramos cada curso en el colegio con gran ilusi\u00f3n. Durante estos d\u00edas, todo el alumnado participa en diferentes talleres y actividades adaptadas a cada etapa educativa, con el objetivo de fomentar h\u00e1bitos de vida saludable y concienciar sobre la importancia del cuidado del cuerpo y la mente. Este [&hellip;]<\/p>\n","protected":false},"author":21080,"featured_media":0,"parent":0,"menu_order":0,"comment_status":"closed","ping_status":"closed","template":"","meta":{"_et_pb_use_builder":"on","_et_pb_old_content":"","_et_gb_content_width":"","ngg_post_thumbnail":0,"footnotes":""},"aioseo_notices":[],"_links":{"self":[{"href":"https:\/\/blogsaverroes.juntadeandalucia.es\/ceip-constitucion-1978\/wp-json\/wp\/v2\/pages\/1286"}],"collection":[{"href":"https:\/\/blogsaverroes.juntadeandalucia.es\/ceip-constitucion-1978\/wp-json\/wp\/v2\/pages"}],"about":[{"href":"https:\/\/blogsaverroes.juntadeandalucia.es\/ceip-constitucion-1978\/wp-json\/wp\/v2\/types\/page"}],"author":[{"embeddable":true,"href":"https:\/\/blogsaverroes.juntadeandalucia.es\/ceip-constitucion-1978\/wp-json\/wp\/v2\/users\/21080"}],"replies":[{"embeddable":true,"href":"https:\/\/blogsaverroes.juntadeandalucia.es\/ceip-constitucion-1978\/wp-json\/wp\/v2\/comments?post=1286"}],"version-history":[{"count":2,"href":"https:\/\/blogsaverroes.juntadeandalucia.es\/ceip-constitucion-1978\/wp-json\/wp\/v2\/pages\/1286\/revisions"}],"predecessor-version":[{"id":1295,"href":"https:\/\/blogsaverroes.juntadeandalucia.es\/ceip-constitucion-1978\/wp-json\/wp\/v2\/pages\/1286\/revisions\/1295"}],"wp:attachment":[{"href":"https:\/\/blogsaverroes.juntadeandalucia.es\/ceip-constitucion-1978\/wp-json\/wp\/v2\/media?parent=1286"}],"curies":[{"name":"wp","href":"https:\/\/api.w.org\/{rel}","templated":true}]}}