{"id":1311,"date":"2026-03-04T09:48:05","date_gmt":"2026-03-04T08:48:05","guid":{"rendered":"https:\/\/blogsaverroes.juntadeandalucia.es\/ceip-constitucion-1978\/?page_id=1311"},"modified":"2026-03-04T09:48:05","modified_gmt":"2026-03-04T08:48:05","slug":"proa-pali-prex","status":"publish","type":"page","link":"https:\/\/blogsaverroes.juntadeandalucia.es\/ceip-constitucion-1978\/proa-pali-prex\/","title":{"rendered":"PROA-PALI-PREX"},"content":{"rendered":"<p>PROA, PALI y PREX son programas educativos de la&nbsp;<span data-sfc-cb=\"\" data-processed=\"true\"><a class=\"H23r4e\" href=\"https:\/\/www.juntadeandalucia.es\/educacion\/portales\/web\/planes-y-programas\/programas-desarrollo-educativo\/proa\/presentacion\" target=\"_blank\" rel=\"noopener\" data-processed=\"true\">Junta de Andaluc\u00eda<\/a><\/span>&nbsp;enfocados en mejorar el \u00e9xito escolar, la equidad y el refuerzo de competencias. PROA se centra en el refuerzo general (primaria\/secundaria), PALI en el acompa\u00f1amiento ling\u00fc\u00edstico para alumnado inmigrante, y PREX en el refuerzo de lengua extranjera en centros no biling\u00fces.<\/p>\n<ul class=\"KsbFXc U6u95\" data-sfc-cb=\"\" data-processed=\"true\">\n<li class=\"dF3vjf\" data-sfc-cb=\"\" data-hveid=\"CAIQAA\" data-processed=\"true\"><span class=\"T286Pc\" data-sfc-cp=\"\" data-sfc-cb=\"\" data-processed=\"true\"><strong class=\"Yjhzub\" data-sfc-cb=\"\" data-processed=\"true\"><span data-wiz-uids=\"Odq3Lc_n\" data-sfc-cb=\"\" data-processed=\"true\"><a class=\"GI370e\" href=\"https:\/\/www.google.com\/search?q=PROA+%28Programa+de+Refuerzo%2C+Orientaci%C3%B3n+y+Apoyo%29&amp;sca_esv=b99d1670b8afc25c&amp;rlz=1C5CHFA_enES917ES917&amp;ei=E_Gnae-SLKOgkdUPxc3XyQE&amp;biw=1440&amp;bih=676&amp;ved=2ahUKEwjzgePD7YWTAxVAVKQEHZFrBWIQgK4QegQIAhAB&amp;uact=5&amp;oq=PROA-PALI-PREX&amp;gs_lp=Egxnd3Mtd2l6LXNlcnAiDlBST0EtUEFMSS1QUkVYMgUQABjvBTIIEAAYgAQYogQyCBAAGKIEGIkFSOtRUIwWWNxOcAJ4AZABAJgBowGgAdoJqgEDNS42uAEDyAEA-AEBmAINoAK7CsICChAAGLADGNYEGEfCAg0QABiABBiwAxhDGIoFwgICECbCAgQQABgewgIGEAAYBRgewgIGEAAYCBgemAMAiAYBkAYKkgcDNS44oAfbIbIHAzMuOLgHqArCBwYyLTEyLjHIB0SACAA&amp;sclient=gws-wiz-serp&amp;safe=active&amp;ssui=on&amp;mstk=AUtExfAzz8fWnnpcV3RofFFPtzTUJQ8u2ih-DANYV_kxkDDGcMf69GwMsghFHIUyu25yzxd3wF7INlDPgjpuZHW0UI00qcp3w2Flq_rm1MnJGPcm54kSyb6sG1jzWabEGELXUn4&amp;csui=3\" data-ved=\"2ahUKEwjzgePD7YWTAxVAVKQEHZFrBWIQgK4QegQIAhAB\" data-hveid=\"CAIQAQ\" data-processed=\"true\">PROA (Programa de Refuerzo, Orientaci\u00f3n y Apoyo)<\/a><\/span>:<\/strong> Busca evitar el abandono escolar temprano mediante acciones de refuerzo educativo y apoyo en centros p\u00fablicos. Incluye medidas como PARCEP (Primaria) y acompa\u00f1amiento domiciliario.<\/span><\/li>\n<li class=\"dF3vjf\" data-sfc-cb=\"\" data-hveid=\"CAIQAg\" data-processed=\"true\"><span class=\"T286Pc\" data-sfc-cp=\"\" data-sfc-cb=\"\" data-processed=\"true\"><strong class=\"Yjhzub\" data-sfc-cb=\"\" data-processed=\"true\"><span data-wiz-uids=\"Odq3Lc_s\" data-sfc-cb=\"\" data-processed=\"true\"><a class=\"GI370e\" href=\"https:\/\/www.google.com\/search?q=PALI+%28Programa+de+Acompa%C3%B1amiento+Ling%C3%BC%C3%ADstico+para+Alumnado+Inmigrante%29&amp;sca_esv=b99d1670b8afc25c&amp;rlz=1C5CHFA_enES917ES917&amp;ei=E_Gnae-SLKOgkdUPxc3XyQE&amp;biw=1440&amp;bih=676&amp;ved=2ahUKEwjzgePD7YWTAxVAVKQEHZFrBWIQgK4QegQIAhAD&amp;uact=5&amp;oq=PROA-PALI-PREX&amp;gs_lp=Egxnd3Mtd2l6LXNlcnAiDlBST0EtUEFMSS1QUkVYMgUQABjvBTIIEAAYgAQYogQyCBAAGKIEGIkFSOtRUIwWWNxOcAJ4AZABAJgBowGgAdoJqgEDNS42uAEDyAEA-AEBmAINoAK7CsICChAAGLADGNYEGEfCAg0QABiABBiwAxhDGIoFwgICECbCAgQQABgewgIGEAAYBRgewgIGEAAYCBgemAMAiAYBkAYKkgcDNS44oAfbIbIHAzMuOLgHqArCBwYyLTEyLjHIB0SACAA&amp;sclient=gws-wiz-serp&amp;safe=active&amp;ssui=on&amp;mstk=AUtExfAzz8fWnnpcV3RofFFPtzTUJQ8u2ih-DANYV_kxkDDGcMf69GwMsghFHIUyu25yzxd3wF7INlDPgjpuZHW0UI00qcp3w2Flq_rm1MnJGPcm54kSyb6sG1jzWabEGELXUn4&amp;csui=3\" data-ved=\"2ahUKEwjzgePD7YWTAxVAVKQEHZFrBWIQgK4QegQIAhAD\" data-hveid=\"CAIQAw\" data-processed=\"true\">PALI (Programa de Acompa\u00f1amiento Ling\u00fc\u00edstico para Alumnado Inmigrante)<\/a><\/span>:<\/strong>&nbsp;Actuaci\u00f3n dentro de PROA destinada a mejorar el uso del espa\u00f1ol como lengua vehicular para mejorar la integraci\u00f3n social y acad\u00e9mica.<\/span><\/li>\n<li class=\"dF3vjf\" data-sfc-cb=\"\" data-hveid=\"CAIQBA\" data-processed=\"true\"><span class=\"T286Pc\" data-sfc-cp=\"\" data-sfc-cb=\"\" data-processed=\"true\"><strong class=\"Yjhzub\" data-sfc-cb=\"\" data-processed=\"true\"><span data-wiz-uids=\"Odq3Lc_x\" data-sfc-cb=\"\" data-processed=\"true\"><a class=\"GI370e\" href=\"https:\/\/www.google.com\/search?q=PREX+%28Programa+de+Refuerzo+de+la+Lengua+Extranjera%29&amp;sca_esv=b99d1670b8afc25c&amp;rlz=1C5CHFA_enES917ES917&amp;ei=E_Gnae-SLKOgkdUPxc3XyQE&amp;biw=1440&amp;bih=676&amp;ved=2ahUKEwjzgePD7YWTAxVAVKQEHZFrBWIQgK4QegQIAhAF&amp;uact=5&amp;oq=PROA-PALI-PREX&amp;gs_lp=Egxnd3Mtd2l6LXNlcnAiDlBST0EtUEFMSS1QUkVYMgUQABjvBTIIEAAYgAQYogQyCBAAGKIEGIkFSOtRUIwWWNxOcAJ4AZABAJgBowGgAdoJqgEDNS42uAEDyAEA-AEBmAINoAK7CsICChAAGLADGNYEGEfCAg0QABiABBiwAxhDGIoFwgICECbCAgQQABgewgIGEAAYBRgewgIGEAAYCBgemAMAiAYBkAYKkgcDNS44oAfbIbIHAzMuOLgHqArCBwYyLTEyLjHIB0SACAA&amp;sclient=gws-wiz-serp&amp;safe=active&amp;ssui=on&amp;mstk=AUtExfAzz8fWnnpcV3RofFFPtzTUJQ8u2ih-DANYV_kxkDDGcMf69GwMsghFHIUyu25yzxd3wF7INlDPgjpuZHW0UI00qcp3w2Flq_rm1MnJGPcm54kSyb6sG1jzWabEGELXUn4&amp;csui=3\" data-ved=\"2ahUKEwjzgePD7YWTAxVAVKQEHZFrBWIQgK4QegQIAhAF\" data-hveid=\"CAIQBQ\" data-processed=\"true\">PREX (Programa de Refuerzo de la Lengua Extranjera)<\/a><\/span>:<\/strong>&nbsp;Dirigido a mejorar la competencia comunicativa (comprensi\u00f3n y expresi\u00f3n oral) en primera lengua extranjera en centros de educaci\u00f3n primaria no biling\u00fces, con prioridad en zonas con oferta limitada de actividades extraescolares.<\/span><\/li>\n<\/ul>\n<p>Estos programas cofinanciados con Fondos Sociales Europeos buscan asegurar la igualdad de oportunidades y la mejora del rendimiento acad\u00e9mico.<\/p>\n","protected":false},"excerpt":{"rendered":"<p>PROA, PALI y PREX son programas educativos de la&nbsp;Junta de Andaluc\u00eda&nbsp;enfocados en mejorar el \u00e9xito escolar, la equidad y el refuerzo de competencias. PROA se centra en el refuerzo general (primaria\/secundaria), PALI en el acompa\u00f1amiento ling\u00fc\u00edstico para alumnado inmigrante, y PREX en el refuerzo de lengua extranjera en centros no biling\u00fces. PROA (Programa de Refuerzo, [&hellip;]<\/p>\n","protected":false},"author":21080,"featured_media":0,"parent":0,"menu_order":0,"comment_status":"closed","ping_status":"closed","template":"","meta":{"_et_pb_use_builder":"","_et_pb_old_content":"","_et_gb_content_width":"","ngg_post_thumbnail":0,"footnotes":""},"aioseo_notices":[],"_links":{"self":[{"href":"https:\/\/blogsaverroes.juntadeandalucia.es\/ceip-constitucion-1978\/wp-json\/wp\/v2\/pages\/1311"}],"collection":[{"href":"https:\/\/blogsaverroes.juntadeandalucia.es\/ceip-constitucion-1978\/wp-json\/wp\/v2\/pages"}],"about":[{"href":"https:\/\/blogsaverroes.juntadeandalucia.es\/ceip-constitucion-1978\/wp-json\/wp\/v2\/types\/page"}],"author":[{"embeddable":true,"href":"https:\/\/blogsaverroes.juntadeandalucia.es\/ceip-constitucion-1978\/wp-json\/wp\/v2\/users\/21080"}],"replies":[{"embeddable":true,"href":"https:\/\/blogsaverroes.juntadeandalucia.es\/ceip-constitucion-1978\/wp-json\/wp\/v2\/comments?post=1311"}],"version-history":[{"count":1,"href":"https:\/\/blogsaverroes.juntadeandalucia.es\/ceip-constitucion-1978\/wp-json\/wp\/v2\/pages\/1311\/revisions"}],"predecessor-version":[{"id":1312,"href":"https:\/\/blogsaverroes.juntadeandalucia.es\/ceip-constitucion-1978\/wp-json\/wp\/v2\/pages\/1311\/revisions\/1312"}],"wp:attachment":[{"href":"https:\/\/blogsaverroes.juntadeandalucia.es\/ceip-constitucion-1978\/wp-json\/wp\/v2\/media?parent=1311"}],"curies":[{"name":"wp","href":"https:\/\/api.w.org\/{rel}","templated":true}]}}

<p>PROA, PALI y PREX son programas educativos de la&nbsp;<span data-sfc-cb="" data-processed="true"><a class="H23r4e" href="https://www.juntadeandalucia.es/educacion/portales/web/planes-y-programas/programas-desarrollo-educativo/proa/presentacion" target="_blank" rel="noopener" data-processed="true">Junta de Andalucía</a></span>&nbsp;enfocados en mejorar el éxito escolar, la equidad y el refuerzo de competencias. PROA se centra en el refuerzo general (primaria/secundaria), PALI en el acompañamiento lingüístico para alumnado inmigrante, y PREX en el refuerzo de lengua extranjera en centros no bilingües.</p>
<ul class="KsbFXc U6u95" data-sfc-cb="" data-processed="true">
<li class="dF3vjf" data-sfc-cb="" data-hveid="CAIQAA" data-processed="true"><span class="T286Pc" data-sfc-cp="" data-sfc-cb="" data-processed="true"><strong class="Yjhzub" data-sfc-cb="" data-processed="true"><span data-wiz-uids="Odq3Lc_n" data-sfc-cb="" data-processed="true"><a class="GI370e" href="https://www.google.com/search?q=PROA+%28Programa+de+Refuerzo%2C+Orientaci%C3%B3n+y+Apoyo%29&amp;sca_esv=b99d1670b8afc25c&amp;rlz=1C5CHFA_enES917ES917&amp;ei=E_Gnae-SLKOgkdUPxc3XyQE&amp;biw=1440&amp;bih=676&amp;ved=2ahUKEwjzgePD7YWTAxVAVKQEHZFrBWIQgK4QegQIAhAB&amp;uact=5&amp;oq=PROA-PALI-PREX&amp;gs_lp=Egxnd3Mtd2l6LXNlcnAiDlBST0EtUEFMSS1QUkVYMgUQABjvBTIIEAAYgAQYogQyCBAAGKIEGIkFSOtRUIwWWNxOcAJ4AZABAJgBowGgAdoJqgEDNS42uAEDyAEA-AEBmAINoAK7CsICChAAGLADGNYEGEfCAg0QABiABBiwAxhDGIoFwgICECbCAgQQABgewgIGEAAYBRgewgIGEAAYCBgemAMAiAYBkAYKkgcDNS44oAfbIbIHAzMuOLgHqArCBwYyLTEyLjHIB0SACAA&amp;sclient=gws-wiz-serp&amp;safe=active&amp;ssui=on&amp;mstk=AUtExfAzz8fWnnpcV3RofFFPtzTUJQ8u2ih-DANYV_kxkDDGcMf69GwMsghFHIUyu25yzxd3wF7INlDPgjpuZHW0UI00qcp3w2Flq_rm1MnJGPcm54kSyb6sG1jzWabEGELXUn4&amp;csui=3" data-ved="2ahUKEwjzgePD7YWTAxVAVKQEHZFrBWIQgK4QegQIAhAB" data-hveid="CAIQAQ" data-processed="true">PROA (Programa de Refuerzo, Orientación y Apoyo)</a></span>:</strong> Busca evitar el abandono escolar temprano mediante acciones de refuerzo educativo y apoyo en centros públicos. Incluye medidas como PARCEP (Primaria) y acompañamiento domiciliario.</span></li>
<li class="dF3vjf" data-sfc-cb="" data-hveid="CAIQAg" data-processed="true"><span class="T286Pc" data-sfc-cp="" data-sfc-cb="" data-processed="true"><strong class="Yjhzub" data-sfc-cb="" data-processed="true"><span data-wiz-uids="Odq3Lc_s" data-sfc-cb="" data-processed="true"><a class="GI370e" href="https://www.google.com/search?q=PALI+%28Programa+de+Acompa%C3%B1amiento+Ling%C3%BC%C3%ADstico+para+Alumnado+Inmigrante%29&amp;sca_esv=b99d1670b8afc25c&amp;rlz=1C5CHFA_enES917ES917&amp;ei=E_Gnae-SLKOgkdUPxc3XyQE&amp;biw=1440&amp;bih=676&amp;ved=2ahUKEwjzgePD7YWTAxVAVKQEHZFrBWIQgK4QegQIAhAD&amp;uact=5&amp;oq=PROA-PALI-PREX&amp;gs_lp=Egxnd3Mtd2l6LXNlcnAiDlBST0EtUEFMSS1QUkVYMgUQABjvBTIIEAAYgAQYogQyCBAAGKIEGIkFSOtRUIwWWNxOcAJ4AZABAJgBowGgAdoJqgEDNS42uAEDyAEA-AEBmAINoAK7CsICChAAGLADGNYEGEfCAg0QABiABBiwAxhDGIoFwgICECbCAgQQABgewgIGEAAYBRgewgIGEAAYCBgemAMAiAYBkAYKkgcDNS44oAfbIbIHAzMuOLgHqArCBwYyLTEyLjHIB0SACAA&amp;sclient=gws-wiz-serp&amp;safe=active&amp;ssui=on&amp;mstk=AUtExfAzz8fWnnpcV3RofFFPtzTUJQ8u2ih-DANYV_kxkDDGcMf69GwMsghFHIUyu25yzxd3wF7INlDPgjpuZHW0UI00qcp3w2Flq_rm1MnJGPcm54kSyb6sG1jzWabEGELXUn4&amp;csui=3" data-ved="2ahUKEwjzgePD7YWTAxVAVKQEHZFrBWIQgK4QegQIAhAD" data-hveid="CAIQAw" data-processed="true">PALI (Programa de Acompañamiento Lingüístico para Alumnado Inmigrante)</a></span>:</strong>&nbsp;Actuación dentro de PROA destinada a mejorar el uso del español como lengua vehicular para mejorar la integración social y académica.</span></li>
<li class="dF3vjf" data-sfc-cb="" data-hveid="CAIQBA" data-processed="true"><span class="T286Pc" data-sfc-cp="" data-sfc-cb="" data-processed="true"><strong class="Yjhzub" data-sfc-cb="" data-processed="true"><span data-wiz-uids="Odq3Lc_x" data-sfc-cb="" data-processed="true"><a class="GI370e" href="https://www.google.com/search?q=PREX+%28Programa+de+Refuerzo+de+la+Lengua+Extranjera%29&amp;sca_esv=b99d1670b8afc25c&amp;rlz=1C5CHFA_enES917ES917&amp;ei=E_Gnae-SLKOgkdUPxc3XyQE&amp;biw=1440&amp;bih=676&amp;ved=2ahUKEwjzgePD7YWTAxVAVKQEHZFrBWIQgK4QegQIAhAF&amp;uact=5&amp;oq=PROA-PALI-PREX&amp;gs_lp=Egxnd3Mtd2l6LXNlcnAiDlBST0EtUEFMSS1QUkVYMgUQABjvBTIIEAAYgAQYogQyCBAAGKIEGIkFSOtRUIwWWNxOcAJ4AZABAJgBowGgAdoJqgEDNS42uAEDyAEA-AEBmAINoAK7CsICChAAGLADGNYEGEfCAg0QABiABBiwAxhDGIoFwgICECbCAgQQABgewgIGEAAYBRgewgIGEAAYCBgemAMAiAYBkAYKkgcDNS44oAfbIbIHAzMuOLgHqArCBwYyLTEyLjHIB0SACAA&amp;sclient=gws-wiz-serp&amp;safe=active&amp;ssui=on&amp;mstk=AUtExfAzz8fWnnpcV3RofFFPtzTUJQ8u2ih-DANYV_kxkDDGcMf69GwMsghFHIUyu25yzxd3wF7INlDPgjpuZHW0UI00qcp3w2Flq_rm1MnJGPcm54kSyb6sG1jzWabEGELXUn4&amp;csui=3" data-ved="2ahUKEwjzgePD7YWTAxVAVKQEHZFrBWIQgK4QegQIAhAF" data-hveid="CAIQBQ" data-processed="true">PREX (Programa de Refuerzo de la Lengua Extranjera)</a></span>:</strong>&nbsp;Dirigido a mejorar la competencia comunicativa (comprensión y expresión oral) en primera lengua extranjera en centros de educación primaria no bilingües, con prioridad en zonas con oferta limitada de actividades extraescolares.</span></li>
</ul>
<p>Estos programas cofinanciados con Fondos Sociales Europeos buscan asegurar la igualdad de oportunidades y la mejora del rendimiento académico.</p>

<p>PROA, PALI y PREX son programas educativos de la&nbsp;Junta de Andalucía&nbsp;enfocados en mejorar el éxito escolar, la equidad y el refuerzo de competencias. PROA se centra en el refuerzo general (primaria/secundaria), PALI en el acompañamiento lingüístico para alumnado inmigrante, y PREX en el refuerzo de lengua extranjera en centros no bilingües. PROA (Programa de Refuerzo, [&hellip;]</p>
