{"id":39,"date":"2020-01-09T12:44:11","date_gmt":"2020-01-09T11:44:11","guid":{"rendered":"http:\/\/blogsaverroes.juntadeandalucia.es\/pre\/nuevoceip2v2\/?page_id=39"},"modified":"2024-09-03T06:25:12","modified_gmt":"2024-09-03T05:25:12","slug":"comedor-escolar","status":"publish","type":"page","link":"https:\/\/blogsaverroes.juntadeandalucia.es\/ceip-el-carambolo\/comedor-escolar\/","title":{"rendered":"Comedor escolar"},"content":{"rendered":"<p>[et_pb_section fb_built=&#8221;1&#8243; _builder_version=&#8221;4.16&#8243; custom_padding=&#8221;0px||0px|&#8221; z_index_tablet=&#8221;500&#8243; box_shadow_horizontal_tablet=&#8221;0px&#8221; box_shadow_vertical_tablet=&#8221;0px&#8221; box_shadow_blur_tablet=&#8221;40px&#8221; box_shadow_spread_tablet=&#8221;0px&#8221; global_colors_info=&#8221;{}&#8221;][et_pb_row _builder_version=&#8221;4.16&#8243; background_size=&#8221;initial&#8221; background_position=&#8221;top_left&#8221; background_repeat=&#8221;repeat&#8221; global_colors_info=&#8221;{}&#8221;][et_pb_column type=&#8221;4_4&#8243; _builder_version=&#8221;4.16&#8243; custom_padding=&#8221;|||&#8221; global_colors_info=&#8221;{}&#8221; custom_padding__hover=&#8221;|||&#8221;][et_pb_image src=&#8221;https:\/\/blogsaverroes.juntadeandalucia.es\/ceip-el-carambolo\/files\/2020\/01\/cabecera-interior-2-1.jpg&#8221; title_text=&#8221;cabecera-interior-2-1&#8243; admin_label=&#8221;Imagen de la portada&#8221; _builder_version=&#8221;4.16&#8243; z_index_tablet=&#8221;500&#8243; box_shadow_horizontal_tablet=&#8221;0px&#8221; box_shadow_vertical_tablet=&#8221;0px&#8221; box_shadow_blur_tablet=&#8221;40px&#8221; box_shadow_spread_tablet=&#8221;0px&#8221; global_colors_info=&#8221;{}&#8221;][\/et_pb_image][et_pb_text _builder_version=&#8221;4.24.2&#8243; _module_preset=&#8221;default&#8221; hover_enabled=&#8221;0&#8243; global_colors_info=&#8221;{}&#8221; sticky_enabled=&#8221;0&#8243;]<\/p>\n<p><span style=\"font-weight: 400\">El Comedor ha sido otro de los logros conseguidos como consecuencia de nuestra participaci\u00f3n en el Plan de Familia. Una media de 80 ni\u00f1os y ni\u00f1as vienen benefici\u00e1ndose de este servicio.<\/span><\/p>\n<p><span style=\"font-weight: 400\">El sal\u00f3n de comedor, antiguamente era una sala de Usos M\u00faltiples y la cocina anexa se utilizaba como biblioteca.<\/span><\/p>\n<p><span style=\"font-weight: 400\">Durante el periodo <strong>de 14:00 horas a 16:00 horas<\/strong>, el alumnado que disfruta del comedor, una vez que han finalizado el almuerzo, puede jugar en diferentes zonas del patio y a diferentes actividades (juegos de pelota, ajedrez, dibujo,&#8230;).<\/span><\/p>\n<p><span style=\"font-weight: 400\"><strong> Cuatro monitoras<\/strong> se&nbsp; encargan del correcto funcionamiento del comedor, siendo una de ellas la Coordinadora.<\/span><\/p>\n<p><span style=\"font-weight: 400\">La <strong>coordinadora<\/strong> del Plan de Apertura es la <strong>Directora<\/strong> del Centro, Mar\u00eda Jos\u00e9. <\/span><\/p>\n<p><span style=\"font-weight: 400\">Durante el presente curso la empresa que lleva el comedor es el <strong>Catering Hermanos Gonz\u00e1lez.<\/strong><\/span><\/p>\n<p>El comedor c<strong>omienza el martes 10 de septiembre<\/strong>, primer d\u00eda de clase para el alumnado.<\/p>\n<p>[\/et_pb_text][et_pb_text _builder_version=&#8221;4.24.2&#8243; _module_preset=&#8221;default&#8221; global_colors_info=&#8221;{}&#8221;]<\/p>\n<p><a href=\"https:\/\/drive.google.com\/file\/d\/1Y-gpZ89nvfSiLpOfVgVQ3PvQUuKsG8JH\/view?usp=drive_link\">Circular informativa<\/a><\/p>\n<p>[\/et_pb_text][\/et_pb_column][\/et_pb_row][\/et_pb_section]<\/p>\n","protected":false},"excerpt":{"rendered":"<p>El Comedor ha sido otro de los logros conseguidos como consecuencia de nuestra participaci\u00f3n en el Plan de Familia. Una media de 80 ni\u00f1os y ni\u00f1as vienen benefici\u00e1ndose de este servicio. El sal\u00f3n de comedor, antiguamente era una sala de Usos M\u00faltiples y la cocina anexa se utilizaba como biblioteca. Durante el periodo de 14:00 [&hellip;]<\/p>\n","protected":false},"author":7051,"featured_media":0,"parent":0,"menu_order":0,"comment_status":"closed","ping_status":"closed","template":"","meta":{"_et_pb_use_builder":"on","_et_pb_old_content":"","_et_gb_content_width":"","ngg_post_thumbnail":0,"footnotes":""},"aioseo_notices":[],"_links":{"self":[{"href":"https:\/\/blogsaverroes.juntadeandalucia.es\/ceip-el-carambolo\/wp-json\/wp\/v2\/pages\/39"}],"collection":[{"href":"https:\/\/blogsaverroes.juntadeandalucia.es\/ceip-el-carambolo\/wp-json\/wp\/v2\/pages"}],"about":[{"href":"https:\/\/blogsaverroes.juntadeandalucia.es\/ceip-el-carambolo\/wp-json\/wp\/v2\/types\/page"}],"author":[{"embeddable":true,"href":"https:\/\/blogsaverroes.juntadeandalucia.es\/ceip-el-carambolo\/wp-json\/wp\/v2\/users\/7051"}],"replies":[{"embeddable":true,"href":"https:\/\/blogsaverroes.juntadeandalucia.es\/ceip-el-carambolo\/wp-json\/wp\/v2\/comments?post=39"}],"version-history":[{"count":4,"href":"https:\/\/blogsaverroes.juntadeandalucia.es\/ceip-el-carambolo\/wp-json\/wp\/v2\/pages\/39\/revisions"}],"predecessor-version":[{"id":674,"href":"https:\/\/blogsaverroes.juntadeandalucia.es\/ceip-el-carambolo\/wp-json\/wp\/v2\/pages\/39\/revisions\/674"}],"wp:attachment":[{"href":"https:\/\/blogsaverroes.juntadeandalucia.es\/ceip-el-carambolo\/wp-json\/wp\/v2\/media?parent=39"}],"curies":[{"name":"wp","href":"https:\/\/api.w.org\/{rel}","templated":true}]}}

<p>[et_pb_section fb_built=&#8221;1&#8243; _builder_version=&#8221;4.16&#8243; custom_padding=&#8221;0px||0px|&#8221; z_index_tablet=&#8221;500&#8243; box_shadow_horizontal_tablet=&#8221;0px&#8221; box_shadow_vertical_tablet=&#8221;0px&#8221; box_shadow_blur_tablet=&#8221;40px&#8221; box_shadow_spread_tablet=&#8221;0px&#8221; global_colors_info=&#8221;{}&#8221;][et_pb_row _builder_version=&#8221;4.16&#8243; background_size=&#8221;initial&#8221; background_position=&#8221;top_left&#8221; background_repeat=&#8221;repeat&#8221; global_colors_info=&#8221;{}&#8221;][et_pb_column type=&#8221;4_4&#8243; _builder_version=&#8221;4.16&#8243; custom_padding=&#8221;|||&#8221; global_colors_info=&#8221;{}&#8221; custom_padding__hover=&#8221;|||&#8221;][et_pb_image src=&#8221;https://blogsaverroes.juntadeandalucia.es/ceip-el-carambolo/files/2020/01/cabecera-interior-2-1.jpg&#8221; title_text=&#8221;cabecera-interior-2-1&#8243; admin_label=&#8221;Imagen de la portada&#8221; _builder_version=&#8221;4.16&#8243; z_index_tablet=&#8221;500&#8243; box_shadow_horizontal_tablet=&#8221;0px&#8221; box_shadow_vertical_tablet=&#8221;0px&#8221; box_shadow_blur_tablet=&#8221;40px&#8221; box_shadow_spread_tablet=&#8221;0px&#8221; global_colors_info=&#8221;{}&#8221;][/et_pb_image][et_pb_text _builder_version=&#8221;4.24.2&#8243; _module_preset=&#8221;default&#8221; hover_enabled=&#8221;0&#8243; global_colors_info=&#8221;{}&#8221; sticky_enabled=&#8221;0&#8243;]</p>
<p><span style="font-weight: 400">El Comedor ha sido otro de los logros conseguidos como consecuencia de nuestra participación en el Plan de Familia. Una media de 80 niños y niñas vienen beneficiándose de este servicio.</span></p>
<p><span style="font-weight: 400">El salón de comedor, antiguamente era una sala de Usos Múltiples y la cocina anexa se utilizaba como biblioteca.</span></p>
<p><span style="font-weight: 400">Durante el periodo <strong>de 14:00 horas a 16:00 horas</strong>, el alumnado que disfruta del comedor, una vez que han finalizado el almuerzo, puede jugar en diferentes zonas del patio y a diferentes actividades (juegos de pelota, ajedrez, dibujo,&#8230;).</span></p>
<p><span style="font-weight: 400"><strong> Cuatro monitoras</strong> se&nbsp; encargan del correcto funcionamiento del comedor, siendo una de ellas la Coordinadora.</span></p>
<p><span style="font-weight: 400">La <strong>coordinadora</strong> del Plan de Apertura es la <strong>Directora</strong> del Centro, María José. </span></p>
<p><span style="font-weight: 400">Durante el presente curso la empresa que lleva el comedor es el <strong>Catering Hermanos González.</strong></span></p>
<p>El comedor c<strong>omienza el martes 10 de septiembre</strong>, primer día de clase para el alumnado.</p>
<p>[/et_pb_text][et_pb_text _builder_version=&#8221;4.24.2&#8243; _module_preset=&#8221;default&#8221; global_colors_info=&#8221;{}&#8221;]</p>
<p><a href="https://drive.google.com/file/d/1Y-gpZ89nvfSiLpOfVgVQ3PvQUuKsG8JH/view?usp=drive_link">Circular informativa</a></p>
<p>[/et_pb_text][/et_pb_column][/et_pb_row][/et_pb_section]</p>

<p>El Comedor ha sido otro de los logros conseguidos como consecuencia de nuestra participación en el Plan de Familia. Una media de 80 niños y niñas vienen beneficiándose de este servicio. El salón de comedor, antiguamente era una sala de Usos Múltiples y la cocina anexa se utilizaba como biblioteca. Durante el periodo de 14:00 [&hellip;]</p>
