{"id":41,"date":"2020-01-09T12:45:03","date_gmt":"2020-01-09T11:45:03","guid":{"rendered":"http:\/\/blogsaverroes.juntadeandalucia.es\/pre\/nuevoceip2v2\/?page_id=41"},"modified":"2024-09-01T10:46:17","modified_gmt":"2024-09-01T09:46:17","slug":"el-centro","status":"publish","type":"page","link":"https:\/\/blogsaverroes.juntadeandalucia.es\/ceip-el-carambolo\/el-centro\/","title":{"rendered":"El centro"},"content":{"rendered":"<p>[et_pb_section fb_built=&#8221;1&#8243; _builder_version=&#8221;4.16&#8243; global_colors_info=&#8221;{}&#8221;][et_pb_row _builder_version=&#8221;4.16&#8243; background_size=&#8221;initial&#8221; background_position=&#8221;top_left&#8221; background_repeat=&#8221;repeat&#8221; global_colors_info=&#8221;{}&#8221;][et_pb_column type=&#8221;4_4&#8243; _builder_version=&#8221;4.16&#8243; custom_padding=&#8221;|||&#8221; global_colors_info=&#8221;{}&#8221; custom_padding__hover=&#8221;|||&#8221;][et_pb_image src=&#8221;https:\/\/blogsaverroes.juntadeandalucia.es\/ceip-el-carambolo\/files\/2024\/08\/IMG_2478-2-scaled.jpg&#8221; title_text=&#8221;IMG_2478 2&#8243; admin_label=&#8221;Imagen de la portada&#8221; _builder_version=&#8221;4.24.2&#8243; hover_enabled=&#8221;0&#8243; z_index_tablet=&#8221;500&#8243; box_shadow_horizontal_tablet=&#8221;0px&#8221; box_shadow_vertical_tablet=&#8221;0px&#8221; box_shadow_blur_tablet=&#8221;40px&#8221; box_shadow_spread_tablet=&#8221;0px&#8221; global_colors_info=&#8221;{}&#8221; sticky_enabled=&#8221;0&#8243;][\/et_pb_image][et_pb_text admin_label=&#8221;Texto descriptivo&#8221; _builder_version=&#8221;4.24.2&#8243; z_index_tablet=&#8221;500&#8243; text_text_shadow_horizontal_length_tablet=&#8221;0px&#8221; text_text_shadow_vertical_length_tablet=&#8221;0px&#8221; text_text_shadow_blur_strength_tablet=&#8221;1px&#8221; link_text_shadow_horizontal_length_tablet=&#8221;0px&#8221; link_text_shadow_vertical_length_tablet=&#8221;0px&#8221; link_text_shadow_blur_strength_tablet=&#8221;1px&#8221; ul_text_shadow_horizontal_length_tablet=&#8221;0px&#8221; ul_text_shadow_vertical_length_tablet=&#8221;0px&#8221; ul_text_shadow_blur_strength_tablet=&#8221;1px&#8221; ol_text_shadow_horizontal_length_tablet=&#8221;0px&#8221; ol_text_shadow_vertical_length_tablet=&#8221;0px&#8221; ol_text_shadow_blur_strength_tablet=&#8221;1px&#8221; quote_text_shadow_horizontal_length_tablet=&#8221;0px&#8221; quote_text_shadow_vertical_length_tablet=&#8221;0px&#8221; quote_text_shadow_blur_strength_tablet=&#8221;1px&#8221; header_text_shadow_horizontal_length_tablet=&#8221;0px&#8221; header_text_shadow_vertical_length_tablet=&#8221;0px&#8221; header_text_shadow_blur_strength_tablet=&#8221;1px&#8221; header_2_text_shadow_horizontal_length_tablet=&#8221;0px&#8221; header_2_text_shadow_vertical_length_tablet=&#8221;0px&#8221; header_2_text_shadow_blur_strength_tablet=&#8221;1px&#8221; header_3_text_shadow_horizontal_length_tablet=&#8221;0px&#8221; header_3_text_shadow_vertical_length_tablet=&#8221;0px&#8221; header_3_text_shadow_blur_strength_tablet=&#8221;1px&#8221; header_4_text_shadow_horizontal_length_tablet=&#8221;0px&#8221; header_4_text_shadow_vertical_length_tablet=&#8221;0px&#8221; header_4_text_shadow_blur_strength_tablet=&#8221;1px&#8221; header_5_text_shadow_horizontal_length_tablet=&#8221;0px&#8221; header_5_text_shadow_vertical_length_tablet=&#8221;0px&#8221; header_5_text_shadow_blur_strength_tablet=&#8221;1px&#8221; header_6_text_shadow_horizontal_length_tablet=&#8221;0px&#8221; header_6_text_shadow_vertical_length_tablet=&#8221;0px&#8221; header_6_text_shadow_blur_strength_tablet=&#8221;1px&#8221; box_shadow_horizontal_tablet=&#8221;0px&#8221; box_shadow_vertical_tablet=&#8221;0px&#8221; box_shadow_blur_tablet=&#8221;40px&#8221; box_shadow_spread_tablet=&#8221;0px&#8221; global_colors_info=&#8221;{}&#8221;]<\/p>\n<h2>Nuestra Historia<\/h2>\n<p><span style=\"font-weight: 400\">Nuestro colegio se inaugura el a\u00f1o 1983. Durante muchos a\u00f1os los alumnos de nuestro barrio se ten\u00edan que desplazar a distintos colegios de Camas y Castilleja.<\/span><\/p>\n<p><span style=\"font-weight: 400\">Un importante movimiento vecinal se desarrolla hasta conseguir que la Administraci\u00f3n construya el Colegio. Nuestro recuerdo a padres y madres de alumnos que dedicaron horas y esfuerzos a que la educaci\u00f3n de los ni\u00f1os y ni\u00f1as de nuestro barrio sea cada vez de mejor calidad.<\/span><\/p>\n<p><span style=\"font-weight: 400\">El edificio central se construy\u00f3 sobre una parcela de 10.000 m2. con la idea de que sea un Centro de E.G.B., es decir 8 aulas con sus dependencias. En la actualidad es un Centro de Educaci\u00f3n Infantil y Primaria de 9 unidades.<\/span><\/p>\n<p>[\/et_pb_text][et_pb_image src=&#8221;https:\/\/blogsaverroes.juntadeandalucia.es\/ceip-el-carambolo\/files\/2024\/08\/Captura-de-pantalla-2024-08-31-a-las-18.46.41.png&#8221; title_text=&#8221;Captura de pantalla 2024-08-31 a las 18.46.41&#8243; _builder_version=&#8221;4.24.2&#8243; _module_preset=&#8221;default&#8221; global_colors_info=&#8221;{}&#8221;][\/et_pb_image][et_pb_text _builder_version=&#8221;4.24.2&#8243; _module_preset=&#8221;default&#8221; global_colors_info=&#8221;{}&#8221;]<\/p>\n<p><span style=\"font-weight: 400\">Al lado del edificio central se construy\u00f3 una zona rectangular cubierta con dos m\u00f3dulos de servicios. Despu\u00e9s de a\u00f1os, con mejor o peor conservaci\u00f3n y utilizaci\u00f3n por parte de los alumnos, la APA propone acondicionarla como una sala grande para usos diversos.<\/span><\/p>\n<p><span style=\"font-weight: 400\">En la actualidad est\u00e1 m\u00ednimamente acondicionada y se utiliza por los alumnos tanto en horario lectivo como en actividades extraescolares organizadas por el APA.<\/span><\/p>\n<p>[\/et_pb_text][et_pb_image src=&#8221;https:\/\/blogsaverroes.juntadeandalucia.es\/ceip-el-carambolo\/files\/2024\/08\/Captura-de-pantalla-2024-08-31-a-las-18.50.59.png&#8221; title_text=&#8221;Captura de pantalla 2024-08-31 a las 18.50.59&#8243; _builder_version=&#8221;4.24.2&#8243; _module_preset=&#8221;default&#8221; global_colors_info=&#8221;{}&#8221;][\/et_pb_image][et_pb_text _builder_version=&#8221;4.24.2&#8243; _module_preset=&#8221;default&#8221; global_colors_info=&#8221;{}&#8221;]<\/p>\n<p>&nbsp;<\/p>\n<p><span style=\"font-weight: 400\">Nuestro Colegio fue contando cada a\u00f1o con un mayor n\u00famero de alumnos de Educaci\u00f3n Infantil y como consecuencia de esta realidad el Ayuntamiento nos hizo, en el curso 1998-99 un recinto para los alumnos peque\u00f1os.<\/span><\/p>\n<p>[\/et_pb_text][et_pb_image src=&#8221;https:\/\/blogsaverroes.juntadeandalucia.es\/ceip-el-carambolo\/files\/2024\/08\/Captura-de-pantalla-2024-08-31-a-las-18.52.43.png&#8221; title_text=&#8221;Captura de pantalla 2024-08-31 a las 18.52.43&#8243; _builder_version=&#8221;4.24.2&#8243; _module_preset=&#8221;default&#8221; global_colors_info=&#8221;{}&#8221;][\/et_pb_image][et_pb_text _builder_version=&#8221;4.24.2&#8243; _module_preset=&#8221;default&#8221; global_colors_info=&#8221;{}&#8221;]<\/p>\n<p><span style=\"font-weight: 400\">En el curso escolar 2.000-01 pusimos en marcha el Huerto Escolar, que ya hab\u00eda funcionado durante una \u00e9poca en el Colegio.<\/span><\/p>\n<p>[\/et_pb_text][et_pb_image src=&#8221;https:\/\/blogsaverroes.juntadeandalucia.es\/ceip-el-carambolo\/files\/2024\/08\/Captura-de-pantalla-2024-08-31-a-las-18.53.44.png&#8221; title_text=&#8221;Captura de pantalla 2024-08-31 a las 18.53.44&#8243; _builder_version=&#8221;4.24.2&#8243; _module_preset=&#8221;default&#8221; global_colors_info=&#8221;{}&#8221;][\/et_pb_image][et_pb_text _builder_version=&#8221;4.24.2&#8243; _module_preset=&#8221;default&#8221; global_colors_info=&#8221;{}&#8221;]<\/p>\n<p><span style=\"font-weight: 400\">El integrarnos en el proyecto del \u00abPlan de Familia\u00bb (A.M.-C.M.-A.Extraesc.) <\/span><a href=\"http:\/\/blogsaverroes.juntadeandalucia.es\/ceipelcarambolo\/?p=2163\"><span style=\"font-weight: 400\">&nbsp;<\/span><\/a><span style=\"font-weight: 400\">de la Consejer\u00eda de Educaci\u00f3n y Ciencia en el curso 2.002-03 nos ha supuesto contar con un Centro abierto a la Comunidad desde las 7,30 h. de la ma\u00f1ana hasta las 18 h. de la tarde de lunes a jueves de cada semana. <\/span><\/p>\n<p>[\/et_pb_text][et_pb_image _builder_version=&#8221;4.24.2&#8243; _module_preset=&#8221;default&#8221; global_colors_info=&#8221;{}&#8221;][\/et_pb_image][\/et_pb_column][\/et_pb_row][et_pb_row _builder_version=&#8221;4.24.2&#8243; _module_preset=&#8221;default&#8221; global_colors_info=&#8221;{}&#8221;][et_pb_column type=&#8221;4_4&#8243; _builder_version=&#8221;4.24.2&#8243; _module_preset=&#8221;default&#8221; global_colors_info=&#8221;{}&#8221;][et_pb_image _builder_version=&#8221;4.24.2&#8243; _module_preset=&#8221;default&#8221; global_colors_info=&#8221;{}&#8221;][\/et_pb_image][\/et_pb_column][\/et_pb_row][et_pb_row column_structure=&#8221;1_3,1_3,1_3&#8243; _builder_version=&#8221;4.16&#8243; background_size=&#8221;initial&#8221; background_position=&#8221;top_left&#8221; background_repeat=&#8221;repeat&#8221; global_colors_info=&#8221;{}&#8221;][et_pb_column type=&#8221;1_3&#8243; _builder_version=&#8221;4.16&#8243; custom_padding=&#8221;|||&#8221; global_colors_info=&#8221;{}&#8221; custom_padding__hover=&#8221;|||&#8221;][\/et_pb_column][et_pb_column type=&#8221;1_3&#8243; _builder_version=&#8221;4.16&#8243; custom_padding=&#8221;|||&#8221; global_colors_info=&#8221;{}&#8221; custom_padding__hover=&#8221;|||&#8221;][\/et_pb_column][et_pb_column type=&#8221;1_3&#8243; _builder_version=&#8221;4.16&#8243; custom_padding=&#8221;|||&#8221; global_colors_info=&#8221;{}&#8221; custom_padding__hover=&#8221;|||&#8221;][\/et_pb_column][\/et_pb_row][\/et_pb_section]<\/p>\n","protected":false},"excerpt":{"rendered":"<p>Nuestra Historia Nuestro colegio se inaugura el a\u00f1o 1983. Durante muchos a\u00f1os los alumnos de nuestro barrio se ten\u00edan que desplazar a distintos colegios de Camas y Castilleja. Un importante movimiento vecinal se desarrolla hasta conseguir que la Administraci\u00f3n construya el Colegio. Nuestro recuerdo a padres y madres de alumnos que dedicaron horas y esfuerzos [&hellip;]<\/p>\n","protected":false},"author":7051,"featured_media":0,"parent":0,"menu_order":0,"comment_status":"closed","ping_status":"closed","template":"","meta":{"_et_pb_use_builder":"on","_et_pb_old_content":"","_et_gb_content_width":"","ngg_post_thumbnail":0,"footnotes":""},"aioseo_notices":[],"_links":{"self":[{"href":"https:\/\/blogsaverroes.juntadeandalucia.es\/ceip-el-carambolo\/wp-json\/wp\/v2\/pages\/41"}],"collection":[{"href":"https:\/\/blogsaverroes.juntadeandalucia.es\/ceip-el-carambolo\/wp-json\/wp\/v2\/pages"}],"about":[{"href":"https:\/\/blogsaverroes.juntadeandalucia.es\/ceip-el-carambolo\/wp-json\/wp\/v2\/types\/page"}],"author":[{"embeddable":true,"href":"https:\/\/blogsaverroes.juntadeandalucia.es\/ceip-el-carambolo\/wp-json\/wp\/v2\/users\/7051"}],"replies":[{"embeddable":true,"href":"https:\/\/blogsaverroes.juntadeandalucia.es\/ceip-el-carambolo\/wp-json\/wp\/v2\/comments?post=41"}],"version-history":[{"count":4,"href":"https:\/\/blogsaverroes.juntadeandalucia.es\/ceip-el-carambolo\/wp-json\/wp\/v2\/pages\/41\/revisions"}],"predecessor-version":[{"id":632,"href":"https:\/\/blogsaverroes.juntadeandalucia.es\/ceip-el-carambolo\/wp-json\/wp\/v2\/pages\/41\/revisions\/632"}],"wp:attachment":[{"href":"https:\/\/blogsaverroes.juntadeandalucia.es\/ceip-el-carambolo\/wp-json\/wp\/v2\/media?parent=41"}],"curies":[{"name":"wp","href":"https:\/\/api.w.org\/{rel}","templated":true}]}}

<p>[et_pb_section fb_built=&#8221;1&#8243; _builder_version=&#8221;4.16&#8243; global_colors_info=&#8221;{}&#8221;][et_pb_row _builder_version=&#8221;4.16&#8243; background_size=&#8221;initial&#8221; background_position=&#8221;top_left&#8221; background_repeat=&#8221;repeat&#8221; global_colors_info=&#8221;{}&#8221;][et_pb_column type=&#8221;4_4&#8243; _builder_version=&#8221;4.16&#8243; custom_padding=&#8221;|||&#8221; global_colors_info=&#8221;{}&#8221; custom_padding__hover=&#8221;|||&#8221;][et_pb_image src=&#8221;https://blogsaverroes.juntadeandalucia.es/ceip-el-carambolo/files/2024/08/IMG_2478-2-scaled.jpg&#8221; title_text=&#8221;IMG_2478 2&#8243; admin_label=&#8221;Imagen de la portada&#8221; _builder_version=&#8221;4.24.2&#8243; hover_enabled=&#8221;0&#8243; z_index_tablet=&#8221;500&#8243; box_shadow_horizontal_tablet=&#8221;0px&#8221; box_shadow_vertical_tablet=&#8221;0px&#8221; box_shadow_blur_tablet=&#8221;40px&#8221; box_shadow_spread_tablet=&#8221;0px&#8221; global_colors_info=&#8221;{}&#8221; sticky_enabled=&#8221;0&#8243;][/et_pb_image][et_pb_text admin_label=&#8221;Texto descriptivo&#8221; _builder_version=&#8221;4.24.2&#8243; z_index_tablet=&#8221;500&#8243; text_text_shadow_horizontal_length_tablet=&#8221;0px&#8221; text_text_shadow_vertical_length_tablet=&#8221;0px&#8221; text_text_shadow_blur_strength_tablet=&#8221;1px&#8221; link_text_shadow_horizontal_length_tablet=&#8221;0px&#8221; link_text_shadow_vertical_length_tablet=&#8221;0px&#8221; link_text_shadow_blur_strength_tablet=&#8221;1px&#8221; ul_text_shadow_horizontal_length_tablet=&#8221;0px&#8221; ul_text_shadow_vertical_length_tablet=&#8221;0px&#8221; ul_text_shadow_blur_strength_tablet=&#8221;1px&#8221; ol_text_shadow_horizontal_length_tablet=&#8221;0px&#8221; ol_text_shadow_vertical_length_tablet=&#8221;0px&#8221; ol_text_shadow_blur_strength_tablet=&#8221;1px&#8221; quote_text_shadow_horizontal_length_tablet=&#8221;0px&#8221; quote_text_shadow_vertical_length_tablet=&#8221;0px&#8221; quote_text_shadow_blur_strength_tablet=&#8221;1px&#8221; header_text_shadow_horizontal_length_tablet=&#8221;0px&#8221; header_text_shadow_vertical_length_tablet=&#8221;0px&#8221; header_text_shadow_blur_strength_tablet=&#8221;1px&#8221; header_2_text_shadow_horizontal_length_tablet=&#8221;0px&#8221; header_2_text_shadow_vertical_length_tablet=&#8221;0px&#8221; header_2_text_shadow_blur_strength_tablet=&#8221;1px&#8221; header_3_text_shadow_horizontal_length_tablet=&#8221;0px&#8221; header_3_text_shadow_vertical_length_tablet=&#8221;0px&#8221; header_3_text_shadow_blur_strength_tablet=&#8221;1px&#8221; header_4_text_shadow_horizontal_length_tablet=&#8221;0px&#8221; header_4_text_shadow_vertical_length_tablet=&#8221;0px&#8221; header_4_text_shadow_blur_strength_tablet=&#8221;1px&#8221; header_5_text_shadow_horizontal_length_tablet=&#8221;0px&#8221; header_5_text_shadow_vertical_length_tablet=&#8221;0px&#8221; header_5_text_shadow_blur_strength_tablet=&#8221;1px&#8221; header_6_text_shadow_horizontal_length_tablet=&#8221;0px&#8221; header_6_text_shadow_vertical_length_tablet=&#8221;0px&#8221; header_6_text_shadow_blur_strength_tablet=&#8221;1px&#8221; box_shadow_horizontal_tablet=&#8221;0px&#8221; box_shadow_vertical_tablet=&#8221;0px&#8221; box_shadow_blur_tablet=&#8221;40px&#8221; box_shadow_spread_tablet=&#8221;0px&#8221; global_colors_info=&#8221;{}&#8221;]</p>
<h2>Nuestra Historia</h2>
<p><span style="font-weight: 400">Nuestro colegio se inaugura el año 1983. Durante muchos años los alumnos de nuestro barrio se tenían que desplazar a distintos colegios de Camas y Castilleja.</span></p>
<p><span style="font-weight: 400">Un importante movimiento vecinal se desarrolla hasta conseguir que la Administración construya el Colegio. Nuestro recuerdo a padres y madres de alumnos que dedicaron horas y esfuerzos a que la educación de los niños y niñas de nuestro barrio sea cada vez de mejor calidad.</span></p>
<p><span style="font-weight: 400">El edificio central se construyó sobre una parcela de 10.000 m2. con la idea de que sea un Centro de E.G.B., es decir 8 aulas con sus dependencias. En la actualidad es un Centro de Educación Infantil y Primaria de 9 unidades.</span></p>
<p>[/et_pb_text][et_pb_image src=&#8221;https://blogsaverroes.juntadeandalucia.es/ceip-el-carambolo/files/2024/08/Captura-de-pantalla-2024-08-31-a-las-18.46.41.png&#8221; title_text=&#8221;Captura de pantalla 2024-08-31 a las 18.46.41&#8243; _builder_version=&#8221;4.24.2&#8243; _module_preset=&#8221;default&#8221; global_colors_info=&#8221;{}&#8221;][/et_pb_image][et_pb_text _builder_version=&#8221;4.24.2&#8243; _module_preset=&#8221;default&#8221; global_colors_info=&#8221;{}&#8221;]</p>
<p><span style="font-weight: 400">Al lado del edificio central se construyó una zona rectangular cubierta con dos módulos de servicios. Después de años, con mejor o peor conservación y utilización por parte de los alumnos, la APA propone acondicionarla como una sala grande para usos diversos.</span></p>
<p><span style="font-weight: 400">En la actualidad está mínimamente acondicionada y se utiliza por los alumnos tanto en horario lectivo como en actividades extraescolares organizadas por el APA.</span></p>
<p>[/et_pb_text][et_pb_image src=&#8221;https://blogsaverroes.juntadeandalucia.es/ceip-el-carambolo/files/2024/08/Captura-de-pantalla-2024-08-31-a-las-18.50.59.png&#8221; title_text=&#8221;Captura de pantalla 2024-08-31 a las 18.50.59&#8243; _builder_version=&#8221;4.24.2&#8243; _module_preset=&#8221;default&#8221; global_colors_info=&#8221;{}&#8221;][/et_pb_image][et_pb_text _builder_version=&#8221;4.24.2&#8243; _module_preset=&#8221;default&#8221; global_colors_info=&#8221;{}&#8221;]</p>
<p>&nbsp;</p>
<p><span style="font-weight: 400">Nuestro Colegio fue contando cada año con un mayor número de alumnos de Educación Infantil y como consecuencia de esta realidad el Ayuntamiento nos hizo, en el curso 1998-99 un recinto para los alumnos pequeños.</span></p>
<p>[/et_pb_text][et_pb_image src=&#8221;https://blogsaverroes.juntadeandalucia.es/ceip-el-carambolo/files/2024/08/Captura-de-pantalla-2024-08-31-a-las-18.52.43.png&#8221; title_text=&#8221;Captura de pantalla 2024-08-31 a las 18.52.43&#8243; _builder_version=&#8221;4.24.2&#8243; _module_preset=&#8221;default&#8221; global_colors_info=&#8221;{}&#8221;][/et_pb_image][et_pb_text _builder_version=&#8221;4.24.2&#8243; _module_preset=&#8221;default&#8221; global_colors_info=&#8221;{}&#8221;]</p>
<p><span style="font-weight: 400">En el curso escolar 2.000-01 pusimos en marcha el Huerto Escolar, que ya había funcionado durante una época en el Colegio.</span></p>
<p>[/et_pb_text][et_pb_image src=&#8221;https://blogsaverroes.juntadeandalucia.es/ceip-el-carambolo/files/2024/08/Captura-de-pantalla-2024-08-31-a-las-18.53.44.png&#8221; title_text=&#8221;Captura de pantalla 2024-08-31 a las 18.53.44&#8243; _builder_version=&#8221;4.24.2&#8243; _module_preset=&#8221;default&#8221; global_colors_info=&#8221;{}&#8221;][/et_pb_image][et_pb_text _builder_version=&#8221;4.24.2&#8243; _module_preset=&#8221;default&#8221; global_colors_info=&#8221;{}&#8221;]</p>
<p><span style="font-weight: 400">El integrarnos en el proyecto del «Plan de Familia» (A.M.-C.M.-A.Extraesc.) </span><a href="http://blogsaverroes.juntadeandalucia.es/ceipelcarambolo/?p=2163"><span style="font-weight: 400">&nbsp;</span></a><span style="font-weight: 400">de la Consejería de Educación y Ciencia en el curso 2.002-03 nos ha supuesto contar con un Centro abierto a la Comunidad desde las 7,30 h. de la mañana hasta las 18 h. de la tarde de lunes a jueves de cada semana. </span></p>
<p>[/et_pb_text][et_pb_image _builder_version=&#8221;4.24.2&#8243; _module_preset=&#8221;default&#8221; global_colors_info=&#8221;{}&#8221;][/et_pb_image][/et_pb_column][/et_pb_row][et_pb_row _builder_version=&#8221;4.24.2&#8243; _module_preset=&#8221;default&#8221; global_colors_info=&#8221;{}&#8221;][et_pb_column type=&#8221;4_4&#8243; _builder_version=&#8221;4.24.2&#8243; _module_preset=&#8221;default&#8221; global_colors_info=&#8221;{}&#8221;][et_pb_image _builder_version=&#8221;4.24.2&#8243; _module_preset=&#8221;default&#8221; global_colors_info=&#8221;{}&#8221;][/et_pb_image][/et_pb_column][/et_pb_row][et_pb_row column_structure=&#8221;1_3,1_3,1_3&#8243; _builder_version=&#8221;4.16&#8243; background_size=&#8221;initial&#8221; background_position=&#8221;top_left&#8221; background_repeat=&#8221;repeat&#8221; global_colors_info=&#8221;{}&#8221;][et_pb_column type=&#8221;1_3&#8243; _builder_version=&#8221;4.16&#8243; custom_padding=&#8221;|||&#8221; global_colors_info=&#8221;{}&#8221; custom_padding__hover=&#8221;|||&#8221;][/et_pb_column][et_pb_column type=&#8221;1_3&#8243; _builder_version=&#8221;4.16&#8243; custom_padding=&#8221;|||&#8221; global_colors_info=&#8221;{}&#8221; custom_padding__hover=&#8221;|||&#8221;][/et_pb_column][et_pb_column type=&#8221;1_3&#8243; _builder_version=&#8221;4.16&#8243; custom_padding=&#8221;|||&#8221; global_colors_info=&#8221;{}&#8221; custom_padding__hover=&#8221;|||&#8221;][/et_pb_column][/et_pb_row][/et_pb_section]</p>

<p>Nuestra Historia Nuestro colegio se inaugura el año 1983. Durante muchos años los alumnos de nuestro barrio se tenían que desplazar a distintos colegios de Camas y Castilleja. Un importante movimiento vecinal se desarrolla hasta conseguir que la Administración construya el Colegio. Nuestro recuerdo a padres y madres de alumnos que dedicaron horas y esfuerzos [&hellip;]</p>
