{"id":855,"date":"2022-01-26T12:45:34","date_gmt":"2022-01-26T11:45:34","guid":{"rendered":"https:\/\/blogsaverroes.juntadeandalucia.es\/ceip-los-argonautas\/?page_id=855"},"modified":"2024-02-22T11:50:02","modified_gmt":"2024-02-22T10:50:02","slug":"calendario-escolar","status":"publish","type":"page","link":"https:\/\/blogsaverroes.juntadeandalucia.es\/ceip-los-argonautas\/calendario-escolar\/","title":{"rendered":"Calendario Escolar"},"content":{"rendered":"<p>[et_pb_section fb_built=&#8221;1&#8243; _builder_version=&#8221;3.23.3&#8243; custom_padding=&#8221;0px||0px|&#8221; z_index_tablet=&#8221;500&#8243; box_shadow_horizontal_tablet=&#8221;0px&#8221; box_shadow_vertical_tablet=&#8221;0px&#8221; box_shadow_blur_tablet=&#8221;40px&#8221; box_shadow_spread_tablet=&#8221;0px&#8221; global_colors_info=&#8221;{}&#8221;][et_pb_row _builder_version=&#8221;3.25&#8243; background_size=&#8221;initial&#8221; background_position=&#8221;top_left&#8221; background_repeat=&#8221;repeat&#8221; global_colors_info=&#8221;{}&#8221;][et_pb_column type=&#8221;4_4&#8243; _builder_version=&#8221;3.25&#8243; custom_padding=&#8221;|||&#8221; global_colors_info=&#8221;{}&#8221; custom_padding__hover=&#8221;|||&#8221;][et_pb_image title_text=&#8221;AMPA JASON&#8221; align=&#8221;center&#8221; admin_label=&#8221;Imagen de la portada&#8221; _builder_version=&#8221;4.14.5&#8243; module_alignment=&#8221;center&#8221; hover_enabled=&#8221;0&#8243; z_index_tablet=&#8221;500&#8243; box_shadow_horizontal_tablet=&#8221;0px&#8221; box_shadow_vertical_tablet=&#8221;0px&#8221; box_shadow_blur_tablet=&#8221;40px&#8221; box_shadow_spread_tablet=&#8221;0px&#8221; global_colors_info=&#8221;{}&#8221; sticky_enabled=&#8221;0&#8243;][\/et_pb_image][et_pb_text admin_label=&#8221;Texto descriptivo&#8221; _builder_version=&#8221;4.14.5&#8243; hover_enabled=&#8221;0&#8243; z_index_tablet=&#8221;500&#8243; text_text_shadow_horizontal_length_tablet=&#8221;0px&#8221; text_text_shadow_vertical_length_tablet=&#8221;0px&#8221; text_text_shadow_blur_strength_tablet=&#8221;1px&#8221; link_text_shadow_horizontal_length_tablet=&#8221;0px&#8221; link_text_shadow_vertical_length_tablet=&#8221;0px&#8221; link_text_shadow_blur_strength_tablet=&#8221;1px&#8221; ul_text_shadow_horizontal_length_tablet=&#8221;0px&#8221; ul_text_shadow_vertical_length_tablet=&#8221;0px&#8221; ul_text_shadow_blur_strength_tablet=&#8221;1px&#8221; ol_text_shadow_horizontal_length_tablet=&#8221;0px&#8221; ol_text_shadow_vertical_length_tablet=&#8221;0px&#8221; ol_text_shadow_blur_strength_tablet=&#8221;1px&#8221; quote_text_shadow_horizontal_length_tablet=&#8221;0px&#8221; quote_text_shadow_vertical_length_tablet=&#8221;0px&#8221; quote_text_shadow_blur_strength_tablet=&#8221;1px&#8221; header_text_shadow_horizontal_length_tablet=&#8221;0px&#8221; header_text_shadow_vertical_length_tablet=&#8221;0px&#8221; header_text_shadow_blur_strength_tablet=&#8221;1px&#8221; header_2_text_shadow_horizontal_length_tablet=&#8221;0px&#8221; header_2_text_shadow_vertical_length_tablet=&#8221;0px&#8221; header_2_text_shadow_blur_strength_tablet=&#8221;1px&#8221; header_3_text_shadow_horizontal_length_tablet=&#8221;0px&#8221; header_3_text_shadow_vertical_length_tablet=&#8221;0px&#8221; header_3_text_shadow_blur_strength_tablet=&#8221;1px&#8221; header_4_text_shadow_horizontal_length_tablet=&#8221;0px&#8221; header_4_text_shadow_vertical_length_tablet=&#8221;0px&#8221; header_4_text_shadow_blur_strength_tablet=&#8221;1px&#8221; header_5_text_shadow_horizontal_length_tablet=&#8221;0px&#8221; header_5_text_shadow_vertical_length_tablet=&#8221;0px&#8221; header_5_text_shadow_blur_strength_tablet=&#8221;1px&#8221; header_6_text_shadow_horizontal_length_tablet=&#8221;0px&#8221; header_6_text_shadow_vertical_length_tablet=&#8221;0px&#8221; header_6_text_shadow_blur_strength_tablet=&#8221;1px&#8221; box_shadow_horizontal_tablet=&#8221;0px&#8221; box_shadow_vertical_tablet=&#8221;0px&#8221; box_shadow_blur_tablet=&#8221;40px&#8221; box_shadow_spread_tablet=&#8221;0px&#8221; global_colors_info=&#8221;{}&#8221; sticky_enabled=&#8221;0&#8243;]<\/p>\n<h2 style=\"text-align: center\"><span style=\"color: #000000;font-size: 18pt\"><strong>CALENDARIO ESCOLAR CURSO 23-24<\/strong><\/span><\/h2>\n<p class=\"Estilo3 texto2\">&nbsp; &nbsp;El r\u00e9gimen ordinario de clases da comienzo el lunes d\u00eda 11 de septiembre de 2.023&nbsp;y finalizar\u00e1 el viernes d\u00eda 21 de junio de 2024.<\/p>\n<p class=\"Estilo3\"><span class=\"titulo2\"><strong>PERIODOS VACACIONALES<\/strong><\/span><\/p>\n<ul class=\"texto2\">\n<li><strong>Navidad<\/strong>: Desde el 23 de diciembre de 2023, al 7 de enero de 2.024, ambos inclusive.<\/li>\n<li><strong>Semana Santa:<\/strong> Desde el 25 al 31 de marzo de 2024.<\/li>\n<\/ul>\n<p class=\"Estilo3\"><span class=\"titulo2\"><strong>D\u00cdAS FESTIVOS DE \u00c1MBITO NACIONAL, AUTON\u00d3MICO Y PROVINCIAL<\/strong><\/span><\/p>\n<ul>\n<li>Jueves, 12 de octubre de 2023: <strong>FIESTA NACIONAL DE ESPA\u00d1A.<\/strong><\/li>\n<li>Mi\u00e9rcoles, 1 de noviembre de 2023: <strong>FIESTA DE TODOS LOS SANTOS.<\/strong><\/li>\n<li>Mi\u00e9rcoles, 6 de diciembre de 2023: <strong>D\u00cdA DE LA CONSTITUCI\u00d3N.<\/strong><\/li>\n<li>Jueves, 7 de diciembre de 2023: <strong>D\u00cdA DE LA COMUNIDAD EDUCATIVA.<\/strong><\/li>\n<li>Viernes, 8 de diciembre de 2023: <strong>INMACULADA CONCEPCI\u00d3N.<\/strong><\/li>\n<li>Lunes y martes, 26 y 27 de febrero de 2024: <strong>D\u00cdAS NO LECTIVOS PROVINCIALES.<\/strong><\/li>\n<li>Mi\u00e9rcoles, 28 de febrero de 2024: <strong>D\u00cdA DE ANDALUC\u00cdA.<\/strong><\/li>\n<li>Mi\u00e9rcoles, 1 de mayo de 2024:<strong> FIESTA DEL TRABAJO.<\/strong><\/li>\n<\/ul>\n<p class=\"Estilo3\"><span class=\"texto2\">&nbsp;<\/span><strong>D\u00cdAS FESTIVOS LOCALES AUTORIZADOS POR LA CONSEJER\u00cdA<br \/><\/strong><\/p>\n<p>1- VIERNES, 13 DE OCTUBRE DE 2023, \u00abpuente\u00bb de la Hispanidad.<\/p>\n<p>2- VIERNES, 16 DE FEBRERO DE 2024, \u00abviernes de carnaval\u00bb.<\/p>\n<p>3- VIERNES, 5 DE ABRIL DE 2024, \u00abviernes de feria\u00bb.<\/p>\n<p><img decoding=\"async\" src=\"https:\/\/blogsaverroes.juntadeandalucia.es\/ceiplapachar\/files\/2023\/08\/CALENDARIO-23-24.png\"><\/p>\n<p>&nbsp;<\/p>\n<p style=\"text-align: left\">&nbsp;<\/p>\n<p>&nbsp;<\/p>\n<p>&nbsp;<\/p>\n<p style=\"text-align: center\">&nbsp;<\/p>\n<p>&nbsp;<\/p>\n<p>[\/et_pb_text][\/et_pb_column][\/et_pb_row][\/et_pb_section]<\/p>\n","protected":false},"excerpt":{"rendered":"<p>CALENDARIO ESCOLAR CURSO 23-24 &nbsp; &nbsp;El r\u00e9gimen ordinario de clases da comienzo el lunes d\u00eda 11 de septiembre de 2.023&nbsp;y finalizar\u00e1 el viernes d\u00eda 21 de junio de 2024. PERIODOS VACACIONALES Navidad: Desde el 23 de diciembre de 2023, al 7 de enero de 2.024, ambos inclusive. Semana Santa: Desde el 25 al 31 de [&hellip;]<\/p>\n","protected":false},"author":13094,"featured_media":0,"parent":0,"menu_order":0,"comment_status":"closed","ping_status":"closed","template":"","meta":{"_et_pb_use_builder":"on","_et_pb_old_content":"","_et_gb_content_width":"","ngg_post_thumbnail":0,"footnotes":""},"aioseo_notices":[],"_links":{"self":[{"href":"https:\/\/blogsaverroes.juntadeandalucia.es\/ceip-los-argonautas\/wp-json\/wp\/v2\/pages\/855"}],"collection":[{"href":"https:\/\/blogsaverroes.juntadeandalucia.es\/ceip-los-argonautas\/wp-json\/wp\/v2\/pages"}],"about":[{"href":"https:\/\/blogsaverroes.juntadeandalucia.es\/ceip-los-argonautas\/wp-json\/wp\/v2\/types\/page"}],"author":[{"embeddable":true,"href":"https:\/\/blogsaverroes.juntadeandalucia.es\/ceip-los-argonautas\/wp-json\/wp\/v2\/users\/13094"}],"replies":[{"embeddable":true,"href":"https:\/\/blogsaverroes.juntadeandalucia.es\/ceip-los-argonautas\/wp-json\/wp\/v2\/comments?post=855"}],"version-history":[{"count":5,"href":"https:\/\/blogsaverroes.juntadeandalucia.es\/ceip-los-argonautas\/wp-json\/wp\/v2\/pages\/855\/revisions"}],"predecessor-version":[{"id":1262,"href":"https:\/\/blogsaverroes.juntadeandalucia.es\/ceip-los-argonautas\/wp-json\/wp\/v2\/pages\/855\/revisions\/1262"}],"wp:attachment":[{"href":"https:\/\/blogsaverroes.juntadeandalucia.es\/ceip-los-argonautas\/wp-json\/wp\/v2\/media?parent=855"}],"curies":[{"name":"wp","href":"https:\/\/api.w.org\/{rel}","templated":true}]}}

<p>[et_pb_section fb_built=&#8221;1&#8243; _builder_version=&#8221;3.23.3&#8243; custom_padding=&#8221;0px||0px|&#8221; z_index_tablet=&#8221;500&#8243; box_shadow_horizontal_tablet=&#8221;0px&#8221; box_shadow_vertical_tablet=&#8221;0px&#8221; box_shadow_blur_tablet=&#8221;40px&#8221; box_shadow_spread_tablet=&#8221;0px&#8221; global_colors_info=&#8221;{}&#8221;][et_pb_row _builder_version=&#8221;3.25&#8243; background_size=&#8221;initial&#8221; background_position=&#8221;top_left&#8221; background_repeat=&#8221;repeat&#8221; global_colors_info=&#8221;{}&#8221;][et_pb_column type=&#8221;4_4&#8243; _builder_version=&#8221;3.25&#8243; custom_padding=&#8221;|||&#8221; global_colors_info=&#8221;{}&#8221; custom_padding__hover=&#8221;|||&#8221;][et_pb_image title_text=&#8221;AMPA JASON&#8221; align=&#8221;center&#8221; admin_label=&#8221;Imagen de la portada&#8221; _builder_version=&#8221;4.14.5&#8243; module_alignment=&#8221;center&#8221; hover_enabled=&#8221;0&#8243; z_index_tablet=&#8221;500&#8243; box_shadow_horizontal_tablet=&#8221;0px&#8221; box_shadow_vertical_tablet=&#8221;0px&#8221; box_shadow_blur_tablet=&#8221;40px&#8221; box_shadow_spread_tablet=&#8221;0px&#8221; global_colors_info=&#8221;{}&#8221; sticky_enabled=&#8221;0&#8243;][/et_pb_image][et_pb_text admin_label=&#8221;Texto descriptivo&#8221; _builder_version=&#8221;4.14.5&#8243; hover_enabled=&#8221;0&#8243; z_index_tablet=&#8221;500&#8243; text_text_shadow_horizontal_length_tablet=&#8221;0px&#8221; text_text_shadow_vertical_length_tablet=&#8221;0px&#8221; text_text_shadow_blur_strength_tablet=&#8221;1px&#8221; link_text_shadow_horizontal_length_tablet=&#8221;0px&#8221; link_text_shadow_vertical_length_tablet=&#8221;0px&#8221; link_text_shadow_blur_strength_tablet=&#8221;1px&#8221; ul_text_shadow_horizontal_length_tablet=&#8221;0px&#8221; ul_text_shadow_vertical_length_tablet=&#8221;0px&#8221; ul_text_shadow_blur_strength_tablet=&#8221;1px&#8221; ol_text_shadow_horizontal_length_tablet=&#8221;0px&#8221; ol_text_shadow_vertical_length_tablet=&#8221;0px&#8221; ol_text_shadow_blur_strength_tablet=&#8221;1px&#8221; quote_text_shadow_horizontal_length_tablet=&#8221;0px&#8221; quote_text_shadow_vertical_length_tablet=&#8221;0px&#8221; quote_text_shadow_blur_strength_tablet=&#8221;1px&#8221; header_text_shadow_horizontal_length_tablet=&#8221;0px&#8221; header_text_shadow_vertical_length_tablet=&#8221;0px&#8221; header_text_shadow_blur_strength_tablet=&#8221;1px&#8221; header_2_text_shadow_horizontal_length_tablet=&#8221;0px&#8221; header_2_text_shadow_vertical_length_tablet=&#8221;0px&#8221; header_2_text_shadow_blur_strength_tablet=&#8221;1px&#8221; header_3_text_shadow_horizontal_length_tablet=&#8221;0px&#8221; header_3_text_shadow_vertical_length_tablet=&#8221;0px&#8221; header_3_text_shadow_blur_strength_tablet=&#8221;1px&#8221; header_4_text_shadow_horizontal_length_tablet=&#8221;0px&#8221; header_4_text_shadow_vertical_length_tablet=&#8221;0px&#8221; header_4_text_shadow_blur_strength_tablet=&#8221;1px&#8221; header_5_text_shadow_horizontal_length_tablet=&#8221;0px&#8221; header_5_text_shadow_vertical_length_tablet=&#8221;0px&#8221; header_5_text_shadow_blur_strength_tablet=&#8221;1px&#8221; header_6_text_shadow_horizontal_length_tablet=&#8221;0px&#8221; header_6_text_shadow_vertical_length_tablet=&#8221;0px&#8221; header_6_text_shadow_blur_strength_tablet=&#8221;1px&#8221; box_shadow_horizontal_tablet=&#8221;0px&#8221; box_shadow_vertical_tablet=&#8221;0px&#8221; box_shadow_blur_tablet=&#8221;40px&#8221; box_shadow_spread_tablet=&#8221;0px&#8221; global_colors_info=&#8221;{}&#8221; sticky_enabled=&#8221;0&#8243;]</p>
<h2 style="text-align: center"><span style="color: #000000;font-size: 18pt"><strong>CALENDARIO ESCOLAR CURSO 23-24</strong></span></h2>
<p class="Estilo3 texto2">&nbsp; &nbsp;El régimen ordinario de clases da comienzo el lunes día 11 de septiembre de 2.023&nbsp;y finalizará el viernes día 21 de junio de 2024.</p>
<p class="Estilo3"><span class="titulo2"><strong>PERIODOS VACACIONALES</strong></span></p>
<ul class="texto2">
<li><strong>Navidad</strong>: Desde el 23 de diciembre de 2023, al 7 de enero de 2.024, ambos inclusive.</li>
<li><strong>Semana Santa:</strong> Desde el 25 al 31 de marzo de 2024.</li>
</ul>
<p class="Estilo3"><span class="titulo2"><strong>DÍAS FESTIVOS DE ÁMBITO NACIONAL, AUTONÓMICO Y PROVINCIAL</strong></span></p>
<ul>
<li>Jueves, 12 de octubre de 2023: <strong>FIESTA NACIONAL DE ESPAÑA.</strong></li>
<li>Miércoles, 1 de noviembre de 2023: <strong>FIESTA DE TODOS LOS SANTOS.</strong></li>
<li>Miércoles, 6 de diciembre de 2023: <strong>DÍA DE LA CONSTITUCIÓN.</strong></li>
<li>Jueves, 7 de diciembre de 2023: <strong>DÍA DE LA COMUNIDAD EDUCATIVA.</strong></li>
<li>Viernes, 8 de diciembre de 2023: <strong>INMACULADA CONCEPCIÓN.</strong></li>
<li>Lunes y martes, 26 y 27 de febrero de 2024: <strong>DÍAS NO LECTIVOS PROVINCIALES.</strong></li>
<li>Miércoles, 28 de febrero de 2024: <strong>DÍA DE ANDALUCÍA.</strong></li>
<li>Miércoles, 1 de mayo de 2024:<strong> FIESTA DEL TRABAJO.</strong></li>
</ul>
<p class="Estilo3"><span class="texto2">&nbsp;</span><strong>DÍAS FESTIVOS LOCALES AUTORIZADOS POR LA CONSEJERÍA<br /></strong></p>
<p>1- VIERNES, 13 DE OCTUBRE DE 2023, «puente» de la Hispanidad.</p>
<p>2- VIERNES, 16 DE FEBRERO DE 2024, «viernes de carnaval».</p>
<p>3- VIERNES, 5 DE ABRIL DE 2024, «viernes de feria».</p>
<p><img decoding="async" src="https://blogsaverroes.juntadeandalucia.es/ceiplapachar/files/2023/08/CALENDARIO-23-24.png"></p>
<p>&nbsp;</p>
<p style="text-align: left">&nbsp;</p>
<p>&nbsp;</p>
<p>&nbsp;</p>
<p style="text-align: center">&nbsp;</p>
<p>&nbsp;</p>
<p>[/et_pb_text][/et_pb_column][/et_pb_row][/et_pb_section]</p>

<p>CALENDARIO ESCOLAR CURSO 23-24 &nbsp; &nbsp;El régimen ordinario de clases da comienzo el lunes día 11 de septiembre de 2.023&nbsp;y finalizará el viernes día 21 de junio de 2024. PERIODOS VACACIONALES Navidad: Desde el 23 de diciembre de 2023, al 7 de enero de 2.024, ambos inclusive. Semana Santa: Desde el 25 al 31 de [&hellip;]</p>
