{"id":55,"date":"2020-01-09T12:48:16","date_gmt":"2020-01-09T11:48:16","guid":{"rendered":"http:\/\/blogsaverroes.juntadeandalucia.es\/pre\/nuevoceip2v2\/?page_id=55"},"modified":"2025-11-19T18:30:12","modified_gmt":"2025-11-19T17:30:12","slug":"planes-y-proyectos","status":"publish","type":"page","link":"https:\/\/blogsaverroes.juntadeandalucia.es\/ceip-maestro-jose-duran\/el-centro\/planes-y-proyectos\/","title":{"rendered":"Planes y Proyectos"},"content":{"rendered":"<p>En este apartado est\u00e1n presentes los principales documentos del centro.<\/p>\n<p>En primer lugar, el documento por el que se rige el funcionamiento del colegio.<br \/>\n&nbsp;<\/p>\n<p><iframe loading=\"lazy\" src=\"https:\/\/drive.google.com\/file\/d\/1M_1uaxSUmbI04VbctmXE1ip6bd7H-U7x\/preview\" width=\"640\" height=\"480\"><\/iframe>&nbsp;<\/p>\n<p>En el CEIP Maestro Jos\u00e9 Dur\u00e1n, se llevan a cabo una serie de planes y proyectos para una mejora de la calidad educativa y una educaci\u00f3n integral del alumnado. A continuaci\u00f3n, se presenta un listado de ellos:<\/p>\n<ul>\n<li>Plan de Igualdad de g\u00e9nero en Educaci\u00f3n<\/li>\n<li>Plan de Salud Laboral y P.R.L.<\/li>\n<li>Organizaci\u00f3n y funcionamiento de Bibliotecas Escolares<\/li>\n<li>Convivencia Escolar y Bienestar Emocional<\/li>\n<li>Prevenci\u00f3n de la Violencia de G\u00e9nero.<\/li>\n<li>Pr\u00e1cticum Grado Maestro.<\/li>\n<li>Red Andaluza Escuela Espacios de Paz<\/li>\n<li>Programa CIMA<\/li>\n<li>Transformaci\u00f3n Digital Educativa<\/li>\n<li>STEAM 4.0.<\/li>\n<\/ul>\n<p>&nbsp;<\/p>\n","protected":false},"excerpt":{"rendered":"<p>En este apartado est\u00e1n presentes los principales documentos del centro. En primer lugar, el documento por el que se rige el funcionamiento del colegio. &nbsp; &nbsp; En el CEIP Maestro Jos\u00e9 Dur\u00e1n, se llevan a cabo una serie de planes y proyectos para una mejora de la calidad educativa y una educaci\u00f3n integral del alumnado. [&hellip;]<\/p>\n","protected":false},"author":7051,"featured_media":0,"parent":41,"menu_order":0,"comment_status":"closed","ping_status":"closed","template":"","meta":{"_et_pb_use_builder":"off","_et_pb_old_content":"","_et_gb_content_width":"","ngg_post_thumbnail":0,"footnotes":""},"aioseo_notices":[],"_links":{"self":[{"href":"https:\/\/blogsaverroes.juntadeandalucia.es\/ceip-maestro-jose-duran\/wp-json\/wp\/v2\/pages\/55"}],"collection":[{"href":"https:\/\/blogsaverroes.juntadeandalucia.es\/ceip-maestro-jose-duran\/wp-json\/wp\/v2\/pages"}],"about":[{"href":"https:\/\/blogsaverroes.juntadeandalucia.es\/ceip-maestro-jose-duran\/wp-json\/wp\/v2\/types\/page"}],"author":[{"embeddable":true,"href":"https:\/\/blogsaverroes.juntadeandalucia.es\/ceip-maestro-jose-duran\/wp-json\/wp\/v2\/users\/7051"}],"replies":[{"embeddable":true,"href":"https:\/\/blogsaverroes.juntadeandalucia.es\/ceip-maestro-jose-duran\/wp-json\/wp\/v2\/comments?post=55"}],"version-history":[{"count":20,"href":"https:\/\/blogsaverroes.juntadeandalucia.es\/ceip-maestro-jose-duran\/wp-json\/wp\/v2\/pages\/55\/revisions"}],"predecessor-version":[{"id":3000,"href":"https:\/\/blogsaverroes.juntadeandalucia.es\/ceip-maestro-jose-duran\/wp-json\/wp\/v2\/pages\/55\/revisions\/3000"}],"up":[{"embeddable":true,"href":"https:\/\/blogsaverroes.juntadeandalucia.es\/ceip-maestro-jose-duran\/wp-json\/wp\/v2\/pages\/41"}],"wp:attachment":[{"href":"https:\/\/blogsaverroes.juntadeandalucia.es\/ceip-maestro-jose-duran\/wp-json\/wp\/v2\/media?parent=55"}],"curies":[{"name":"wp","href":"https:\/\/api.w.org\/{rel}","templated":true}]}}

<p>En este apartado están presentes los principales documentos del centro.</p>
<p>En primer lugar, el documento por el que se rige el funcionamiento del colegio.<br />
&nbsp;</p>
<p><iframe loading="lazy" src="https://drive.google.com/file/d/1M_1uaxSUmbI04VbctmXE1ip6bd7H-U7x/preview" width="640" height="480"></iframe>&nbsp;</p>
<p>En el CEIP Maestro José Durán, se llevan a cabo una serie de planes y proyectos para una mejora de la calidad educativa y una educación integral del alumnado. A continuación, se presenta un listado de ellos:</p>
<ul>
<li>Plan de Igualdad de género en Educación</li>
<li>Plan de Salud Laboral y P.R.L.</li>
<li>Organización y funcionamiento de Bibliotecas Escolares</li>
<li>Convivencia Escolar y Bienestar Emocional</li>
<li>Prevención de la Violencia de Género.</li>
<li>Prácticum Grado Maestro.</li>
<li>Red Andaluza Escuela Espacios de Paz</li>
<li>Programa CIMA</li>
<li>Transformación Digital Educativa</li>
<li>STEAM 4.0.</li>
</ul>
<p>&nbsp;</p>

<p>En este apartado están presentes los principales documentos del centro. En primer lugar, el documento por el que se rige el funcionamiento del colegio. &nbsp; &nbsp; En el CEIP Maestro José Durán, se llevan a cabo una serie de planes y proyectos para una mejora de la calidad educativa y una educación integral del alumnado. [&hellip;]</p>
