{"id":1421,"date":"2022-02-10T16:54:33","date_gmt":"2022-02-10T15:54:33","guid":{"rendered":"https:\/\/blogsaverroes.juntadeandalucia.es\/ceip-manuel-cano-damian\/?page_id=1421"},"modified":"2025-10-28T20:46:04","modified_gmt":"2025-10-28T19:46:04","slug":"planes-y-proyectos-2","status":"publish","type":"page","link":"https:\/\/blogsaverroes.juntadeandalucia.es\/ceip-manuel-cano-damian\/planes-y-proyectos-2\/","title":{"rendered":"PLAN BIBLIOTECA ESCOLAR"},"content":{"rendered":"<p><img loading=\"lazy\" decoding=\"async\" class=\"alignleft wp-image-5684 size-medium\" src=\"https:\/\/blogsaverroes.juntadeandalucia.es\/ceip-manuel-cano-damian\/files\/2025\/10\/CANITO-239x300.jpg\" alt=\"\" width=\"239\" height=\"300\" srcset=\"https:\/\/blogsaverroes.juntadeandalucia.es\/ceip-manuel-cano-damian\/files\/2025\/10\/CANITO-239x300.jpg 239w, https:\/\/blogsaverroes.juntadeandalucia.es\/ceip-manuel-cano-damian\/files\/2025\/10\/CANITO-768x964.jpg 768w, https:\/\/blogsaverroes.juntadeandalucia.es\/ceip-manuel-cano-damian\/files\/2025\/10\/CANITO.jpg 788w\" sizes=\"(max-width: 239px) 100vw, 239px\" \/><img loading=\"lazy\" decoding=\"async\" class=\" wp-image-1425 alignleft\" src=\"https:\/\/blogsaverroes.juntadeandalucia.es\/ceip-manuel-cano-damian\/files\/2022\/02\/BIBLIOTECA-1.png\" alt=\"\" width=\"394\" height=\"82\"><\/p>\n<p>&nbsp;<\/p>\n<p>&nbsp;<\/p>\n<p>&nbsp;<\/p>\n<p><strong><span style=\"color: #000000\">Nuestra biblioteca escolar es un elemento esencial de cualquier estrategia a largo plazo para alfabetizar, educar, informar y contribuir al desarrollo social y cultural.<\/span><\/strong><\/p>\n<p><strong><span style=\"color: #000000\">El \u00e9xito de nuestro alumnado tambi\u00e9n reside en la presencia y utilizaci\u00f3n de la necesidad de adaptar muchas de las pautas, procesos, actividades\u2026. que tradicionalmente se desarrollaban en nuestro centro y biblioteca.<\/span><\/strong><\/p>\n<p><strong><span style=\"color: #000000\">En estos momentos tan delicados de vuelta al cole en medio de la pandemia.<\/span><\/strong><\/p>\n<p><strong><span style=\"color: #000000\">Es obvio que no podemos dejar de lado los protocolos sanitarios ni las medidas preventivas para evitar la expansi\u00f3n del virus.<\/span><\/strong><\/p>\n<p><strong><span style=\"color: #000000\">Ante esta situaci\u00f3n, nos hemos aventurado a sugerir no s\u00f3lo un protocolo de actuaci\u00f3n sino tambi\u00e9n una propuesta de actividades relacionadas con la biblioteca escolar que se pueden seguir haciendo durante el curso escolar mientras dure la pandemia.<\/span><\/strong><\/p>\n<p><strong><span style=\"color: #000000\">Nuestra Biblioteca Escolar lleva ya unos a\u00f1os funcionando, lo que quiere decir que tenemos ya un recorrido que nos sit\u00faa en un buen momento. Tenemos un n\u00famero considerable de fondos; el espacio es adecuado y agradable, venimos realizando diversas actividades que dinamizan el Centro la hemos convertido en un punto importante de referencia entre nuestro alumnado, familias y profesorado.<\/span><\/strong><\/p>\n","protected":false},"excerpt":{"rendered":"<p>&nbsp; &nbsp; &nbsp; Nuestra biblioteca escolar es un elemento esencial de cualquier estrategia a largo plazo para alfabetizar, educar, informar y contribuir al desarrollo social y cultural. El \u00e9xito de nuestro alumnado tambi\u00e9n reside&#46;&#46;&#46;<\/p>\n","protected":false},"author":14491,"featured_media":0,"parent":0,"menu_order":0,"comment_status":"closed","ping_status":"closed","template":"","meta":{"ngg_post_thumbnail":0,"footnotes":""},"aioseo_notices":[],"_links":{"self":[{"href":"https:\/\/blogsaverroes.juntadeandalucia.es\/ceip-manuel-cano-damian\/wp-json\/wp\/v2\/pages\/1421"}],"collection":[{"href":"https:\/\/blogsaverroes.juntadeandalucia.es\/ceip-manuel-cano-damian\/wp-json\/wp\/v2\/pages"}],"about":[{"href":"https:\/\/blogsaverroes.juntadeandalucia.es\/ceip-manuel-cano-damian\/wp-json\/wp\/v2\/types\/page"}],"author":[{"embeddable":true,"href":"https:\/\/blogsaverroes.juntadeandalucia.es\/ceip-manuel-cano-damian\/wp-json\/wp\/v2\/users\/14491"}],"replies":[{"embeddable":true,"href":"https:\/\/blogsaverroes.juntadeandalucia.es\/ceip-manuel-cano-damian\/wp-json\/wp\/v2\/comments?post=1421"}],"version-history":[{"count":8,"href":"https:\/\/blogsaverroes.juntadeandalucia.es\/ceip-manuel-cano-damian\/wp-json\/wp\/v2\/pages\/1421\/revisions"}],"predecessor-version":[{"id":5685,"href":"https:\/\/blogsaverroes.juntadeandalucia.es\/ceip-manuel-cano-damian\/wp-json\/wp\/v2\/pages\/1421\/revisions\/5685"}],"wp:attachment":[{"href":"https:\/\/blogsaverroes.juntadeandalucia.es\/ceip-manuel-cano-damian\/wp-json\/wp\/v2\/media?parent=1421"}],"curies":[{"name":"wp","href":"https:\/\/api.w.org\/{rel}","templated":true}]}}

<p><img loading="lazy" decoding="async" class="alignleft wp-image-5684 size-medium" src="https://blogsaverroes.juntadeandalucia.es/ceip-manuel-cano-damian/files/2025/10/CANITO-239x300.jpg" alt="" width="239" height="300" srcset="https://blogsaverroes.juntadeandalucia.es/ceip-manuel-cano-damian/files/2025/10/CANITO-239x300.jpg 239w, https://blogsaverroes.juntadeandalucia.es/ceip-manuel-cano-damian/files/2025/10/CANITO-768x964.jpg 768w, https://blogsaverroes.juntadeandalucia.es/ceip-manuel-cano-damian/files/2025/10/CANITO.jpg 788w" sizes="(max-width: 239px) 100vw, 239px" /><img loading="lazy" decoding="async" class=" wp-image-1425 alignleft" src="https://blogsaverroes.juntadeandalucia.es/ceip-manuel-cano-damian/files/2022/02/BIBLIOTECA-1.png" alt="" width="394" height="82"></p>
<p>&nbsp;</p>
<p>&nbsp;</p>
<p>&nbsp;</p>
<p><strong><span style="color: #000000">Nuestra biblioteca escolar es un elemento esencial de cualquier estrategia a largo plazo para alfabetizar, educar, informar y contribuir al desarrollo social y cultural.</span></strong></p>
<p><strong><span style="color: #000000">El éxito de nuestro alumnado también reside en la presencia y utilización de la necesidad de adaptar muchas de las pautas, procesos, actividades…. que tradicionalmente se desarrollaban en nuestro centro y biblioteca.</span></strong></p>
<p><strong><span style="color: #000000">En estos momentos tan delicados de vuelta al cole en medio de la pandemia.</span></strong></p>
<p><strong><span style="color: #000000">Es obvio que no podemos dejar de lado los protocolos sanitarios ni las medidas preventivas para evitar la expansión del virus.</span></strong></p>
<p><strong><span style="color: #000000">Ante esta situación, nos hemos aventurado a sugerir no sólo un protocolo de actuación sino también una propuesta de actividades relacionadas con la biblioteca escolar que se pueden seguir haciendo durante el curso escolar mientras dure la pandemia.</span></strong></p>
<p><strong><span style="color: #000000">Nuestra Biblioteca Escolar lleva ya unos años funcionando, lo que quiere decir que tenemos ya un recorrido que nos sitúa en un buen momento. Tenemos un número considerable de fondos; el espacio es adecuado y agradable, venimos realizando diversas actividades que dinamizan el Centro la hemos convertido en un punto importante de referencia entre nuestro alumnado, familias y profesorado.</span></strong></p>

<p>&nbsp; &nbsp; &nbsp; Nuestra biblioteca escolar es un elemento esencial de cualquier estrategia a largo plazo para alfabetizar, educar, informar y contribuir al desarrollo social y cultural. El éxito de nuestro alumnado también reside&#46;&#46;&#46;</p>
