{"id":1441,"date":"2022-02-10T17:37:35","date_gmt":"2022-02-10T16:37:35","guid":{"rendered":"https:\/\/blogsaverroes.juntadeandalucia.es\/ceip-manuel-cano-damian\/?page_id=1441"},"modified":"2025-10-28T20:43:56","modified_gmt":"2025-10-28T19:43:56","slug":"plan-de-apertura","status":"publish","type":"page","link":"https:\/\/blogsaverroes.juntadeandalucia.es\/ceip-manuel-cano-damian\/plan-de-apertura\/","title":{"rendered":"PLAN DE APERTURA"},"content":{"rendered":"<p><img loading=\"lazy\" decoding=\"async\" class=\" wp-image-1483 aligncenter\" src=\"https:\/\/blogsaverroes.juntadeandalucia.es\/ceip-manuel-cano-damian\/files\/2022\/02\/APERTURA-1.png\" alt=\"\" width=\"331\" height=\"66\"><\/p>\n<p><strong><span style=\"font-size: 14pt;color: #000000\">La ampliaci\u00f3n del horario de apertura de nuestro centro educativo y el aumento de los servicios que este nos ofrece, cubrir\u00e1 adecuadamente a<\/span><\/strong><\/p>\n<p><img loading=\"lazy\" decoding=\"async\" class=\"alignright wp-image-5681 \" src=\"https:\/\/blogsaverroes.juntadeandalucia.es\/ceip-manuel-cano-damian\/files\/2025\/10\/APERTURA.jpg\" alt=\"\" width=\"312\" height=\"226\"><\/p>\n<p><strong><span style=\"font-size: 14pt;color: #000000\">lgunas de las demandas sociales que se generan en la actualidad.<\/span><\/strong><\/p>\n<p><strong><span style=\"font-size: 14pt;color: #000000\">Nuestro principal objetivo es que nuestro<\/span><\/strong><\/p>\n<p><strong><span style=\"font-size: 14pt;color: #000000\">&nbsp;centro sea capaz de ofrecer a su alumnado y a sus familias medidas de atenci\u00f3n educativa, teniendo en cuenta la edad del alumnado. Por ello, el presente curso, continuaremos desarrollando el Plan de Apertura de Centros de Apoyo a las familias.<\/span><\/strong><\/p>\n<p><img loading=\"lazy\" decoding=\"async\" class=\"aligncenter size-full wp-image-5682\" src=\"https:\/\/blogsaverroes.juntadeandalucia.es\/ceip-manuel-cano-damian\/files\/2025\/10\/Horario-extraescolares.jpg\" alt=\"\" width=\"1172\" height=\"597\" srcset=\"https:\/\/blogsaverroes.juntadeandalucia.es\/ceip-manuel-cano-damian\/files\/2025\/10\/Horario-extraescolares.jpg 1172w, https:\/\/blogsaverroes.juntadeandalucia.es\/ceip-manuel-cano-damian\/files\/2025\/10\/Horario-extraescolares-300x153.jpg 300w, https:\/\/blogsaverroes.juntadeandalucia.es\/ceip-manuel-cano-damian\/files\/2025\/10\/Horario-extraescolares-1024x522.jpg 1024w, https:\/\/blogsaverroes.juntadeandalucia.es\/ceip-manuel-cano-damian\/files\/2025\/10\/Horario-extraescolares-768x391.jpg 768w\" sizes=\"(max-width: 1172px) 100vw, 1172px\" \/><\/p>\n<p>&nbsp;<\/p>\n<p><strong><span style=\"font-size: 18pt\">Oferta de actividades:<\/span><\/strong><\/p>\n<ul>\n<li><strong><span style=\"font-size: 14pt;color: #000000\">Taller de ingl\u00e9s: Se pretende potenciar, a trav\u00e9s de juegos y otras actividades de expresi\u00f3n escrita y oral, el conocimiento de este idioma debido a su importancia en la sociedad actual, repasando el contenido trabajado en el colegio.<\/span><\/strong><\/li>\n<li><strong><span style=\"font-size: 14pt;color: #000000\">Taller de zumba: nuestro alumnado tiene la oportunidad de mantenerse activos y bailar al ritmo de su m\u00fasica favorita. Los pasos se aprenden poco a poco, y se agregar\u00e1n juegos, actividades y elementos de exploraci\u00f3n cultural a la estructura de la clase.<\/span><\/strong><\/li>\n<\/ul>\n","protected":false},"excerpt":{"rendered":"<p>La ampliaci\u00f3n del horario de apertura de nuestro centro educativo y el aumento de los servicios que este nos ofrece, cubrir\u00e1 adecuadamente a lgunas de las demandas sociales que se generan en la actualidad.&#46;&#46;&#46;<\/p>\n","protected":false},"author":14491,"featured_media":0,"parent":0,"menu_order":0,"comment_status":"closed","ping_status":"closed","template":"","meta":{"ngg_post_thumbnail":0,"footnotes":""},"aioseo_notices":[],"_links":{"self":[{"href":"https:\/\/blogsaverroes.juntadeandalucia.es\/ceip-manuel-cano-damian\/wp-json\/wp\/v2\/pages\/1441"}],"collection":[{"href":"https:\/\/blogsaverroes.juntadeandalucia.es\/ceip-manuel-cano-damian\/wp-json\/wp\/v2\/pages"}],"about":[{"href":"https:\/\/blogsaverroes.juntadeandalucia.es\/ceip-manuel-cano-damian\/wp-json\/wp\/v2\/types\/page"}],"author":[{"embeddable":true,"href":"https:\/\/blogsaverroes.juntadeandalucia.es\/ceip-manuel-cano-damian\/wp-json\/wp\/v2\/users\/14491"}],"replies":[{"embeddable":true,"href":"https:\/\/blogsaverroes.juntadeandalucia.es\/ceip-manuel-cano-damian\/wp-json\/wp\/v2\/comments?post=1441"}],"version-history":[{"count":5,"href":"https:\/\/blogsaverroes.juntadeandalucia.es\/ceip-manuel-cano-damian\/wp-json\/wp\/v2\/pages\/1441\/revisions"}],"predecessor-version":[{"id":5683,"href":"https:\/\/blogsaverroes.juntadeandalucia.es\/ceip-manuel-cano-damian\/wp-json\/wp\/v2\/pages\/1441\/revisions\/5683"}],"wp:attachment":[{"href":"https:\/\/blogsaverroes.juntadeandalucia.es\/ceip-manuel-cano-damian\/wp-json\/wp\/v2\/media?parent=1441"}],"curies":[{"name":"wp","href":"https:\/\/api.w.org\/{rel}","templated":true}]}}