{"id":1442,"date":"2022-02-10T17:37:35","date_gmt":"2022-02-10T16:37:35","guid":{"rendered":"https:\/\/blogsaverroes.juntadeandalucia.es\/ceip-manuel-cano-damian\/?page_id=1442"},"modified":"2022-02-13T17:55:20","modified_gmt":"2022-02-13T16:55:20","slug":"autoproteccion","status":"publish","type":"page","link":"https:\/\/blogsaverroes.juntadeandalucia.es\/ceip-manuel-cano-damian\/autoproteccion\/","title":{"rendered":"AUTOPROTECCI\u00d3N"},"content":{"rendered":"<p><img loading=\"lazy\" decoding=\"async\" class=\"alignnone  wp-image-1486 alignleft\" src=\"https:\/\/blogsaverroes.juntadeandalucia.es\/ceip-manuel-cano-damian\/files\/2022\/02\/AUTOPROTECCI\u00d3N-1.png\" alt=\"\" width=\"480\" height=\"101\" srcset=\"https:\/\/blogsaverroes.juntadeandalucia.es\/ceip-manuel-cano-damian\/files\/2022\/02\/AUTOPROTECCI\u00d3N-1.png 418w, https:\/\/blogsaverroes.juntadeandalucia.es\/ceip-manuel-cano-damian\/files\/2022\/02\/AUTOPROTECCI\u00d3N-1-300x63.png 300w\" sizes=\"(max-width: 480px) 100vw, 480px\" \/><\/p>\n<p>&nbsp;<\/p>\n<p><img loading=\"lazy\" decoding=\"async\" class=\"alignnone size-full wp-image-1488 alignright\" src=\"https:\/\/blogsaverroes.juntadeandalucia.es\/ceip-manuel-cano-damian\/files\/2022\/02\/AUTOPROTECCI\u00d3N-2.png\" alt=\"\" width=\"206\" height=\"285\"><\/p>\n<p>&nbsp;<\/p>\n<p>&nbsp;<\/p>\n<p><strong><span style=\"font-size: 14pt;color: #000000\">El Plan de Autoprotecci\u00f3n Escolar es, dentro de los distintos planes y programas que propone la administraci\u00f3n, uno de los m\u00e1s importantes.<\/span><\/strong><\/p>\n<p><strong><span style=\"font-size: 14pt;color: #000000\">&nbsp;En \u00e9l se plasman una serie de acciones y medidas, adoptadas por los titulares o responsables de las actividades educativas, p\u00fablicas o privadas, con sus propios medios y recursos, dentro de su \u00e1mbito de competencias, encaminadas a prevenir y controlar los riesgos sobre las personas y los bienes, a dar respuestas adecuadas a las posibles situaciones de emergencia y a garantizar la integraci\u00f3n de estas actuaciones en el sistema p\u00fablico de protecci\u00f3n civil. Por tanto, debe ser entendido como el conjunto de actuaciones y medidas organizativas que el centro dise\u00f1a, y pone en pr\u00e1ctica, para planificar las actuaciones de seguridad tendentes a neutralizar o minimizar accidentes y sus posibles consecuencias, hasta la llegada de las ayudas externas. A tales efectos, sirve para prevenir riesgos, organizando las actuaciones m\u00e1s adecuadas con los medios humanos y materiales propios disponibles en el centro, garantizando la intervenci\u00f3n inmediata y la coordinaci\u00f3n de todo el personal: profesorado, alumnado y personal no docente, as\u00ed como la colaboraci\u00f3n con los Servicios Locales de Protecci\u00f3n Civil y otros servicios de emergencia.<\/span><\/strong><\/p>\n","protected":false},"excerpt":{"rendered":"<p>&nbsp; &nbsp; &nbsp; El Plan de Autoprotecci\u00f3n Escolar es, dentro de los distintos planes y programas que propone la administraci\u00f3n, uno de los m\u00e1s importantes. &nbsp;En \u00e9l se plasman una serie de acciones y&#46;&#46;&#46;<\/p>\n","protected":false},"author":14491,"featured_media":0,"parent":0,"menu_order":0,"comment_status":"closed","ping_status":"closed","template":"","meta":{"ngg_post_thumbnail":0,"footnotes":""},"aioseo_notices":[],"_links":{"self":[{"href":"https:\/\/blogsaverroes.juntadeandalucia.es\/ceip-manuel-cano-damian\/wp-json\/wp\/v2\/pages\/1442"}],"collection":[{"href":"https:\/\/blogsaverroes.juntadeandalucia.es\/ceip-manuel-cano-damian\/wp-json\/wp\/v2\/pages"}],"about":[{"href":"https:\/\/blogsaverroes.juntadeandalucia.es\/ceip-manuel-cano-damian\/wp-json\/wp\/v2\/types\/page"}],"author":[{"embeddable":true,"href":"https:\/\/blogsaverroes.juntadeandalucia.es\/ceip-manuel-cano-damian\/wp-json\/wp\/v2\/users\/14491"}],"replies":[{"embeddable":true,"href":"https:\/\/blogsaverroes.juntadeandalucia.es\/ceip-manuel-cano-damian\/wp-json\/wp\/v2\/comments?post=1442"}],"version-history":[{"count":4,"href":"https:\/\/blogsaverroes.juntadeandalucia.es\/ceip-manuel-cano-damian\/wp-json\/wp\/v2\/pages\/1442\/revisions"}],"predecessor-version":[{"id":1487,"href":"https:\/\/blogsaverroes.juntadeandalucia.es\/ceip-manuel-cano-damian\/wp-json\/wp\/v2\/pages\/1442\/revisions\/1487"}],"wp:attachment":[{"href":"https:\/\/blogsaverroes.juntadeandalucia.es\/ceip-manuel-cano-damian\/wp-json\/wp\/v2\/media?parent=1442"}],"curies":[{"name":"wp","href":"https:\/\/api.w.org\/{rel}","templated":true}]}}

AUTOPROTECCIÓN

<p><img loading="lazy" decoding="async" class="alignnone  wp-image-1486 alignleft" src="https://blogsaverroes.juntadeandalucia.es/ceip-manuel-cano-damian/files/2022/02/AUTOPROTECCIÓN-1.png" alt="" width="480" height="101" srcset="https://blogsaverroes.juntadeandalucia.es/ceip-manuel-cano-damian/files/2022/02/AUTOPROTECCIÓN-1.png 418w, https://blogsaverroes.juntadeandalucia.es/ceip-manuel-cano-damian/files/2022/02/AUTOPROTECCIÓN-1-300x63.png 300w" sizes="(max-width: 480px) 100vw, 480px" /></p>
<p>&nbsp;</p>
<p><img loading="lazy" decoding="async" class="alignnone size-full wp-image-1488 alignright" src="https://blogsaverroes.juntadeandalucia.es/ceip-manuel-cano-damian/files/2022/02/AUTOPROTECCIÓN-2.png" alt="" width="206" height="285"></p>
<p>&nbsp;</p>
<p>&nbsp;</p>
<p><strong><span style="font-size: 14pt;color: #000000">El Plan de Autoprotección Escolar es, dentro de los distintos planes y programas que propone la administración, uno de los más importantes.</span></strong></p>
<p><strong><span style="font-size: 14pt;color: #000000">&nbsp;En él se plasman una serie de acciones y medidas, adoptadas por los titulares o responsables de las actividades educativas, públicas o privadas, con sus propios medios y recursos, dentro de su ámbito de competencias, encaminadas a prevenir y controlar los riesgos sobre las personas y los bienes, a dar respuestas adecuadas a las posibles situaciones de emergencia y a garantizar la integración de estas actuaciones en el sistema público de protección civil. Por tanto, debe ser entendido como el conjunto de actuaciones y medidas organizativas que el centro diseña, y pone en práctica, para planificar las actuaciones de seguridad tendentes a neutralizar o minimizar accidentes y sus posibles consecuencias, hasta la llegada de las ayudas externas. A tales efectos, sirve para prevenir riesgos, organizando las actuaciones más adecuadas con los medios humanos y materiales propios disponibles en el centro, garantizando la intervención inmediata y la coordinación de todo el personal: profesorado, alumnado y personal no docente, así como la colaboración con los Servicios Locales de Protección Civil y otros servicios de emergencia.</span></strong></p>

<p>&nbsp; &nbsp; &nbsp; El Plan de Autoprotección Escolar es, dentro de los distintos planes y programas que propone la administración, uno de los más importantes. &nbsp;En él se plasman una serie de acciones y&#46;&#46;&#46;</p>
