{"id":1443,"date":"2022-02-10T17:37:35","date_gmt":"2022-02-10T16:37:35","guid":{"rendered":"https:\/\/blogsaverroes.juntadeandalucia.es\/ceip-manuel-cano-damian\/?page_id=1443"},"modified":"2022-02-13T17:51:45","modified_gmt":"2022-02-13T16:51:45","slug":"espacio-de-paz","status":"publish","type":"page","link":"https:\/\/blogsaverroes.juntadeandalucia.es\/ceip-manuel-cano-damian\/espacio-de-paz\/","title":{"rendered":"ESPACIO DE PAZ"},"content":{"rendered":"<p><img loading=\"lazy\" decoding=\"async\" class=\"alignnone size-full wp-image-1491 alignleft\" src=\"https:\/\/blogsaverroes.juntadeandalucia.es\/ceip-manuel-cano-damian\/files\/2022\/02\/PAZ-1.png\" alt=\"\" width=\"418\" height=\"88\" srcset=\"https:\/\/blogsaverroes.juntadeandalucia.es\/ceip-manuel-cano-damian\/files\/2022\/02\/PAZ-1.png 418w, https:\/\/blogsaverroes.juntadeandalucia.es\/ceip-manuel-cano-damian\/files\/2022\/02\/PAZ-1-300x63.png 300w\" sizes=\"(max-width: 418px) 100vw, 418px\" \/><\/p>\n<p>&nbsp;<\/p>\n<p>&nbsp;<\/p>\n<p><img loading=\"lazy\" decoding=\"async\" class=\"alignright wp-image-1492 size-full\" src=\"https:\/\/blogsaverroes.juntadeandalucia.es\/ceip-manuel-cano-damian\/files\/2022\/02\/PAZ-2-e1644516926994.png\" alt=\"\" width=\"497\" height=\"264\" srcset=\"https:\/\/blogsaverroes.juntadeandalucia.es\/ceip-manuel-cano-damian\/files\/2022\/02\/PAZ-2-e1644516926994.png 497w, https:\/\/blogsaverroes.juntadeandalucia.es\/ceip-manuel-cano-damian\/files\/2022\/02\/PAZ-2-e1644516926994-300x159.png 300w\" sizes=\"(max-width: 497px) 100vw, 497px\" \/><\/p>\n<p>&nbsp;<\/p>\n<p><strong><span style=\"font-size: 14pt;color: #000000\">La escuela, como instituci\u00f3n educativa, es una formaci\u00f3n social en dos sentidos: est\u00e1 formada a partir de la sociedad y a la vez expresa a \u00e9sta. Lo que se habla en cada escuela, es el lenguaje particular de toda la ciudadan\u00eda. Por tal motivo, no es ajena al fen\u00f3meno de la inmigraci\u00f3n y a los graves desequilibrios estructurales que sufre el mundo actual y que como ciudadanos nos afecta. Es por ello por lo que educar a todos los alumnos en el respeto de las diferencias y la defensa de los derechos humanos de cada uno de los ni\u00f1os constituye una finalidad primordial de las actuales pol\u00edticas educativas en todo el mundo y por lo tanto tambi\u00e9n en nuestro centro educativo.<\/span><\/strong><\/p>\n<p><strong><span style=\"font-size: 14pt;color: #000000\">La escuela es un escenario clave donde a los alumnos se le presentan las confrontaciones de la sociedad, con sus amenazas de exclusi\u00f3n, marginaci\u00f3n y agresi\u00f3n, por un lado, y con las oportunidades de aprender maneras de enfrentarlas, por otro.&nbsp;<\/span><\/strong><\/p>\n<p><strong><span style=\"font-size: 14pt;color: #000000\">En este sentido debe asumirse al centro educativo desde su <u>rol positivo<\/u> como impulsor del desarrollo de la comunidad, promotor de la participaci\u00f3n democr\u00e1tica y del intercambio entre sus integrantes, y con el medio del que forma parte; un espacio interactivo donde favorecer los valores, las actitudes y las conductas que fomenten o susciten el derecho humano a la paz, rechazando as\u00ed la violencia y procurando prevenir los conflictos mediante el di\u00e1logo y asimilaci\u00f3n de normas que garanticen el pleno ejercicio de todos los derechos humanos.<\/span><\/strong><\/p>\n","protected":false},"excerpt":{"rendered":"<p>&nbsp; &nbsp; &nbsp; La escuela, como instituci\u00f3n educativa, es una formaci\u00f3n social en dos sentidos: est\u00e1 formada a partir de la sociedad y a la vez expresa a \u00e9sta. Lo que se habla en&#46;&#46;&#46;<\/p>\n","protected":false},"author":14491,"featured_media":0,"parent":0,"menu_order":0,"comment_status":"closed","ping_status":"closed","template":"","meta":{"ngg_post_thumbnail":0,"footnotes":""},"aioseo_notices":[],"_links":{"self":[{"href":"https:\/\/blogsaverroes.juntadeandalucia.es\/ceip-manuel-cano-damian\/wp-json\/wp\/v2\/pages\/1443"}],"collection":[{"href":"https:\/\/blogsaverroes.juntadeandalucia.es\/ceip-manuel-cano-damian\/wp-json\/wp\/v2\/pages"}],"about":[{"href":"https:\/\/blogsaverroes.juntadeandalucia.es\/ceip-manuel-cano-damian\/wp-json\/wp\/v2\/types\/page"}],"author":[{"embeddable":true,"href":"https:\/\/blogsaverroes.juntadeandalucia.es\/ceip-manuel-cano-damian\/wp-json\/wp\/v2\/users\/14491"}],"replies":[{"embeddable":true,"href":"https:\/\/blogsaverroes.juntadeandalucia.es\/ceip-manuel-cano-damian\/wp-json\/wp\/v2\/comments?post=1443"}],"version-history":[{"count":4,"href":"https:\/\/blogsaverroes.juntadeandalucia.es\/ceip-manuel-cano-damian\/wp-json\/wp\/v2\/pages\/1443\/revisions"}],"predecessor-version":[{"id":1598,"href":"https:\/\/blogsaverroes.juntadeandalucia.es\/ceip-manuel-cano-damian\/wp-json\/wp\/v2\/pages\/1443\/revisions\/1598"}],"wp:attachment":[{"href":"https:\/\/blogsaverroes.juntadeandalucia.es\/ceip-manuel-cano-damian\/wp-json\/wp\/v2\/media?parent=1443"}],"curies":[{"name":"wp","href":"https:\/\/api.w.org\/{rel}","templated":true}]}}