{"id":1446,"date":"2022-02-10T17:37:36","date_gmt":"2022-02-10T16:37:36","guid":{"rendered":"https:\/\/blogsaverroes.juntadeandalucia.es\/ceip-manuel-cano-damian\/?page_id=1446"},"modified":"2025-10-28T20:36:00","modified_gmt":"2025-10-28T19:36:00","slug":"conred","status":"publish","type":"page","link":"https:\/\/blogsaverroes.juntadeandalucia.es\/ceip-manuel-cano-damian\/conred\/","title":{"rendered":"CONRED"},"content":{"rendered":"<p><img loading=\"lazy\" decoding=\"async\" class=\"alignnone size-full wp-image-1503\" src=\"https:\/\/blogsaverroes.juntadeandalucia.es\/ceip-manuel-cano-damian\/files\/2022\/02\/CONRED-1.png\" alt=\"\" width=\"382\" height=\"88\" srcset=\"https:\/\/blogsaverroes.juntadeandalucia.es\/ceip-manuel-cano-damian\/files\/2022\/02\/CONRED-1.png 382w, https:\/\/blogsaverroes.juntadeandalucia.es\/ceip-manuel-cano-damian\/files\/2022\/02\/CONRED-1-300x69.png 300w\" sizes=\"(max-width: 382px) 100vw, 382px\" \/><img loading=\"lazy\" decoding=\"async\" class=\"alignnone wp-image-1505 alignright\" src=\"https:\/\/blogsaverroes.juntadeandalucia.es\/ceip-manuel-cano-damian\/files\/2022\/02\/CONRED.png\" alt=\"\" width=\"432\" height=\"236\"><\/p>\n<p><strong><span style=\"font-size: 14pt;color: #000000\">El&nbsp;recurso ConRed Andaluc\u00eda&nbsp;de prevenci\u00f3n del acoso escolar y ciberacoso tiene un enfoque esencialmente preventivo y de promoci\u00f3n de la convivencia positiva, para contribuir a la mejora del clima de convivencia en los centros educativos y favorecer el desarrollo personal y social del alumnado.<\/span><\/strong><\/p>\n<p><strong><span style=\"font-size: 14pt;color: #000000\">Profesorado que cuenta con la formaci\u00f3n espec\u00edfica en el recurso CONRED, ser\u00e1n las personas encargadas de desarrollar las sesiones de trabajo propuestas en el programa con el alumnado de tercero y quinto de primaria, contando siempre con la estrecha colaboraci\u00f3n y coordinaci\u00f3n del equipo docente y el Equipo Directivo. <\/span><\/strong><\/p>\n<p><strong><span style=\"font-size: 14pt;color: #000000\">En tercero de primaria se implementar\u00e1n las sesiones relacionadas con la prevenci\u00f3n del acoso y ser\u00e1 en quinto de primaria cuando se aborden las versiones relacionadas con acoso y ciberacoso.<br \/>\n<\/span><\/strong><\/p>\n<p><strong><span style=\"font-size: 14pt;color: #000000\">A su vez, contaremos siempre con la implicaci\u00f3n y colaboraci\u00f3n de las familias, informando de los contenidos abordados en cada una de las sesiones, pues tienen un papel fundamental en la prevenci\u00f3n y detecci\u00f3n del acoso, as\u00ed como en las medidas de actuaci\u00f3n que se deben llevar a cabo en colaboraci\u00f3n con el Centro. <\/span><\/strong><\/p>\n<p><strong><span style=\"font-size: 14pt;color: #000000\">De la misma manera, este curso nos planteamos como objetivo desarrollar el programa ConRed Familias en segundo de primaria, pues creemos que es un momento clave para la prevenci\u00f3n y el buen uso de las tecnolog\u00edas que forman parte de nuestra vida diaria.<\/span><\/strong><\/p>\n<p><strong><span style=\"font-size: 14pt;color: #000000\">Es necesario comunicar a la escuela situaciones de acoso o ciberacoso que detecten.<\/span><\/strong><\/p>\n<p><strong><span style=\"font-size: 14pt;color: #000000\">Desde el Centro pondremos en marcha estrategias de intervenci\u00f3n basadas en el di\u00e1logo y la mediaci\u00f3n y activaremos las medidas contempladas en nuestro Plan de Convivencia.<\/span><\/strong><\/p>\n<p>&nbsp;<\/p>\n<p><strong><span style=\"font-size: 14pt;color: #000000\">Los objetivos a conseguir ser\u00e1n:<\/span><\/strong><\/p>\n<ul>\n<li><strong><span style=\"font-size: 14pt;color: #000000\">Sensibilizar a la comunidad escolar de la importancia de prevenir y erradicar el acoso y ciberacoso entre iguales.<\/span><\/strong><\/li>\n<li><strong><span style=\"font-size: 14pt;color: #000000\">Prevenir posibles situaciones de acoso y ciberacoso en el centro educativo.<\/span><\/strong><\/li>\n<li><strong><span style=\"font-size: 14pt;color: #000000\">Identificar factores de riesgo.<\/span><\/strong><\/li>\n<li><strong><span style=\"font-size: 14pt;color: #000000\">Favorecer la empat\u00eda y acciones de ayuda a las v\u00edctimas.<\/span><\/strong><\/li>\n<li><strong><span style=\"font-size: 14pt;color: #000000\">Detectar de forma temprana casos de acoso en cualquiera de sus manifestaciones.<\/span><\/strong><\/li>\n<li><strong><span style=\"font-size: 14pt;color: #000000\">Asumir la corresponsabilidad en situaciones de acoso.<\/span><\/strong><\/li>\n<li><strong><span style=\"font-size: 14pt;color: #000000\">Potenciar y promover un uso seguro y positivo de las TIC.<\/span><\/strong><\/li>\n<\/ul>\n","protected":false},"excerpt":{"rendered":"<p>El&nbsp;recurso ConRed Andaluc\u00eda&nbsp;de prevenci\u00f3n del acoso escolar y ciberacoso tiene un enfoque esencialmente preventivo y de promoci\u00f3n de la convivencia positiva, para contribuir a la mejora del clima de convivencia en los centros educativos&#46;&#46;&#46;<\/p>\n","protected":false},"author":14491,"featured_media":0,"parent":0,"menu_order":0,"comment_status":"closed","ping_status":"closed","template":"","meta":{"ngg_post_thumbnail":0,"footnotes":""},"aioseo_notices":[],"_links":{"self":[{"href":"https:\/\/blogsaverroes.juntadeandalucia.es\/ceip-manuel-cano-damian\/wp-json\/wp\/v2\/pages\/1446"}],"collection":[{"href":"https:\/\/blogsaverroes.juntadeandalucia.es\/ceip-manuel-cano-damian\/wp-json\/wp\/v2\/pages"}],"about":[{"href":"https:\/\/blogsaverroes.juntadeandalucia.es\/ceip-manuel-cano-damian\/wp-json\/wp\/v2\/types\/page"}],"author":[{"embeddable":true,"href":"https:\/\/blogsaverroes.juntadeandalucia.es\/ceip-manuel-cano-damian\/wp-json\/wp\/v2\/users\/14491"}],"replies":[{"embeddable":true,"href":"https:\/\/blogsaverroes.juntadeandalucia.es\/ceip-manuel-cano-damian\/wp-json\/wp\/v2\/comments?post=1446"}],"version-history":[{"count":5,"href":"https:\/\/blogsaverroes.juntadeandalucia.es\/ceip-manuel-cano-damian\/wp-json\/wp\/v2\/pages\/1446\/revisions"}],"predecessor-version":[{"id":5678,"href":"https:\/\/blogsaverroes.juntadeandalucia.es\/ceip-manuel-cano-damian\/wp-json\/wp\/v2\/pages\/1446\/revisions\/5678"}],"wp:attachment":[{"href":"https:\/\/blogsaverroes.juntadeandalucia.es\/ceip-manuel-cano-damian\/wp-json\/wp\/v2\/media?parent=1446"}],"curies":[{"name":"wp","href":"https:\/\/api.w.org\/{rel}","templated":true}]}}