{"id":1447,"date":"2022-02-10T17:37:36","date_gmt":"2022-02-10T16:37:36","guid":{"rendered":"https:\/\/blogsaverroes.juntadeandalucia.es\/ceip-manuel-cano-damian\/?page_id=1447"},"modified":"2022-02-13T17:57:01","modified_gmt":"2022-02-13T16:57:01","slug":"practicum","status":"publish","type":"page","link":"https:\/\/blogsaverroes.juntadeandalucia.es\/ceip-manuel-cano-damian\/practicum\/","title":{"rendered":"PR\u00c1CTICUM"},"content":{"rendered":"<p><img loading=\"lazy\" decoding=\"async\" class=\"alignnone size-full wp-image-1507\" src=\"https:\/\/blogsaverroes.juntadeandalucia.es\/ceip-manuel-cano-damian\/files\/2022\/02\/PRACTICUM-1.jpg.png\" alt=\"\" width=\"370\" height=\"55\" srcset=\"https:\/\/blogsaverroes.juntadeandalucia.es\/ceip-manuel-cano-damian\/files\/2022\/02\/PRACTICUM-1.jpg.png 370w, https:\/\/blogsaverroes.juntadeandalucia.es\/ceip-manuel-cano-damian\/files\/2022\/02\/PRACTICUM-1.jpg-300x45.png 300w\" sizes=\"(max-width: 370px) 100vw, 370px\" \/><img loading=\"lazy\" decoding=\"async\" class=\"alignnone wp-image-1509 alignright\" src=\"https:\/\/blogsaverroes.juntadeandalucia.es\/ceip-manuel-cano-damian\/files\/2022\/02\/PRACTICUM.jpg\" alt=\"\" width=\"332\" height=\"263\"><\/p>\n<p><strong><span style=\"font-size: 14pt;color: #000000\">Nuestro Centro, como todos los a\u00f1os, ha solicitado participar en la convocatoria de selecci\u00f3n de centros docentes no universitarios colaboradores en la realizaci\u00f3n de pr\u00e1cticas de alumnos\/as universitarios de magisterio durante el curso 2.021\/2.022.<\/span><\/strong><\/p>\n<p><strong><span style=\"font-size: 14pt;color: #000000\">Un numeroso grupo de maestros\/as se ha comprometido para colaborar y desarrollar el Plan de Pr\u00e1cticas de alumnado de Magisterio, contando con la conformidad del Consejo Escolar el pasado 28 de junio de 2.021. <\/span><\/strong><\/p>\n<p><strong><span style=\"font-size: 14pt;color: #000000\">El centro dar\u00e1 todas las facilidades posibles a los alumnos\/as en pr\u00e1cticas y se les facilitar\u00e1 toda la informaci\u00f3n y ayuda que sea necesaria.<\/span><\/strong><\/p>\n","protected":false},"excerpt":{"rendered":"<p>Nuestro Centro, como todos los a\u00f1os, ha solicitado participar en la convocatoria de selecci\u00f3n de centros docentes no universitarios colaboradores en la realizaci\u00f3n de pr\u00e1cticas de alumnos\/as universitarios de magisterio durante el curso 2.021\/2.022.&#46;&#46;&#46;<\/p>\n","protected":false},"author":14491,"featured_media":0,"parent":0,"menu_order":0,"comment_status":"closed","ping_status":"closed","template":"","meta":{"ngg_post_thumbnail":0,"footnotes":""},"aioseo_notices":[],"_links":{"self":[{"href":"https:\/\/blogsaverroes.juntadeandalucia.es\/ceip-manuel-cano-damian\/wp-json\/wp\/v2\/pages\/1447"}],"collection":[{"href":"https:\/\/blogsaverroes.juntadeandalucia.es\/ceip-manuel-cano-damian\/wp-json\/wp\/v2\/pages"}],"about":[{"href":"https:\/\/blogsaverroes.juntadeandalucia.es\/ceip-manuel-cano-damian\/wp-json\/wp\/v2\/types\/page"}],"author":[{"embeddable":true,"href":"https:\/\/blogsaverroes.juntadeandalucia.es\/ceip-manuel-cano-damian\/wp-json\/wp\/v2\/users\/14491"}],"replies":[{"embeddable":true,"href":"https:\/\/blogsaverroes.juntadeandalucia.es\/ceip-manuel-cano-damian\/wp-json\/wp\/v2\/comments?post=1447"}],"version-history":[{"count":4,"href":"https:\/\/blogsaverroes.juntadeandalucia.es\/ceip-manuel-cano-damian\/wp-json\/wp\/v2\/pages\/1447\/revisions"}],"predecessor-version":[{"id":1508,"href":"https:\/\/blogsaverroes.juntadeandalucia.es\/ceip-manuel-cano-damian\/wp-json\/wp\/v2\/pages\/1447\/revisions\/1508"}],"wp:attachment":[{"href":"https:\/\/blogsaverroes.juntadeandalucia.es\/ceip-manuel-cano-damian\/wp-json\/wp\/v2\/media?parent=1447"}],"curies":[{"name":"wp","href":"https:\/\/api.w.org\/{rel}","templated":true}]}}

PRÁCTICUM

<p><img loading="lazy" decoding="async" class="alignnone size-full wp-image-1507" src="https://blogsaverroes.juntadeandalucia.es/ceip-manuel-cano-damian/files/2022/02/PRACTICUM-1.jpg.png" alt="" width="370" height="55" srcset="https://blogsaverroes.juntadeandalucia.es/ceip-manuel-cano-damian/files/2022/02/PRACTICUM-1.jpg.png 370w, https://blogsaverroes.juntadeandalucia.es/ceip-manuel-cano-damian/files/2022/02/PRACTICUM-1.jpg-300x45.png 300w" sizes="(max-width: 370px) 100vw, 370px" /><img loading="lazy" decoding="async" class="alignnone wp-image-1509 alignright" src="https://blogsaverroes.juntadeandalucia.es/ceip-manuel-cano-damian/files/2022/02/PRACTICUM.jpg" alt="" width="332" height="263"></p>
<p><strong><span style="font-size: 14pt;color: #000000">Nuestro Centro, como todos los años, ha solicitado participar en la convocatoria de selección de centros docentes no universitarios colaboradores en la realización de prácticas de alumnos/as universitarios de magisterio durante el curso 2.021/2.022.</span></strong></p>
<p><strong><span style="font-size: 14pt;color: #000000">Un numeroso grupo de maestros/as se ha comprometido para colaborar y desarrollar el Plan de Prácticas de alumnado de Magisterio, contando con la conformidad del Consejo Escolar el pasado 28 de junio de 2.021. </span></strong></p>
<p><strong><span style="font-size: 14pt;color: #000000">El centro dará todas las facilidades posibles a los alumnos/as en prácticas y se les facilitará toda la información y ayuda que sea necesaria.</span></strong></p>

<p>Nuestro Centro, como todos los años, ha solicitado participar en la convocatoria de selección de centros docentes no universitarios colaboradores en la realización de prácticas de alumnos/as universitarios de magisterio durante el curso 2.021/2.022.&#46;&#46;&#46;</p>
