{"id":1015,"date":"2023-01-20T10:43:58","date_gmt":"2023-01-20T09:43:58","guid":{"rendered":"https:\/\/blogsaverroes.juntadeandalucia.es\/ceip-migueldecervantes\/?page_id=1015"},"modified":"2023-12-18T17:13:18","modified_gmt":"2023-12-18T16:13:18","slug":"dia-de-la-constitucion","status":"publish","type":"page","link":"https:\/\/blogsaverroes.juntadeandalucia.es\/ceip-migueldecervantes\/dia-de-la-constitucion\/","title":{"rendered":"D\u00eda de la Constituci\u00f3n y D\u00eda de la Discapaciad"},"content":{"rendered":"<p>El pasado martes 5 de diciembre se celebr\u00f3 el D\u00eda de la Constituci\u00f3n junto con el D\u00eda de la discapacidad, como un derecho de la misma.&nbsp; Para ello, tuvimos la visita de Ricardo, campe\u00f3n de Espa\u00f1a de Agility, que nos hizo una demostraci\u00f3n con su perrita India.&nbsp;&nbsp;<\/p>\n<p>Posteriormente hicimos un desayuno junto con los alumnos del aula especifica del IES Marismas, finalizando con la realizaci\u00f3n de patios inclusivos, donde particip\u00f3 todo el alumnado de primaria.<\/p>\n<p>Os dejamos un v\u00eddeo resumen de las actividades realizadas para celebrar tales efem\u00e9rides.<\/p>\n<div style=\"width: 848px;\" class=\"wp-video\"><!--[if lt IE 9]><script>document.createElement('video');<\/script><![endif]-->\n<video class=\"wp-video-shortcode\" id=\"video-1015-1\" width=\"848\" height=\"480\" preload=\"metadata\" controls=\"controls\"><source type=\"video\/mp4\" src=\"https:\/\/blogsaverroes.juntadeandalucia.es\/ceip-migueldecervantes\/files\/2023\/12\/VIDEO-2023-12-12-11-33-58.mp4?_=1\" \/><a href=\"https:\/\/blogsaverroes.juntadeandalucia.es\/ceip-migueldecervantes\/files\/2023\/12\/VIDEO-2023-12-12-11-33-58.mp4\">https:\/\/blogsaverroes.juntadeandalucia.es\/ceip-migueldecervantes\/files\/2023\/12\/VIDEO-2023-12-12-11-33-58.mp4<\/a><\/video><\/div>\n","protected":false},"excerpt":{"rendered":"<p>El pasado martes 5 de diciembre se celebr\u00f3 el D\u00eda de la Constituci\u00f3n junto con el D\u00eda de la discapacidad, como un derecho de la misma.&nbsp; Para ello, tuvimos la visita de Ricardo, campe\u00f3n&#46;&#46;&#46;<\/p>\n","protected":false},"author":9424,"featured_media":0,"parent":0,"menu_order":0,"comment_status":"closed","ping_status":"closed","template":"","meta":{"ngg_post_thumbnail":0,"footnotes":""},"aioseo_notices":[],"_links":{"self":[{"href":"https:\/\/blogsaverroes.juntadeandalucia.es\/ceip-migueldecervantes\/wp-json\/wp\/v2\/pages\/1015"}],"collection":[{"href":"https:\/\/blogsaverroes.juntadeandalucia.es\/ceip-migueldecervantes\/wp-json\/wp\/v2\/pages"}],"about":[{"href":"https:\/\/blogsaverroes.juntadeandalucia.es\/ceip-migueldecervantes\/wp-json\/wp\/v2\/types\/page"}],"author":[{"embeddable":true,"href":"https:\/\/blogsaverroes.juntadeandalucia.es\/ceip-migueldecervantes\/wp-json\/wp\/v2\/users\/9424"}],"replies":[{"embeddable":true,"href":"https:\/\/blogsaverroes.juntadeandalucia.es\/ceip-migueldecervantes\/wp-json\/wp\/v2\/comments?post=1015"}],"version-history":[{"count":4,"href":"https:\/\/blogsaverroes.juntadeandalucia.es\/ceip-migueldecervantes\/wp-json\/wp\/v2\/pages\/1015\/revisions"}],"predecessor-version":[{"id":1430,"href":"https:\/\/blogsaverroes.juntadeandalucia.es\/ceip-migueldecervantes\/wp-json\/wp\/v2\/pages\/1015\/revisions\/1430"}],"wp:attachment":[{"href":"https:\/\/blogsaverroes.juntadeandalucia.es\/ceip-migueldecervantes\/wp-json\/wp\/v2\/media?parent=1015"}],"curies":[{"name":"wp","href":"https:\/\/api.w.org\/{rel}","templated":true}]}}

Día de la Constitución y Día de la Discapaciad

<p>El pasado martes 5 de diciembre se celebró el Día de la Constitución junto con el Día de la discapacidad, como un derecho de la misma.&nbsp; Para ello, tuvimos la visita de Ricardo, campeón de España de Agility, que nos hizo una demostración con su perrita India.&nbsp;&nbsp;</p>
<p>Posteriormente hicimos un desayuno junto con los alumnos del aula especifica del IES Marismas, finalizando con la realización de patios inclusivos, donde participó todo el alumnado de primaria.</p>
<p>Os dejamos un vídeo resumen de las actividades realizadas para celebrar tales efemérides.</p>
<div style="width: 848px;" class="wp-video"><!--[if lt IE 9]><script>document.createElement('video');</script><![endif]-->
<video class="wp-video-shortcode" id="video-1015-1" width="848" height="480" preload="metadata" controls="controls"><source type="video/mp4" src="https://blogsaverroes.juntadeandalucia.es/ceip-migueldecervantes/files/2023/12/VIDEO-2023-12-12-11-33-58.mp4?_=1" /><a href="https://blogsaverroes.juntadeandalucia.es/ceip-migueldecervantes/files/2023/12/VIDEO-2023-12-12-11-33-58.mp4">https://blogsaverroes.juntadeandalucia.es/ceip-migueldecervantes/files/2023/12/VIDEO-2023-12-12-11-33-58.mp4</a></video></div>

<p>El pasado martes 5 de diciembre se celebró el Día de la Constitución junto con el Día de la discapacidad, como un derecho de la misma.&nbsp; Para ello, tuvimos la visita de Ricardo, campeón&#46;&#46;&#46;</p>
