{"id":1056,"date":"2023-01-20T13:08:56","date_gmt":"2023-01-20T12:08:56","guid":{"rendered":"https:\/\/blogsaverroes.juntadeandalucia.es\/ceip-migueldecervantes\/?page_id=1056"},"modified":"2025-09-12T10:23:34","modified_gmt":"2025-09-12T09:23:34","slug":"claustro","status":"publish","type":"page","link":"https:\/\/blogsaverroes.juntadeandalucia.es\/ceip-migueldecervantes\/claustro\/","title":{"rendered":"Claustro"},"content":{"rendered":"<p style=\"text-align: center\"><span style=\"color: #339966;font-size: 14pt\"><strong>EQUIPO DIRECTIVO<\/strong><\/span><\/p>\n<p style=\"text-align: center\">Cristina Caro Cano &#8211; Directora<\/p>\n<p style=\"text-align: center\">M\u00aa Carmen Guisado Lozano &#8211; Jefa de Estudios y tutora de 1\u00baA<\/p>\n<p style=\"text-align: center\">Elena Garc\u00eda Orta &#8211; Secretaria y tutora de 6\u00baB<\/p>\n<p>&nbsp;<\/p>\n<p style=\"text-align: center\"><span style=\"color: #339966\"><strong><span style=\"font-size: 14pt\">EDUCACI\u00d3N INFANTIL<\/span><\/strong><\/span><\/p>\n<p style=\"text-align: center\">Jennifer Barroso Carvajal &#8211; Infantil 3 a\u00f1os A<\/p>\n<p style=\"text-align: center\">Raquel Carvajal Romero &#8211; Infantil 3 a\u00f1os B<\/p>\n<p style=\"text-align: center\">Roc\u00edo Mu\u00f1oz Aguilar &#8211; Infantil 4 a\u00f1os A<\/p>\n<p style=\"text-align: center\">Concha Gonz\u00e1les Begines &#8211; Infantil 4 a\u00f1os B<\/p>\n<p style=\"text-align: center\">Isabel Borrallo Barrero &#8211; Infantil 5 a\u00f1os A<\/p>\n<p style=\"text-align: center\">Irene Ayala Fern\u00e1ndez &#8211; Infantil 5 a\u00f1os B<\/p>\n<p style=\"text-align: center\">M\u00aa Carmen Gal\u00e1n Gait\u00e1n &#8211; Infantil 5 a\u00f1os C<\/p>\n<p style=\"text-align: center\">Noelia Navarro Pajares &#8211; Apoyo Infantil<\/p>\n<p>&nbsp;<\/p>\n<p style=\"text-align: center\"><span style=\"font-size: 14pt;color: #339966\"><strong>EDUCACI\u00d3N PRIMARIA<\/strong><\/span><\/p>\n<p style=\"text-align: center\">M\u00aa Carmen Guisado Lozano &#8211; 1\u00baA<\/p>\n<p style=\"text-align: center\">M\u00aa Elo\u00edsa P\u00e1ez Ramos- 1\u00baB<\/p>\n<p style=\"text-align: center\">Antonio Jes\u00fas Ballesteros Bobillo &#8211; 2\u00baA<\/p>\n<p style=\"text-align: center\">Gloria Dom\u00ednguez Carvajal &#8211; 2\u00baB<\/p>\n<p style=\"text-align: center\">Alicia Lay Gayango &#8211; 3\u00baA<\/p>\n<p style=\"text-align: center\">Cristina Cabrera Benjumea &#8211; 3\u00baB y especialista de Ingl\u00e9s<\/p>\n<p style=\"text-align: center\">M\u00aa Luc\u00eda Hern\u00e1ndez Castillo &#8211; 3\u00baC y especialista de M\u00fasica<\/p>\n<p style=\"text-align: center\">Emma Ben\u00edtez Ferrera &#8211; 4\u00baA&nbsp;<\/p>\n<p style=\"text-align: center\">Isabel M\u00aa Gonz\u00e1lez Valle &#8211; 4\u00baB y Especialista de Ed. F\u00edsica<\/p>\n<p style=\"text-align: center\">M\u00aa Luisa Cruzado Maestre &#8211; 5\u00baA<\/p>\n<p style=\"text-align: center\">M\u00aa Dolores Moreno Soto &#8211; 5\u00baB y Especialista de Franc\u00e9s<\/p>\n<p style=\"text-align: center\">Elisabeth Dorado Garrido &#8211; 6\u00baA<\/p>\n<p style=\"text-align: center\">M\u00aa Elena Garc\u00eda Orta &#8211; 6\u00baB<\/p>\n<p style=\"text-align: center\">Juany Vera Campillos &#8211; 6\u00baC y especialista de Ingl\u00e9s<\/p>\n<p style=\"text-align: center\">&nbsp;<\/p>\n<p style=\"text-align: center\"><span style=\"font-size: 14pt;color: #008000\"><strong>ESPECIALISTAS<\/strong><\/span><\/p>\n<p style=\"text-align: center\">M\u00aa Carmen Bejines Curado &#8211; Especialista Ingl\u00e9s<\/p>\n<p style=\"text-align: center\">Isabel M\u00aa Amador Granados &#8211; Especialista Ed. F\u00edsica<\/p>\n<p style=\"text-align: center\">M\u00aa Jos\u00e9 Curado Fabi\u00e1n &#8211; Pedagog\u00eda Terape\u00fatica (PT)<\/p>\n<p style=\"text-align: center\">Cristina Hern\u00e1ndez Alc\u00f3n &#8211; Audici\u00f3n y Lenguaje (AL)<\/p>\n<p style=\"text-align: center\">Javier Salguero G\u00f3mez &#8211; Religi\u00f3n<\/p>\n<p style=\"text-align: center\">M\u00aa Jos\u00e9 Mart\u00edn Rinc\u00f3n &#8211; Religi\u00f3n<\/p>\n<p style=\"text-align: center\">M\u00aa \u00c1ngeles Rivero Romero &#8211; Maestra CAR<\/p>\n<p style=\"text-align: center\">&nbsp;<\/p>\n<p>&nbsp;<\/p>\n<p style=\"text-align: center\">&nbsp;<\/p>\n<p style=\"text-align: center\">&nbsp;<\/p>\n<p>&nbsp;<\/p>\n<p>&nbsp;<\/p>\n<p style=\"text-align: center\">&nbsp;<\/p>\n","protected":false},"excerpt":{"rendered":"<p>EQUIPO DIRECTIVO Cristina Caro Cano &#8211; Directora M\u00aa Carmen Guisado Lozano &#8211; Jefa de Estudios y tutora de 1\u00baA Elena Garc\u00eda Orta &#8211; Secretaria y tutora de 6\u00baB &nbsp; EDUCACI\u00d3N INFANTIL Jennifer Barroso Carvajal&#46;&#46;&#46;<\/p>\n","protected":false},"author":9424,"featured_media":0,"parent":0,"menu_order":0,"comment_status":"closed","ping_status":"closed","template":"","meta":{"ngg_post_thumbnail":0,"footnotes":""},"aioseo_notices":[],"_links":{"self":[{"href":"https:\/\/blogsaverroes.juntadeandalucia.es\/ceip-migueldecervantes\/wp-json\/wp\/v2\/pages\/1056"}],"collection":[{"href":"https:\/\/blogsaverroes.juntadeandalucia.es\/ceip-migueldecervantes\/wp-json\/wp\/v2\/pages"}],"about":[{"href":"https:\/\/blogsaverroes.juntadeandalucia.es\/ceip-migueldecervantes\/wp-json\/wp\/v2\/types\/page"}],"author":[{"embeddable":true,"href":"https:\/\/blogsaverroes.juntadeandalucia.es\/ceip-migueldecervantes\/wp-json\/wp\/v2\/users\/9424"}],"replies":[{"embeddable":true,"href":"https:\/\/blogsaverroes.juntadeandalucia.es\/ceip-migueldecervantes\/wp-json\/wp\/v2\/comments?post=1056"}],"version-history":[{"count":15,"href":"https:\/\/blogsaverroes.juntadeandalucia.es\/ceip-migueldecervantes\/wp-json\/wp\/v2\/pages\/1056\/revisions"}],"predecessor-version":[{"id":1579,"href":"https:\/\/blogsaverroes.juntadeandalucia.es\/ceip-migueldecervantes\/wp-json\/wp\/v2\/pages\/1056\/revisions\/1579"}],"wp:attachment":[{"href":"https:\/\/blogsaverroes.juntadeandalucia.es\/ceip-migueldecervantes\/wp-json\/wp\/v2\/media?parent=1056"}],"curies":[{"name":"wp","href":"https:\/\/api.w.org\/{rel}","templated":true}]}}