{"id":1316,"date":"2023-06-30T21:02:40","date_gmt":"2023-06-30T20:02:40","guid":{"rendered":"https:\/\/blogsaverroes.juntadeandalucia.es\/ceip-migueldecervantes\/?page_id=1316"},"modified":"2023-06-30T21:15:57","modified_gmt":"2023-06-30T20:15:57","slug":"plan-de-igualdad","status":"publish","type":"page","link":"https:\/\/blogsaverroes.juntadeandalucia.es\/ceip-migueldecervantes\/plan-de-igualdad\/","title":{"rendered":"PLAN DE IGUALDAD"},"content":{"rendered":"<p style=\"text-align: center\"><span style=\"font-size: 18pt\"><strong><span style=\"color: #008000\"><img loading=\"lazy\" decoding=\"async\" class=\"alignnone  wp-image-1320\" src=\"https:\/\/blogsaverroes.juntadeandalucia.es\/ceip-migueldecervantes\/files\/2023\/06\/9a414a8a-f74a-49dd-aef1-212eb4374d9a-300x66.jpeg\" alt=\"\" width=\"672\" height=\"148\" srcset=\"https:\/\/blogsaverroes.juntadeandalucia.es\/ceip-migueldecervantes\/files\/2023\/06\/9a414a8a-f74a-49dd-aef1-212eb4374d9a-300x66.jpeg 300w, https:\/\/blogsaverroes.juntadeandalucia.es\/ceip-migueldecervantes\/files\/2023\/06\/9a414a8a-f74a-49dd-aef1-212eb4374d9a.jpeg 627w\" sizes=\"(max-width: 672px) 100vw, 672px\" \/><\/span><\/strong><\/span><\/p>\n<p>&nbsp;<\/p>\n<p style=\"text-align: center\"><span style=\"color: #008000\"><strong><span style=\"font-size: 18pt\"><span style=\"font-size: 24pt;font-family: 'comic sans ms', sans-serif\">CERVANTES POR LA IGUALDAD<\/span><\/span><\/strong><\/span><\/p>\n<p>&nbsp;<\/p>\n<p style=\"text-align: center\"><strong><span style=\"font-family: 'comic sans ms', sans-serif;font-size: 18pt\">Pacto de Estado (Prevenci\u00f3n de la Violencia de G\u00e9nero)<\/span><\/strong><\/p>\n<p>&nbsp;<\/p>\n<p style=\"text-align: left\"><span style=\"font-family: 'comic sans ms', sans-serif;font-size: 18pt\">Durante el primer trimestre, en nuestro colegio se elabor\u00f3 un Proyecto Coeducativo para participar en la convocatoria que la Junta de Andaluc\u00eda ofertaba para el desarrollo de medidas y actuaciones destinadas a la prevenci\u00f3n de la violencia de g\u00e9nero en los centros docentes p\u00fablicos.&nbsp; La convocatoria estaba subvencionada con los fondos p\u00fablicos del Pacto de Estado contra la Violencia de G\u00e9nero.&nbsp;<\/span><\/p>\n<p><span style=\"font-family: 'comic sans ms', sans-serif;font-size: 18pt\">Dicho proyecto result\u00f3 aprobado en la Resoluci\u00f3n Definitiva de 23 de diciembre de 2022 de la Direcci\u00f3n General de Ordenaci\u00f3n, Inclusi\u00f3n, Participaci\u00f3n y Evaluaci\u00f3n Educativa.<\/span><\/p>\n<p><span style=\"font-family: 'comic sans ms', sans-serif;font-size: 18pt\">Algunas de las actuaciones son:<\/span><\/p>\n<p><span style=\"font-family: 'comic sans ms', sans-serif;font-size: 18pt\">-Frases en las escaleras principales del centro, ba\u00f1os y pasillos con mensajes alusivos a la paz, la igualdad y el respeto.<\/span><\/p>\n<p><span style=\"font-family: 'comic sans ms', sans-serif;font-size: 18pt\">-Libros coeducativos para el Rinc\u00f3n Violeta de la biblioteca.<\/span><\/p>\n<p><img loading=\"lazy\" decoding=\"async\" class=\"alignnone size-medium wp-image-1321\" src=\"https:\/\/blogsaverroes.juntadeandalucia.es\/ceip-migueldecervantes\/files\/2023\/06\/79a2a6de-ee7e-4ef3-829e-f54219953691-300x200.jpeg\" alt=\"\" width=\"300\" height=\"200\" srcset=\"https:\/\/blogsaverroes.juntadeandalucia.es\/ceip-migueldecervantes\/files\/2023\/06\/79a2a6de-ee7e-4ef3-829e-f54219953691-300x200.jpeg 300w, https:\/\/blogsaverroes.juntadeandalucia.es\/ceip-migueldecervantes\/files\/2023\/06\/79a2a6de-ee7e-4ef3-829e-f54219953691-768x512.jpeg 768w, https:\/\/blogsaverroes.juntadeandalucia.es\/ceip-migueldecervantes\/files\/2023\/06\/79a2a6de-ee7e-4ef3-829e-f54219953691.jpeg 1024w\" sizes=\"(max-width: 300px) 100vw, 300px\" \/> <img loading=\"lazy\" decoding=\"async\" class=\"alignnone size-medium wp-image-1322\" src=\"https:\/\/blogsaverroes.juntadeandalucia.es\/ceip-migueldecervantes\/files\/2023\/06\/13dfaf8f-774b-4d49-9f59-c1bc2f9052e5-300x200.jpeg\" alt=\"\" width=\"300\" height=\"200\" srcset=\"https:\/\/blogsaverroes.juntadeandalucia.es\/ceip-migueldecervantes\/files\/2023\/06\/13dfaf8f-774b-4d49-9f59-c1bc2f9052e5-300x200.jpeg 300w, https:\/\/blogsaverroes.juntadeandalucia.es\/ceip-migueldecervantes\/files\/2023\/06\/13dfaf8f-774b-4d49-9f59-c1bc2f9052e5-768x512.jpeg 768w, https:\/\/blogsaverroes.juntadeandalucia.es\/ceip-migueldecervantes\/files\/2023\/06\/13dfaf8f-774b-4d49-9f59-c1bc2f9052e5.jpeg 1024w\" sizes=\"(max-width: 300px) 100vw, 300px\" \/><img loading=\"lazy\" decoding=\"async\" class=\"alignnone size-medium wp-image-1325\" src=\"https:\/\/blogsaverroes.juntadeandalucia.es\/ceip-migueldecervantes\/files\/2023\/06\/91c8ed6e-5adf-4d76-8f30-1e99bbdd1b93-300x217.jpeg\" alt=\"\" width=\"300\" height=\"217\" srcset=\"https:\/\/blogsaverroes.juntadeandalucia.es\/ceip-migueldecervantes\/files\/2023\/06\/91c8ed6e-5adf-4d76-8f30-1e99bbdd1b93-300x217.jpeg 300w, https:\/\/blogsaverroes.juntadeandalucia.es\/ceip-migueldecervantes\/files\/2023\/06\/91c8ed6e-5adf-4d76-8f30-1e99bbdd1b93-768x554.jpeg 768w, https:\/\/blogsaverroes.juntadeandalucia.es\/ceip-migueldecervantes\/files\/2023\/06\/91c8ed6e-5adf-4d76-8f30-1e99bbdd1b93.jpeg 1024w\" sizes=\"(max-width: 300px) 100vw, 300px\" \/><img loading=\"lazy\" decoding=\"async\" class=\"alignnone size-medium wp-image-1323\" src=\"https:\/\/blogsaverroes.juntadeandalucia.es\/ceip-migueldecervantes\/files\/2023\/06\/2b3b9390-6602-407d-9817-55644fb68023-300x200.jpeg\" alt=\"\" width=\"300\" height=\"200\" srcset=\"https:\/\/blogsaverroes.juntadeandalucia.es\/ceip-migueldecervantes\/files\/2023\/06\/2b3b9390-6602-407d-9817-55644fb68023-300x200.jpeg 300w, https:\/\/blogsaverroes.juntadeandalucia.es\/ceip-migueldecervantes\/files\/2023\/06\/2b3b9390-6602-407d-9817-55644fb68023-768x513.jpeg 768w, https:\/\/blogsaverroes.juntadeandalucia.es\/ceip-migueldecervantes\/files\/2023\/06\/2b3b9390-6602-407d-9817-55644fb68023.jpeg 1024w\" sizes=\"(max-width: 300px) 100vw, 300px\" \/> <img loading=\"lazy\" decoding=\"async\" class=\"alignnone size-medium wp-image-1324\" src=\"https:\/\/blogsaverroes.juntadeandalucia.es\/ceip-migueldecervantes\/files\/2023\/06\/14767579-99e9-41a1-9096-cbde9b65f4f2-300x200.jpeg\" alt=\"\" width=\"300\" height=\"200\" srcset=\"https:\/\/blogsaverroes.juntadeandalucia.es\/ceip-migueldecervantes\/files\/2023\/06\/14767579-99e9-41a1-9096-cbde9b65f4f2-300x200.jpeg 300w, https:\/\/blogsaverroes.juntadeandalucia.es\/ceip-migueldecervantes\/files\/2023\/06\/14767579-99e9-41a1-9096-cbde9b65f4f2-768x512.jpeg 768w, https:\/\/blogsaverroes.juntadeandalucia.es\/ceip-migueldecervantes\/files\/2023\/06\/14767579-99e9-41a1-9096-cbde9b65f4f2.jpeg 1024w\" sizes=\"(max-width: 300px) 100vw, 300px\" \/><img loading=\"lazy\" decoding=\"async\" class=\"alignnone size-medium wp-image-1326\" src=\"https:\/\/blogsaverroes.juntadeandalucia.es\/ceip-migueldecervantes\/files\/2023\/06\/8456c13f-77b5-418e-8a10-5bcc0c956a1a-300x219.jpeg\" alt=\"\" width=\"300\" height=\"219\" srcset=\"https:\/\/blogsaverroes.juntadeandalucia.es\/ceip-migueldecervantes\/files\/2023\/06\/8456c13f-77b5-418e-8a10-5bcc0c956a1a-300x219.jpeg 300w, https:\/\/blogsaverroes.juntadeandalucia.es\/ceip-migueldecervantes\/files\/2023\/06\/8456c13f-77b5-418e-8a10-5bcc0c956a1a-768x560.jpeg 768w, https:\/\/blogsaverroes.juntadeandalucia.es\/ceip-migueldecervantes\/files\/2023\/06\/8456c13f-77b5-418e-8a10-5bcc0c956a1a.jpeg 1024w\" sizes=\"(max-width: 300px) 100vw, 300px\" \/><img loading=\"lazy\" decoding=\"async\" class=\"alignnone size-medium wp-image-1328\" src=\"https:\/\/blogsaverroes.juntadeandalucia.es\/ceip-migueldecervantes\/files\/2023\/06\/bf07188e-ae30-4873-bb07-32da5792ef20-300x200.jpeg\" alt=\"\" width=\"300\" height=\"200\" srcset=\"https:\/\/blogsaverroes.juntadeandalucia.es\/ceip-migueldecervantes\/files\/2023\/06\/bf07188e-ae30-4873-bb07-32da5792ef20-300x200.jpeg 300w, https:\/\/blogsaverroes.juntadeandalucia.es\/ceip-migueldecervantes\/files\/2023\/06\/bf07188e-ae30-4873-bb07-32da5792ef20-768x512.jpeg 768w, https:\/\/blogsaverroes.juntadeandalucia.es\/ceip-migueldecervantes\/files\/2023\/06\/bf07188e-ae30-4873-bb07-32da5792ef20.jpeg 1024w\" sizes=\"(max-width: 300px) 100vw, 300px\" \/> <img loading=\"lazy\" decoding=\"async\" class=\"alignnone size-medium wp-image-1329\" src=\"https:\/\/blogsaverroes.juntadeandalucia.es\/ceip-migueldecervantes\/files\/2023\/06\/546ecf9b-33be-49df-82fc-fb9b44060623-300x200.jpeg\" alt=\"\" width=\"300\" height=\"200\" srcset=\"https:\/\/blogsaverroes.juntadeandalucia.es\/ceip-migueldecervantes\/files\/2023\/06\/546ecf9b-33be-49df-82fc-fb9b44060623-300x200.jpeg 300w, https:\/\/blogsaverroes.juntadeandalucia.es\/ceip-migueldecervantes\/files\/2023\/06\/546ecf9b-33be-49df-82fc-fb9b44060623-768x512.jpeg 768w, https:\/\/blogsaverroes.juntadeandalucia.es\/ceip-migueldecervantes\/files\/2023\/06\/546ecf9b-33be-49df-82fc-fb9b44060623.jpeg 1024w\" sizes=\"(max-width: 300px) 100vw, 300px\" \/> <img loading=\"lazy\" decoding=\"async\" class=\"alignnone size-medium wp-image-1330\" src=\"https:\/\/blogsaverroes.juntadeandalucia.es\/ceip-migueldecervantes\/files\/2023\/06\/0ad4c207-c064-4b1d-a4e8-161908a0c9a2-300x200.jpeg\" alt=\"\" width=\"300\" height=\"200\" srcset=\"https:\/\/blogsaverroes.juntadeandalucia.es\/ceip-migueldecervantes\/files\/2023\/06\/0ad4c207-c064-4b1d-a4e8-161908a0c9a2-300x200.jpeg 300w, https:\/\/blogsaverroes.juntadeandalucia.es\/ceip-migueldecervantes\/files\/2023\/06\/0ad4c207-c064-4b1d-a4e8-161908a0c9a2-768x512.jpeg 768w, https:\/\/blogsaverroes.juntadeandalucia.es\/ceip-migueldecervantes\/files\/2023\/06\/0ad4c207-c064-4b1d-a4e8-161908a0c9a2.jpeg 1024w\" sizes=\"(max-width: 300px) 100vw, 300px\" \/><\/p>\n<p>&nbsp;<\/p>\n","protected":false},"excerpt":{"rendered":"<p>&nbsp; CERVANTES POR LA IGUALDAD &nbsp; Pacto de Estado (Prevenci\u00f3n de la Violencia de G\u00e9nero) &nbsp; Durante el primer trimestre, en nuestro colegio se elabor\u00f3 un Proyecto Coeducativo para participar en la convocatoria que&#46;&#46;&#46;<\/p>\n","protected":false},"author":9424,"featured_media":0,"parent":0,"menu_order":0,"comment_status":"closed","ping_status":"closed","template":"","meta":{"ngg_post_thumbnail":0,"footnotes":""},"aioseo_notices":[],"_links":{"self":[{"href":"https:\/\/blogsaverroes.juntadeandalucia.es\/ceip-migueldecervantes\/wp-json\/wp\/v2\/pages\/1316"}],"collection":[{"href":"https:\/\/blogsaverroes.juntadeandalucia.es\/ceip-migueldecervantes\/wp-json\/wp\/v2\/pages"}],"about":[{"href":"https:\/\/blogsaverroes.juntadeandalucia.es\/ceip-migueldecervantes\/wp-json\/wp\/v2\/types\/page"}],"author":[{"embeddable":true,"href":"https:\/\/blogsaverroes.juntadeandalucia.es\/ceip-migueldecervantes\/wp-json\/wp\/v2\/users\/9424"}],"replies":[{"embeddable":true,"href":"https:\/\/blogsaverroes.juntadeandalucia.es\/ceip-migueldecervantes\/wp-json\/wp\/v2\/comments?post=1316"}],"version-history":[{"count":3,"href":"https:\/\/blogsaverroes.juntadeandalucia.es\/ceip-migueldecervantes\/wp-json\/wp\/v2\/pages\/1316\/revisions"}],"predecessor-version":[{"id":1331,"href":"https:\/\/blogsaverroes.juntadeandalucia.es\/ceip-migueldecervantes\/wp-json\/wp\/v2\/pages\/1316\/revisions\/1331"}],"wp:attachment":[{"href":"https:\/\/blogsaverroes.juntadeandalucia.es\/ceip-migueldecervantes\/wp-json\/wp\/v2\/media?parent=1316"}],"curies":[{"name":"wp","href":"https:\/\/api.w.org\/{rel}","templated":true}]}}

<p style="text-align: center"><span style="font-size: 18pt"><strong><span style="color: #008000"><img loading="lazy" decoding="async" class="alignnone  wp-image-1320" src="https://blogsaverroes.juntadeandalucia.es/ceip-migueldecervantes/files/2023/06/9a414a8a-f74a-49dd-aef1-212eb4374d9a-300x66.jpeg" alt="" width="672" height="148" srcset="https://blogsaverroes.juntadeandalucia.es/ceip-migueldecervantes/files/2023/06/9a414a8a-f74a-49dd-aef1-212eb4374d9a-300x66.jpeg 300w, https://blogsaverroes.juntadeandalucia.es/ceip-migueldecervantes/files/2023/06/9a414a8a-f74a-49dd-aef1-212eb4374d9a.jpeg 627w" sizes="(max-width: 672px) 100vw, 672px" /></span></strong></span></p>
<p>&nbsp;</p>
<p style="text-align: center"><span style="color: #008000"><strong><span style="font-size: 18pt"><span style="font-size: 24pt;font-family: 'comic sans ms', sans-serif">CERVANTES POR LA IGUALDAD</span></span></strong></span></p>
<p>&nbsp;</p>
<p style="text-align: center"><strong><span style="font-family: 'comic sans ms', sans-serif;font-size: 18pt">Pacto de Estado (Prevención de la Violencia de Género)</span></strong></p>
<p>&nbsp;</p>
<p style="text-align: left"><span style="font-family: 'comic sans ms', sans-serif;font-size: 18pt">Durante el primer trimestre, en nuestro colegio se elaboró un Proyecto Coeducativo para participar en la convocatoria que la Junta de Andalucía ofertaba para el desarrollo de medidas y actuaciones destinadas a la prevención de la violencia de género en los centros docentes públicos.&nbsp; La convocatoria estaba subvencionada con los fondos públicos del Pacto de Estado contra la Violencia de Género.&nbsp;</span></p>
<p><span style="font-family: 'comic sans ms', sans-serif;font-size: 18pt">Dicho proyecto resultó aprobado en la Resolución Definitiva de 23 de diciembre de 2022 de la Dirección General de Ordenación, Inclusión, Participación y Evaluación Educativa.</span></p>
<p><span style="font-family: 'comic sans ms', sans-serif;font-size: 18pt">Algunas de las actuaciones son:</span></p>
<p><span style="font-family: 'comic sans ms', sans-serif;font-size: 18pt">-Frases en las escaleras principales del centro, baños y pasillos con mensajes alusivos a la paz, la igualdad y el respeto.</span></p>
<p><span style="font-family: 'comic sans ms', sans-serif;font-size: 18pt">-Libros coeducativos para el Rincón Violeta de la biblioteca.</span></p>
<p><img loading="lazy" decoding="async" class="alignnone size-medium wp-image-1321" src="https://blogsaverroes.juntadeandalucia.es/ceip-migueldecervantes/files/2023/06/79a2a6de-ee7e-4ef3-829e-f54219953691-300x200.jpeg" alt="" width="300" height="200" srcset="https://blogsaverroes.juntadeandalucia.es/ceip-migueldecervantes/files/2023/06/79a2a6de-ee7e-4ef3-829e-f54219953691-300x200.jpeg 300w, https://blogsaverroes.juntadeandalucia.es/ceip-migueldecervantes/files/2023/06/79a2a6de-ee7e-4ef3-829e-f54219953691-768x512.jpeg 768w, https://blogsaverroes.juntadeandalucia.es/ceip-migueldecervantes/files/2023/06/79a2a6de-ee7e-4ef3-829e-f54219953691.jpeg 1024w" sizes="(max-width: 300px) 100vw, 300px" /> <img loading="lazy" decoding="async" class="alignnone size-medium wp-image-1322" src="https://blogsaverroes.juntadeandalucia.es/ceip-migueldecervantes/files/2023/06/13dfaf8f-774b-4d49-9f59-c1bc2f9052e5-300x200.jpeg" alt="" width="300" height="200" srcset="https://blogsaverroes.juntadeandalucia.es/ceip-migueldecervantes/files/2023/06/13dfaf8f-774b-4d49-9f59-c1bc2f9052e5-300x200.jpeg 300w, https://blogsaverroes.juntadeandalucia.es/ceip-migueldecervantes/files/2023/06/13dfaf8f-774b-4d49-9f59-c1bc2f9052e5-768x512.jpeg 768w, https://blogsaverroes.juntadeandalucia.es/ceip-migueldecervantes/files/2023/06/13dfaf8f-774b-4d49-9f59-c1bc2f9052e5.jpeg 1024w" sizes="(max-width: 300px) 100vw, 300px" /><img loading="lazy" decoding="async" class="alignnone size-medium wp-image-1325" src="https://blogsaverroes.juntadeandalucia.es/ceip-migueldecervantes/files/2023/06/91c8ed6e-5adf-4d76-8f30-1e99bbdd1b93-300x217.jpeg" alt="" width="300" height="217" srcset="https://blogsaverroes.juntadeandalucia.es/ceip-migueldecervantes/files/2023/06/91c8ed6e-5adf-4d76-8f30-1e99bbdd1b93-300x217.jpeg 300w, https://blogsaverroes.juntadeandalucia.es/ceip-migueldecervantes/files/2023/06/91c8ed6e-5adf-4d76-8f30-1e99bbdd1b93-768x554.jpeg 768w, https://blogsaverroes.juntadeandalucia.es/ceip-migueldecervantes/files/2023/06/91c8ed6e-5adf-4d76-8f30-1e99bbdd1b93.jpeg 1024w" sizes="(max-width: 300px) 100vw, 300px" /><img loading="lazy" decoding="async" class="alignnone size-medium wp-image-1323" src="https://blogsaverroes.juntadeandalucia.es/ceip-migueldecervantes/files/2023/06/2b3b9390-6602-407d-9817-55644fb68023-300x200.jpeg" alt="" width="300" height="200" srcset="https://blogsaverroes.juntadeandalucia.es/ceip-migueldecervantes/files/2023/06/2b3b9390-6602-407d-9817-55644fb68023-300x200.jpeg 300w, https://blogsaverroes.juntadeandalucia.es/ceip-migueldecervantes/files/2023/06/2b3b9390-6602-407d-9817-55644fb68023-768x513.jpeg 768w, https://blogsaverroes.juntadeandalucia.es/ceip-migueldecervantes/files/2023/06/2b3b9390-6602-407d-9817-55644fb68023.jpeg 1024w" sizes="(max-width: 300px) 100vw, 300px" /> <img loading="lazy" decoding="async" class="alignnone size-medium wp-image-1324" src="https://blogsaverroes.juntadeandalucia.es/ceip-migueldecervantes/files/2023/06/14767579-99e9-41a1-9096-cbde9b65f4f2-300x200.jpeg" alt="" width="300" height="200" srcset="https://blogsaverroes.juntadeandalucia.es/ceip-migueldecervantes/files/2023/06/14767579-99e9-41a1-9096-cbde9b65f4f2-300x200.jpeg 300w, https://blogsaverroes.juntadeandalucia.es/ceip-migueldecervantes/files/2023/06/14767579-99e9-41a1-9096-cbde9b65f4f2-768x512.jpeg 768w, https://blogsaverroes.juntadeandalucia.es/ceip-migueldecervantes/files/2023/06/14767579-99e9-41a1-9096-cbde9b65f4f2.jpeg 1024w" sizes="(max-width: 300px) 100vw, 300px" /><img loading="lazy" decoding="async" class="alignnone size-medium wp-image-1326" src="https://blogsaverroes.juntadeandalucia.es/ceip-migueldecervantes/files/2023/06/8456c13f-77b5-418e-8a10-5bcc0c956a1a-300x219.jpeg" alt="" width="300" height="219" srcset="https://blogsaverroes.juntadeandalucia.es/ceip-migueldecervantes/files/2023/06/8456c13f-77b5-418e-8a10-5bcc0c956a1a-300x219.jpeg 300w, https://blogsaverroes.juntadeandalucia.es/ceip-migueldecervantes/files/2023/06/8456c13f-77b5-418e-8a10-5bcc0c956a1a-768x560.jpeg 768w, https://blogsaverroes.juntadeandalucia.es/ceip-migueldecervantes/files/2023/06/8456c13f-77b5-418e-8a10-5bcc0c956a1a.jpeg 1024w" sizes="(max-width: 300px) 100vw, 300px" /><img loading="lazy" decoding="async" class="alignnone size-medium wp-image-1328" src="https://blogsaverroes.juntadeandalucia.es/ceip-migueldecervantes/files/2023/06/bf07188e-ae30-4873-bb07-32da5792ef20-300x200.jpeg" alt="" width="300" height="200" srcset="https://blogsaverroes.juntadeandalucia.es/ceip-migueldecervantes/files/2023/06/bf07188e-ae30-4873-bb07-32da5792ef20-300x200.jpeg 300w, https://blogsaverroes.juntadeandalucia.es/ceip-migueldecervantes/files/2023/06/bf07188e-ae30-4873-bb07-32da5792ef20-768x512.jpeg 768w, https://blogsaverroes.juntadeandalucia.es/ceip-migueldecervantes/files/2023/06/bf07188e-ae30-4873-bb07-32da5792ef20.jpeg 1024w" sizes="(max-width: 300px) 100vw, 300px" /> <img loading="lazy" decoding="async" class="alignnone size-medium wp-image-1329" src="https://blogsaverroes.juntadeandalucia.es/ceip-migueldecervantes/files/2023/06/546ecf9b-33be-49df-82fc-fb9b44060623-300x200.jpeg" alt="" width="300" height="200" srcset="https://blogsaverroes.juntadeandalucia.es/ceip-migueldecervantes/files/2023/06/546ecf9b-33be-49df-82fc-fb9b44060623-300x200.jpeg 300w, https://blogsaverroes.juntadeandalucia.es/ceip-migueldecervantes/files/2023/06/546ecf9b-33be-49df-82fc-fb9b44060623-768x512.jpeg 768w, https://blogsaverroes.juntadeandalucia.es/ceip-migueldecervantes/files/2023/06/546ecf9b-33be-49df-82fc-fb9b44060623.jpeg 1024w" sizes="(max-width: 300px) 100vw, 300px" /> <img loading="lazy" decoding="async" class="alignnone size-medium wp-image-1330" src="https://blogsaverroes.juntadeandalucia.es/ceip-migueldecervantes/files/2023/06/0ad4c207-c064-4b1d-a4e8-161908a0c9a2-300x200.jpeg" alt="" width="300" height="200" srcset="https://blogsaverroes.juntadeandalucia.es/ceip-migueldecervantes/files/2023/06/0ad4c207-c064-4b1d-a4e8-161908a0c9a2-300x200.jpeg 300w, https://blogsaverroes.juntadeandalucia.es/ceip-migueldecervantes/files/2023/06/0ad4c207-c064-4b1d-a4e8-161908a0c9a2-768x512.jpeg 768w, https://blogsaverroes.juntadeandalucia.es/ceip-migueldecervantes/files/2023/06/0ad4c207-c064-4b1d-a4e8-161908a0c9a2.jpeg 1024w" sizes="(max-width: 300px) 100vw, 300px" /></p>
<p>&nbsp;</p>

<p>&nbsp; CERVANTES POR LA IGUALDAD &nbsp; Pacto de Estado (Prevención de la Violencia de Género) &nbsp; Durante el primer trimestre, en nuestro colegio se elaboró un Proyecto Coeducativo para participar en la convocatoria que&#46;&#46;&#46;</p>
