{"id":850,"date":"2020-12-18T08:41:27","date_gmt":"2020-12-18T07:41:27","guid":{"rendered":"https:\/\/blogsaverroes.juntadeandalucia.es\/pre\/plantilla-pencil\/?page_id=850"},"modified":"2023-11-06T16:38:42","modified_gmt":"2023-11-06T15:38:42","slug":"planes-y-proyectos","status":"publish","type":"page","link":"https:\/\/blogsaverroes.juntadeandalucia.es\/ceip-migueldecervantes\/planes-y-proyectos\/","title":{"rendered":"Planes y Proyectos"},"content":{"rendered":"<p><span style=\"color: #339966\"><strong><span style=\"font-size: 14pt\">PROYECTO EDUCATIVO DE CENTRO<\/span><\/strong><\/span><\/p>\n<p>Actualmente, el Proyecto Educativo de centro se encuentra en revisi\u00f3n y modificaci\u00f3n para adaptarlo a la nueva Ley de Educaci\u00f3n, LOMLOE.&nbsp;&nbsp;<\/p>\n<p>Cuando la revisi\u00f3n y modificaci\u00f3n haya concluido volveremos a subirlo para vuestro conocimiento.&nbsp;<\/p>\n<p>Pincha en el siguiente enlace para poder acceder al PROYECTO EDUCATIVO:&nbsp; <a href=\"https:\/\/drive.google.com\/file\/d\/1CUZP3_lbG2rIlPHVddWkYBxgpVQKDQFD\/view?usp=sharing\">https:\/\/drive.google.com\/file\/d\/1CUZP3_lbG2rIlPHVddWkYBxgpVQKDQFD\/view?usp=sharing<\/a><\/p>\n<p>&nbsp;<\/p>\n<p>&nbsp;<\/p>\n","protected":false},"excerpt":{"rendered":"<p>PROYECTO EDUCATIVO DE CENTRO Actualmente, el Proyecto Educativo de centro se encuentra en revisi\u00f3n y modificaci\u00f3n para adaptarlo a la nueva Ley de Educaci\u00f3n, LOMLOE.&nbsp;&nbsp; Cuando la revisi\u00f3n y modificaci\u00f3n haya concluido volveremos a&#46;&#46;&#46;<\/p>\n","protected":false},"author":7051,"featured_media":0,"parent":0,"menu_order":0,"comment_status":"closed","ping_status":"closed","template":"","meta":{"ngg_post_thumbnail":0,"footnotes":""},"aioseo_notices":[],"_links":{"self":[{"href":"https:\/\/blogsaverroes.juntadeandalucia.es\/ceip-migueldecervantes\/wp-json\/wp\/v2\/pages\/850"}],"collection":[{"href":"https:\/\/blogsaverroes.juntadeandalucia.es\/ceip-migueldecervantes\/wp-json\/wp\/v2\/pages"}],"about":[{"href":"https:\/\/blogsaverroes.juntadeandalucia.es\/ceip-migueldecervantes\/wp-json\/wp\/v2\/types\/page"}],"author":[{"embeddable":true,"href":"https:\/\/blogsaverroes.juntadeandalucia.es\/ceip-migueldecervantes\/wp-json\/wp\/v2\/users\/7051"}],"replies":[{"embeddable":true,"href":"https:\/\/blogsaverroes.juntadeandalucia.es\/ceip-migueldecervantes\/wp-json\/wp\/v2\/comments?post=850"}],"version-history":[{"count":5,"href":"https:\/\/blogsaverroes.juntadeandalucia.es\/ceip-migueldecervantes\/wp-json\/wp\/v2\/pages\/850\/revisions"}],"predecessor-version":[{"id":1358,"href":"https:\/\/blogsaverroes.juntadeandalucia.es\/ceip-migueldecervantes\/wp-json\/wp\/v2\/pages\/850\/revisions\/1358"}],"wp:attachment":[{"href":"https:\/\/blogsaverroes.juntadeandalucia.es\/ceip-migueldecervantes\/wp-json\/wp\/v2\/media?parent=850"}],"curies":[{"name":"wp","href":"https:\/\/api.w.org\/{rel}","templated":true}]}}